{"id":765471,"date":"2025-08-28T11:44:13","date_gmt":"2025-08-28T08:44:13","guid":{"rendered":"https:\/\/roveyayinevi.com.tr\/index.php\/urun\/covid-19dan-on-dokuz-mesaj-var\/"},"modified":"2026-04-15T03:31:27","modified_gmt":"2026-04-15T00:31:27","slug":"covid-19dan-on-dokuz-mesaj-var","status":"publish","type":"product","link":"https:\/\/roveyayinevi.com.tr\/index.php\/urun\/covid-19dan-on-dokuz-mesaj-var\/","title":{"rendered":"Covid-19&#8217;dan on dokuz mesaj var"},"content":{"rendered":"<p>Korona vir\u00fcs; Adriyatik&#8217;ten \u00c7in Seddi&#8217;ne, s\u00f6m\u00fcrgecili\u011fin yay\u0131ld\u0131\u011f\u0131 Avrupa&#8217;dan Amerika&#8217;ya kadar, herkesle ve t\u00fcm insanl\u0131kla laf\u0131 e\u011fip b\u00fckmeden dobra dobra konu\u015farak, yanl\u0131\u015flar\u0131n\u0131 ve hatalar\u0131n\u0131 y\u00fczlerine s\u00f6yleyip d\u00fczeltmelerini istiyor.Korona vir\u00fcs diyor ki:- Ey Amerika! Ben de senden \u00f6\u011frendim; iyi gibi g\u00f6r\u00fcn\u00fcp, iyi dileklerle gelip nefes kesmeyi. \u00d6nce insan v\u00fccuduna nefes gibi, ona oksijen gibi, temiz hava gibi giriyorum. \u00d6yle ki beni temiz hava san\u0131p, taa ci\u011ferlerine kadar \u00e7ekiyorlar. Kimisi de geliyor, kendi eliyle \u00e7a\u011f\u0131r\u0131yor, eliyle a\u011fz\u0131ndan burnundan kendi yerle\u015ftiriyor beni..Getirdi\u011fim sa\u011fl\u0131k problemleri, ekonomik, i\u015fsizlik vb. sebeplerle i\u00e7inizdeki \u0131rk\u00e7\u0131l\u0131k duygusunu hortlat\u0131r\u0131m. Senin takti\u011fin gibi sizi birbirinize k\u0131rd\u0131r\u0131r sokak olaylar\u0131 \u00e7\u0131kart\u0131r\u0131m. \u00d6nce s\u00f6m\u00fcrgeci dedelerinizin heykellerini y\u0131kar\u0131m sonra s\u00f6m\u00fcrgeci, emperyalist sisteminizi y\u0131kar\u0131m. Siz mazlumlar\u0131n nefesini keserseniz ben de sizin nefesinizi keserim.<\/p>\n","protected":false},"excerpt":{"rendered":"<p>Korona vir\u00fcs; Adriyatik&#8217;ten \u00c7in Seddi&#8217;ne, s\u00f6m\u00fcrgecili\u011fin yay\u0131ld\u0131\u011f\u0131 Avrupa&#8217;dan Amerika&#8217;ya kadar, herkesle ve t\u00fcm insanl\u0131kla laf\u0131 e\u011fip b\u00fckmeden dobra dobra konu\u015farak, yanl\u0131\u015flar\u0131n\u0131 ve hatalar\u0131n\u0131 y\u00fczlerine s\u00f6yleyip d\u00fczeltmelerini<span class=\"excerpt-hellip\"> [\u2026]<\/span><\/p>\n","protected":false},"featured_media":0,"template":"","meta":{"_monsterinsights_skip_tracking":false,"_monsterinsights_sitenote_active":false,"_monsterinsights_sitenote_note":"","_monsterinsights_sitenote_category":0},"product_brand":[],"product_cat":[12337,14706],"product_tag":[],"class_list":{"0":"post-765471","1":"product","2":"type-product","3":"status-publish","5":"product_cat-politika-siyaset","6":"product_cat-siyaset-bilimi","7":"pa_cilt-ciltsiz","8":"pa_tur-kitap","9":"pa_yayinevi-orion-kitabevi","10":"pa_yazar-umit-gumus","12":"first","13":"instock","14":"sale","15":"shipping-taxable","16":"purchasable","17":"product-type-simple"},"_links":{"self":[{"href":"https:\/\/roveyayinevi.com.tr\/index.php\/wp-json\/wp\/v2\/product\/765471","targetHints":{"allow":["GET"]}}],"collection":[{"href":"https:\/\/roveyayinevi.com.tr\/index.php\/wp-json\/wp\/v2\/product"}],"about":[{"href":"https:\/\/roveyayinevi.com.tr\/index.php\/wp-json\/wp\/v2\/types\/product"}],"wp:attachment":[{"href":"https:\/\/roveyayinevi.com.tr\/index.php\/wp-json\/wp\/v2\/media?parent=765471"}],"wp:term":[{"taxonomy":"product_brand","embeddable":true,"href":"https:\/\/roveyayinevi.com.tr\/index.php\/wp-json\/wp\/v2\/product_brand?post=765471"},{"taxonomy":"product_cat","embeddable":true,"href":"https:\/\/roveyayinevi.com.tr\/index.php\/wp-json\/wp\/v2\/product_cat?post=765471"},{"taxonomy":"product_tag","embeddable":true,"href":"https:\/\/roveyayinevi.com.tr\/index.php\/wp-json\/wp\/v2\/product_tag?post=765471"}],"curies":[{"name":"wp","href":"https:\/\/api.w.org\/{rel}","templated":true}]}}