{"id":765451,"date":"2025-08-28T11:43:46","date_gmt":"2025-08-28T08:43:46","guid":{"rendered":"https:\/\/roveyayinevi.com.tr\/index.php\/urun\/yasayanlarin-dilinden-canakkale-muharebeleri\/"},"modified":"2026-04-15T03:31:27","modified_gmt":"2026-04-15T00:31:27","slug":"yasayanlarin-dilinden-canakkale-muharebeleri","status":"publish","type":"product","link":"https:\/\/roveyayinevi.com.tr\/index.php\/urun\/yasayanlarin-dilinden-canakkale-muharebeleri\/","title":{"rendered":"Ya\u015fayanlar\u0131n Dilinden \u00c7anakkale Muharebeleri"},"content":{"rendered":"<p>Aziz \u015eehitlerimiz!Kan\u0131n\u0131z\u0131 d\u00f6kerek,Can\u0131n\u0131z\u0131 vererek,Bize b\u0131rakt\u0131\u011f\u0131n\u0131z bu Vatan,Bizim emanetimizdedir.Bu can bu bedende durduk\u00e7a,Bu kan damarlar\u0131mda akt\u0131k\u00e7a,Ay Y\u0131ld\u0131z\u0131 dalgaland\u0131raca\u011f\u0131ma,Ezanlar\u0131m\u0131 susturmayaca\u011f\u0131ma,Bu Cennet Vatana,D\u00fc\u015fman aya\u011f\u0131 bast\u0131rmayaca\u011f\u0131maNamusum ve \u015ferefim \u00fczerineAnt i\u00e7erim! Yemin ederim!<\/p>\n","protected":false},"excerpt":{"rendered":"<p>Aziz \u015eehitlerimiz!Kan\u0131n\u0131z\u0131 d\u00f6kerek,Can\u0131n\u0131z\u0131 vererek,Bize b\u0131rakt\u0131\u011f\u0131n\u0131z bu Vatan,Bizim emanetimizdedir.Bu can bu bedende durduk\u00e7a,Bu kan damarlar\u0131mda akt\u0131k\u00e7a,Ay Y\u0131ld\u0131z\u0131 dalgaland\u0131raca\u011f\u0131ma,Ezanlar\u0131m\u0131 susturmayaca\u011f\u0131ma,Bu Cennet Vatana,D\u00fc\u015fman aya\u011f\u0131 bast\u0131rmayaca\u011f\u0131maNamusum ve \u015ferefim \u00fczerineAnt i\u00e7erim!<span class=\"excerpt-hellip\"> [\u2026]<\/span><\/p>\n","protected":false},"featured_media":0,"template":"","meta":{"_monsterinsights_skip_tracking":false,"_monsterinsights_sitenote_active":false,"_monsterinsights_sitenote_note":"","_monsterinsights_sitenote_category":0},"product_brand":[],"product_cat":[12304,13493],"product_tag":[],"class_list":{"0":"post-765451","1":"product","2":"type-product","3":"status-publish","5":"product_cat-tarih","6":"product_cat-turkiye-ve-cumhuriyet-tarihi","7":"pa_cilt-ciltsiz","8":"pa_tur-kitap","9":"pa_yayinevi-akademik-kitaplar","10":"pa_yazar-israfil-erdogan","12":"first","13":"instock","14":"sale","15":"shipping-taxable","16":"purchasable","17":"product-type-simple"},"_links":{"self":[{"href":"https:\/\/roveyayinevi.com.tr\/index.php\/wp-json\/wp\/v2\/product\/765451","targetHints":{"allow":["GET"]}}],"collection":[{"href":"https:\/\/roveyayinevi.com.tr\/index.php\/wp-json\/wp\/v2\/product"}],"about":[{"href":"https:\/\/roveyayinevi.com.tr\/index.php\/wp-json\/wp\/v2\/types\/product"}],"wp:attachment":[{"href":"https:\/\/roveyayinevi.com.tr\/index.php\/wp-json\/wp\/v2\/media?parent=765451"}],"wp:term":[{"taxonomy":"product_brand","embeddable":true,"href":"https:\/\/roveyayinevi.com.tr\/index.php\/wp-json\/wp\/v2\/product_brand?post=765451"},{"taxonomy":"product_cat","embeddable":true,"href":"https:\/\/roveyayinevi.com.tr\/index.php\/wp-json\/wp\/v2\/product_cat?post=765451"},{"taxonomy":"product_tag","embeddable":true,"href":"https:\/\/roveyayinevi.com.tr\/index.php\/wp-json\/wp\/v2\/product_tag?post=765451"}],"curies":[{"name":"wp","href":"https:\/\/api.w.org\/{rel}","templated":true}]}}

Yaşayanların Dilinden Çanakkale Muharebeleri

<p>Aziz Şehitlerimiz!Kanınızı dökerek,Canınızı vererek,Bize bıraktığınız bu Vatan,Bizim emanetimizdedir.Bu can bu bedende durdukça,Bu kan damarlarımda aktıkça,Ay Yıldızı dalgalandıracağıma,Ezanlarımı susturmayacağıma,Bu Cennet Vatana,Düşman ayağı bastırmayacağımaNamusum ve şerefim üzerineAnt içerim! Yemin ederim!</p>

<p>Aziz Şehitlerimiz!Kanınızı dökerek,Canınızı vererek,Bize bıraktığınız bu Vatan,Bizim emanetimizdedir.Bu can bu bedende durdukça,Bu kan damarlarımda aktıkça,Ay Yıldızı dalgalandıracağıma,Ezanlarımı susturmayacağıma,Bu Cennet Vatana,Düşman ayağı bastırmayacağımaNamusum ve şerefim üzerineAnt içerim!<span class="excerpt-hellip"> […]</span></p>
