{"id":765448,"date":"2025-08-28T11:43:42","date_gmt":"2025-08-28T08:43:42","guid":{"rendered":"https:\/\/roveyayinevi.com.tr\/index.php\/urun\/turkiyenin-guncel-sosyal-problemlerine-cozum-projeleri\/"},"modified":"2026-04-15T03:31:27","modified_gmt":"2026-04-15T00:31:27","slug":"turkiyenin-guncel-sosyal-problemlerine-cozum-projeleri","status":"publish","type":"product","link":"https:\/\/roveyayinevi.com.tr\/index.php\/urun\/turkiyenin-guncel-sosyal-problemlerine-cozum-projeleri\/","title":{"rendered":"T\u00fcrkiyenin G\u00fcncel Sosyal Problemlerine \u00c7\u00f6z\u00fcm Projeleri"},"content":{"rendered":"<p>&#8220;Fedakar dost, \u00fcretken insan H\u00fcseyin \u015eahin Hocam eserlerine bir yenisini daha ekledi. Bu g\u00fcne kadar toplumdaki ihtiyac\u0131 do\u011fru tespit ederek yazd\u0131\u011f\u0131 kitaplar\u0131yla ciddi hizmetlere imza att\u0131. \u00d6zellikle bu son eseri sadece bir kitap de\u011fil, ayn\u0131 zamanda insan\u0131m\u0131za ufuk a\u00e7an ve haz\u0131r programlar sunan bir projeler toplulu\u011fu.&#8221;\u0130\u015f yap\u0131ls\u0131n da benim ad\u0131m hi\u00e7 ge\u00e7mese de olur&#8221; anlay\u0131\u015f\u0131yla \u00e7al\u0131\u015fan ve payla\u015fmaktan memnun olabilen nadir insanlardan. Belki t\u00fcr\u00fcn\u00fcn ilk \u00f6rne\u011fi olan bu kitab\u0131n ara\u015ft\u0131rmac\u0131lara iyi bir rehber olaca\u011f\u0131na inan\u0131yorum.&#8221;- Prof. Dr. Saffet T\u00dcZGEN. (Bezmi Alem \u00dcnv.eski Rekt\u00f6r\u00fc \/ Cerrahpa\u015fa T\u0131p Fak. \u00d6\u011fretim \u00dcyesi)&#8221;Bu kadar b\u00fcy\u00fck bir \u00e7aba, tecr\u00fcbe ve samimiyet ile beraber ortaya \u00e7\u0131kan bu \u00e7al\u0131\u015fmalar\u0131n\u0131za merhabalar(!) demek, beni en \u00e7ok mutlu edecek hususlardan biri. Bildi\u011finiz gibi sosyal meseleler \u00fczerine \u00f6zellikle aile konusunda yapt\u0131\u011f\u0131m okumalar ve ara\u015ft\u0131rmalar olduk\u00e7a s\u0131n\u0131rl\u0131. \u00c7o\u011funlukla teorik. \u0130n\u015faallah bunlar\u0131 geli\u015ftirmeyi d\u00fc\u015f\u00fcn\u00fcyorum. Ancak sizler gibi sahan\u0131n i\u00e7inde ya\u015fayan, ara\u015ft\u0131ran, yazan ve okuyan bir karde\u015fimizi g\u00f6rmek bu \u00e7al\u0131\u015fmalar\u0131n\u0131 bir b\u00fct\u00fcn olarak g\u00f6r\u00fcnce \u00e7ok memnun oldum.&#8221;- Prof. Dr. Erg\u00fcn Y\u0131ld\u0131r\u0131m (Marmara \u00dcnv. \u0130leti\u015fim Fak. Dekan\u0131 \/ Sosyolog)\u0130yi bir kitap okuyan\u0131n zihnini keskinle\u015ftirici, iradesini per\u00e7inleyici, duygular\u0131n\u0131 \u0131s\u0131t\u0131c\u0131, alg\u0131lar\u0131n\u0131 y\u00f6nlendirici ve davran\u0131\u015flar\u0131n\u0131 d\u00fczenleyici olarak kabul edilebilir. H\u00fcseyin \u015eahin&#8217;in yazd\u0131\u011f\u0131 T\u00fcrkiye&#8217;nin G\u00fcncel Sosyal Problemlerine \u00c7\u00f6z\u00fcm Projeleri adl\u0131 kitab\u0131 da yap\u0131lan tan\u0131ma uygun bir kitapt\u0131r. Osmanl\u0131 Devleti&#8217;nden T\u00fcrkiye Cumhuriyeti d\u00f6nemine ge\u00e7i\u015fte insan fakt\u00f6r\u00fcn\u00fcn \u00f6nemi, anlam\u0131 ve de\u011feri konusunda pek \u00e7ok ara\u015ft\u0131rmalar yap\u0131lm\u0131\u015f, g\u00f6r\u00fc\u015fler ortaya konmu\u015ftur. Bunun i\u00e7in dergiler \u00e7\u0131kar\u0131lm\u0131\u015f, kitaplar yaz\u0131lm\u0131\u015f, denemeler teklif edilmi\u015f, ele\u015ftiriler yap\u0131lm\u0131\u015f ve toplumsal olarak kirlenen alanlar\u0131 temizleme \u00e7al\u0131\u015fmalar\u0131na ba\u015fvurulmu\u015ftur. G\u00fcn\u00fcm\u00fczde ula\u015f\u0131m ve ileti\u015fim teknolojileri kitab\u0131n yerini alarak reytinglerini art\u0131rma derdindeyken yaz\u0131lan kitaplar\u0131n okunup okunmamas\u0131 kitab\u0131n yazar\u0131n\u0131 \u00fcmitsizli\u011fe d\u00fc\u015f\u00fcrmemelidir. Zira bir g\u00fcn mutlaka biri \u00e7\u0131k\u0131p o kitab\u0131 raflardan indirip tozlar\u0131n\u0131 temizleyip okuyacakt\u0131r. Dolay\u0131s\u0131yla ileti\u015fim teknolojilerindeki h\u0131zl\u0131 geli\u015fme g\u00f6r\u00fcnt\u00fc ve sesle yaz\u0131n\u0131n \u00f6n\u00fcne ge\u00e7meyi ama\u00e7lasa, uzman diye \u00e7ok farkl\u0131 ki\u015fileri ortaya \u00e7\u0131karsa da kitap, kitap olarak kalmaya devam edecektir. Yaz\u0131l\u0131 ve g\u00f6rsel bas\u0131n\u0131n temeli olan kitap, yazarlar\u0131 ile var olmaya devam edecektir. Toplumun ihtiya\u00e7 ve beklentilerini belirlemeye ve bunlara yol g\u00f6stermeyi hedefleyen H\u00fcseyin \u015eahin&#8217;i tebrik eder, daha nice g\u00fczel eserlere imza atmas\u0131n\u0131 dilerim.- Prof. Dr. Ali Osman \u00d6zcan (\u0130stanbul Geli\u015fim \u00dcniversitesi Psikoloji B\u00f6l\u00fcm Ba\u015fkan\u0131)Psikolog Dr. H\u00fcseyin \u015eAH\u0130N Bey \u00fclkemizin g\u00fcncel sosyal problemlerine \u00e7\u00f6z\u00fcm projeleriyle, sosyal politikalar\u0131n geli\u015fmesinde ve uygulanmas\u0131nda ilgili bakanl\u0131klara, yerel y\u00f6netim, sivil toplum kurulu\u015flar\u0131na ve akademisyenlere yol g\u00f6sterici bir kaynak ortaya koymu\u015ftur.- Fatih K\u0131l\u0131\u00e7arslan (Sosyal Hizmet Uzman\u0131 &#8211; Aile Terapisti \/ Aileder Y\u00f6netim Kurulu Ba\u015fkan\u0131 )<\/p>\n","protected":false},"excerpt":{"rendered":"<p>&#8220;Fedakar dost, \u00fcretken insan H\u00fcseyin \u015eahin Hocam eserlerine bir yenisini daha ekledi. Bu g\u00fcne kadar toplumdaki ihtiyac\u0131 do\u011fru tespit ederek yazd\u0131\u011f\u0131 kitaplar\u0131yla ciddi hizmetlere imza att\u0131.<span class=\"excerpt-hellip\"> [\u2026]<\/span><\/p>\n","protected":false},"featured_media":0,"template":"","meta":{"_monsterinsights_skip_tracking":false,"_monsterinsights_sitenote_active":false,"_monsterinsights_sitenote_note":"","_monsterinsights_sitenote_category":0},"product_brand":[],"product_cat":[12337],"product_tag":[],"class_list":{"0":"post-765448","1":"product","2":"type-product","3":"status-publish","5":"product_cat-politika-siyaset","6":"pa_cilt-ciltsiz","7":"pa_tur-kitap","8":"pa_yayinevi-akademik-kitaplar","9":"pa_yazar-huseyin-sahin","11":"first","12":"instock","13":"sale","14":"shipping-taxable","15":"purchasable","16":"product-type-simple"},"_links":{"self":[{"href":"https:\/\/roveyayinevi.com.tr\/index.php\/wp-json\/wp\/v2\/product\/765448","targetHints":{"allow":["GET"]}}],"collection":[{"href":"https:\/\/roveyayinevi.com.tr\/index.php\/wp-json\/wp\/v2\/product"}],"about":[{"href":"https:\/\/roveyayinevi.com.tr\/index.php\/wp-json\/wp\/v2\/types\/product"}],"wp:attachment":[{"href":"https:\/\/roveyayinevi.com.tr\/index.php\/wp-json\/wp\/v2\/media?parent=765448"}],"wp:term":[{"taxonomy":"product_brand","embeddable":true,"href":"https:\/\/roveyayinevi.com.tr\/index.php\/wp-json\/wp\/v2\/product_brand?post=765448"},{"taxonomy":"product_cat","embeddable":true,"href":"https:\/\/roveyayinevi.com.tr\/index.php\/wp-json\/wp\/v2\/product_cat?post=765448"},{"taxonomy":"product_tag","embeddable":true,"href":"https:\/\/roveyayinevi.com.tr\/index.php\/wp-json\/wp\/v2\/product_tag?post=765448"}],"curies":[{"name":"wp","href":"https:\/\/api.w.org\/{rel}","templated":true}]}}