{"id":765441,"date":"2025-08-28T11:43:31","date_gmt":"2025-08-28T08:43:31","guid":{"rendered":"https:\/\/roveyayinevi.com.tr\/index.php\/urun\/sivil-toplum-orgutleri-ve-yoksulluk\/"},"modified":"2026-04-15T03:31:27","modified_gmt":"2026-04-15T00:31:27","slug":"sivil-toplum-orgutleri-ve-yoksulluk","status":"publish","type":"product","link":"https:\/\/roveyayinevi.com.tr\/index.php\/urun\/sivil-toplum-orgutleri-ve-yoksulluk\/","title":{"rendered":"Sivil Toplum \u00d6rg\u00fctleri ve Yoksulluk"},"content":{"rendered":"<p>T\u00fcrkiye&#8217;de Avrupa Birli\u011fi&#8217;ne \u00fcyelik s\u00fcreci ba\u011flam\u0131nda yap\u0131lan siyasi, hukuki reformlar, demokratik geli\u015fmeler, \u00f6zg\u00fcrl\u00fck\u00e7\u00fc yakla\u015f\u0131mlar bir taraftan sivil toplum kurulu\u015flar\u0131n\u0131n geli\u015fmesine, di\u011fer taraftan yoksulluk gibi sosyal sorunlar\u0131n \u00e7\u00f6z\u00fcm\u00fc noktas\u0131nda farkl\u0131 ad\u0131mlar\u0131n at\u0131lmas\u0131na zemin haz\u0131rlam\u0131\u015ft\u0131r. K\u00fcreselle\u015fmenin ve teknolojik geli\u015fmelerin etkisiyle ortak sorun olarak g\u00f6r\u00fclmeye ba\u015flanan yoksulluk, \u00f6nceleri sosyal politikalar\u0131n ana ba\u015fl\u0131\u011f\u0131n\u0131 olu\u015ftururken son d\u00f6nemlerde sivil toplum \u00f6rg\u00fctlerinin de m\u00fccadele verdi\u011fi bir alan haline gelmi\u015ftir. D\u00fcnya n\u00fcfusunun %10&#8217;u d\u00fcnya gelirlerinin %70&#8217;ine sahiptir. Bu alanda ba\u015f\u0131 \u00e7eken ABD d\u00fcnya gelirinin %25&#8217;ine sahipken Japonya ve Almanya O&#8217;nu takip etmektedir. Buna kar\u015f\u0131l\u0131k D\u00fcnya n\u00fcfusunun yar\u0131ya yak\u0131n\u0131 g\u00fcnl\u00fck 2 Amerikan dolar\u0131 gelirin alt\u0131nda ya\u015farken, g\u00fcnl\u00fck 1 dolar\u0131n alt\u0131nda ya\u015fam\u0131n\u0131 devam ettirmeye \u00e7al\u0131\u015fanlar\u0131n d\u00fcnya n\u00fcfusuna oran\u0131 5\/1&#8217;dir.Yoksulluk; insanlar\u0131n beceriksizli\u011finden, tembelli\u011finden, e\u011fitimsizli\u011finden, do\u011fal kaynaklar\u0131n yetersizli\u011finden, b\u00f6lgesel farklardan kaynakl\u0131 bir sorun olmaktan \u00f6te yoksul insanlar\u0131n haklar\u0131n\u0131 ba\u015fkalar\u0131 yedikleri i\u00e7in ortaya \u00e7\u0131kan bir sorundur. Di\u011fer bir ifadeyle a\u00e7l\u0131k; a\u015f insanlar\u0131n doymamas\u0131ndan de\u011fil, tok insanlar\u0131n doymamas\u0131ndan kaynakl\u0131 bir sorundur.<\/p>\n","protected":false},"excerpt":{"rendered":"<p>T\u00fcrkiye&#8217;de Avrupa Birli\u011fi&#8217;ne \u00fcyelik s\u00fcreci ba\u011flam\u0131nda yap\u0131lan siyasi, hukuki reformlar, demokratik geli\u015fmeler, \u00f6zg\u00fcrl\u00fck\u00e7\u00fc yakla\u015f\u0131mlar bir taraftan sivil toplum kurulu\u015flar\u0131n\u0131n geli\u015fmesine, di\u011fer taraftan yoksulluk gibi sosyal sorunlar\u0131n<span class=\"excerpt-hellip\"> [\u2026]<\/span><\/p>\n","protected":false},"featured_media":0,"template":"","meta":{"_monsterinsights_skip_tracking":false,"_monsterinsights_sitenote_active":false,"_monsterinsights_sitenote_note":"","_monsterinsights_sitenote_category":0},"product_brand":[],"product_cat":[12324],"product_tag":[],"class_list":{"0":"post-765441","1":"product","2":"type-product","3":"status-publish","5":"product_cat-sosyoloji","6":"pa_cilt-ciltsiz","7":"pa_tur-kitap","8":"pa_yayinevi-akademik-kitaplar","9":"pa_yazar-yildiray-ozturk","11":"first","12":"instock","13":"sale","14":"shipping-taxable","15":"purchasable","16":"product-type-simple"},"_links":{"self":[{"href":"https:\/\/roveyayinevi.com.tr\/index.php\/wp-json\/wp\/v2\/product\/765441","targetHints":{"allow":["GET"]}}],"collection":[{"href":"https:\/\/roveyayinevi.com.tr\/index.php\/wp-json\/wp\/v2\/product"}],"about":[{"href":"https:\/\/roveyayinevi.com.tr\/index.php\/wp-json\/wp\/v2\/types\/product"}],"wp:attachment":[{"href":"https:\/\/roveyayinevi.com.tr\/index.php\/wp-json\/wp\/v2\/media?parent=765441"}],"wp:term":[{"taxonomy":"product_brand","embeddable":true,"href":"https:\/\/roveyayinevi.com.tr\/index.php\/wp-json\/wp\/v2\/product_brand?post=765441"},{"taxonomy":"product_cat","embeddable":true,"href":"https:\/\/roveyayinevi.com.tr\/index.php\/wp-json\/wp\/v2\/product_cat?post=765441"},{"taxonomy":"product_tag","embeddable":true,"href":"https:\/\/roveyayinevi.com.tr\/index.php\/wp-json\/wp\/v2\/product_tag?post=765441"}],"curies":[{"name":"wp","href":"https:\/\/api.w.org\/{rel}","templated":true}]}}