{"id":765440,"date":"2025-08-28T11:43:30","date_gmt":"2025-08-28T08:43:30","guid":{"rendered":"https:\/\/roveyayinevi.com.tr\/index.php\/urun\/sezai-karakocun-estetigi\/"},"modified":"2026-04-15T03:31:27","modified_gmt":"2026-04-15T00:31:27","slug":"sezai-karakocun-estetigi","status":"publish","type":"product","link":"https:\/\/roveyayinevi.com.tr\/index.php\/urun\/sezai-karakocun-estetigi\/","title":{"rendered":"Sezai Karako\u00e7&#8217;un Esteti\u011fi"},"content":{"rendered":"<p>Bizim d\u00fc\u015f\u00fcnce d\u00fcnyam\u0131zda sanat, estetik ve bunlar\u0131n filizlendi\u011fi felsefe zemini son y\u00fczy\u0131llarda ihmal edilmi\u015ftir.&#8221;As\u0131rlar var ki ayd\u0131nl\u0131k nedir, hi\u00e7 bilmez afak\u0131m!&#8221;Belki de devletimizi bir b\u00fct\u00fcn halinde tutmak i\u00e7in vermek zorunda kald\u0131\u011f\u0131m\u0131z m\u00fccadeleler, bu ihmali do\u011furmu\u015f ve d\u00fc\u015f\u00fcnsel k\u00f6klerimizden kopmu\u015fuz&#8230; Halbuki bu felsefe zemini olmadan geleneksel sanatkar\u0131m\u0131zdaki g\u00fczellikleri g\u00f6remedi\u011fimiz gibi, modern sanatlar\u0131 da anlayamay\u0131z&#8230; Sanat tarihimizdeki bu kuramsal kopuklu\u011fu gidermek zorunday\u0131z&#8230; Son y\u0131llarda d\u00fc\u015f\u00fcnsel k\u00f6klerimizle ba\u011flar\u0131m\u0131z\u0131 yeniden kurmak i\u00e7in faydal\u0131 \u00e7al\u0131\u015fmalar yap\u0131lmaktad\u0131r. Sezai Karako\u00e7&#8217;un esteti\u011fe dair yaz\u0131lar\u0131n\u0131 bu kapsamda de\u011ferlendiriyoruz&#8230;<\/p>\n","protected":false},"excerpt":{"rendered":"<p>Bizim d\u00fc\u015f\u00fcnce d\u00fcnyam\u0131zda sanat, estetik ve bunlar\u0131n filizlendi\u011fi felsefe zemini son y\u00fczy\u0131llarda ihmal edilmi\u015ftir.&#8221;As\u0131rlar var ki ayd\u0131nl\u0131k nedir, hi\u00e7 bilmez afak\u0131m!&#8221;Belki de devletimizi bir b\u00fct\u00fcn halinde<span class=\"excerpt-hellip\"> [\u2026]<\/span><\/p>\n","protected":false},"featured_media":0,"template":"","meta":{"_monsterinsights_skip_tracking":false,"_monsterinsights_sitenote_active":false,"_monsterinsights_sitenote_note":"","_monsterinsights_sitenote_category":0},"product_brand":[],"product_cat":[22741,12388],"product_tag":[],"class_list":{"0":"post-765440","1":"product","2":"type-product","3":"status-publish","5":"product_cat-estetik","6":"product_cat-felsefe","7":"pa_cilt-ciltsiz","8":"pa_tur-kitap","9":"pa_yayinevi-akademik-kitaplar","10":"pa_yazar-recep-duymaz","12":"first","13":"instock","14":"sale","15":"shipping-taxable","16":"purchasable","17":"product-type-simple"},"_links":{"self":[{"href":"https:\/\/roveyayinevi.com.tr\/index.php\/wp-json\/wp\/v2\/product\/765440","targetHints":{"allow":["GET"]}}],"collection":[{"href":"https:\/\/roveyayinevi.com.tr\/index.php\/wp-json\/wp\/v2\/product"}],"about":[{"href":"https:\/\/roveyayinevi.com.tr\/index.php\/wp-json\/wp\/v2\/types\/product"}],"wp:attachment":[{"href":"https:\/\/roveyayinevi.com.tr\/index.php\/wp-json\/wp\/v2\/media?parent=765440"}],"wp:term":[{"taxonomy":"product_brand","embeddable":true,"href":"https:\/\/roveyayinevi.com.tr\/index.php\/wp-json\/wp\/v2\/product_brand?post=765440"},{"taxonomy":"product_cat","embeddable":true,"href":"https:\/\/roveyayinevi.com.tr\/index.php\/wp-json\/wp\/v2\/product_cat?post=765440"},{"taxonomy":"product_tag","embeddable":true,"href":"https:\/\/roveyayinevi.com.tr\/index.php\/wp-json\/wp\/v2\/product_tag?post=765440"}],"curies":[{"name":"wp","href":"https:\/\/api.w.org\/{rel}","templated":true}]}}

Sezai Karakoç&#8217;un Estetiği

<p>Bizim düşünce dünyamızda sanat, estetik ve bunların filizlendiği felsefe zemini son yüzyıllarda ihmal edilmiştir.&#8221;Asırlar var ki aydınlık nedir, hiç bilmez afakım!&#8221;Belki de devletimizi bir bütün halinde tutmak için vermek zorunda kaldığımız mücadeleler, bu ihmali doğurmuş ve düşünsel köklerimizden kopmuşuz&#8230; Halbuki bu felsefe zemini olmadan geleneksel sanatkarımızdaki güzellikleri göremediğimiz gibi, modern sanatları da anlayamayız&#8230; Sanat tarihimizdeki bu kuramsal kopukluğu gidermek zorundayız&#8230; Son yıllarda düşünsel köklerimizle bağlarımızı yeniden kurmak için faydalı çalışmalar yapılmaktadır. Sezai Karakoç&#8217;un estetiğe dair yazılarını bu kapsamda değerlendiriyoruz&#8230;</p>

<p>Bizim düşünce dünyamızda sanat, estetik ve bunların filizlendiği felsefe zemini son yüzyıllarda ihmal edilmiştir.&#8221;Asırlar var ki aydınlık nedir, hiç bilmez afakım!&#8221;Belki de devletimizi bir bütün halinde<span class="excerpt-hellip"> […]</span></p>
