{"id":765435,"date":"2025-08-28T11:43:20","date_gmt":"2025-08-28T08:43:20","guid":{"rendered":"https:\/\/roveyayinevi.com.tr\/index.php\/urun\/osmanlida-egitim\/"},"modified":"2026-04-15T03:31:02","modified_gmt":"2026-04-15T00:31:02","slug":"osmanlida-egitim","status":"publish","type":"product","link":"https:\/\/roveyayinevi.com.tr\/index.php\/urun\/osmanlida-egitim\/","title":{"rendered":"Osmanl\u0131da E\u011fitim"},"content":{"rendered":"<p>Bu \u00e7al\u0131\u015fma, Osmanl\u0131 e\u011fitim sisteminin, &#8216;klasik&#8217; kimli\u011fini kazand\u0131\u011f\u0131 14-16 y\u00fczy\u0131llar ile d\u0131\u015far\u0131dan kat\u0131lan unsurlarla yeni ve farkl\u0131 bir h\u00fcviyete b\u00fcr\u00fcnd\u00fcg\u00fc 17-19. y\u00fczy\u0131llar aras\u0131nda ge\u00e7irmi\u015f oldu\u011fu istihaleyi konu edinmektedir.Osmanl\u0131 e\u011fitim siteminin 14-16. y\u00fczy\u0131llar aras\u0131nda tedricen nas\u0131l te\u015fekk\u00fcl etti\u011fi ve daha sonra par\u00e7alar\u0131n olu\u015fturdu\u011fu b\u00fct\u00fcnle birlikte evol\u00fcsyon ge\u00e7irdi\u011fi; modern-sek\u00fcler e\u011fitim kurumlar\u0131n\u0131n Tanzimat \u00f6ncesinden ba\u015flayarak embriyonun b\u00fcy\u00fcmesine benzer \u015fekilde geli\u015fip sistemdeki rol ve fonksiyonlar\u0131n\u0131 geleneksel olanlar aleyhine nas\u0131l art\u0131rm\u0131\u015f oldu\u011fu kaleideskopik bir bak\u0131\u015fla sunulmaya \u00e7al\u0131\u015f\u0131ld\u0131.\u00c7ok fazla ayr\u0131nt\u0131ya girmeden, medrese organizasyonunun \u0130slam toplumlar\u0131 ve medeniyetindeki \u00f6nemi ve yeri ba\u011f\u0131ms\u0131z bir \u015feklinde ele al\u0131nd\u0131ktan sonra, bununla da b\u00fct\u00fcnl\u00fck arz edecek \u015fekilde, ilk kuruldu\u011fu evreden itibaren Osmanl\u0131 e\u011fitim sisteminin temel unsurlar\u0131 takdim edilmektedir.<\/p>\n","protected":false},"excerpt":{"rendered":"<p>Bu \u00e7al\u0131\u015fma, Osmanl\u0131 e\u011fitim sisteminin, &#8216;klasik&#8217; kimli\u011fini kazand\u0131\u011f\u0131 14-16 y\u00fczy\u0131llar ile d\u0131\u015far\u0131dan kat\u0131lan unsurlarla yeni ve farkl\u0131 bir h\u00fcviyete b\u00fcr\u00fcnd\u00fcg\u00fc 17-19. y\u00fczy\u0131llar aras\u0131nda ge\u00e7irmi\u015f oldu\u011fu istihaleyi<span class=\"excerpt-hellip\"> [\u2026]<\/span><\/p>\n","protected":false},"featured_media":0,"template":"","meta":{"_monsterinsights_skip_tracking":false,"_monsterinsights_sitenote_active":false,"_monsterinsights_sitenote_note":"","_monsterinsights_sitenote_category":0},"product_brand":[],"product_cat":[12364],"product_tag":[],"class_list":{"0":"post-765435","1":"product","2":"type-product","3":"status-publish","5":"product_cat-genel-konular","6":"pa_cilt-ciltsiz","7":"pa_tur-kitap","8":"pa_yayinevi-akademik-kitaplar","9":"pa_yazar-ahmet-cihan","11":"first","12":"instock","13":"sale","14":"shipping-taxable","15":"purchasable","16":"product-type-simple"},"_links":{"self":[{"href":"https:\/\/roveyayinevi.com.tr\/index.php\/wp-json\/wp\/v2\/product\/765435","targetHints":{"allow":["GET"]}}],"collection":[{"href":"https:\/\/roveyayinevi.com.tr\/index.php\/wp-json\/wp\/v2\/product"}],"about":[{"href":"https:\/\/roveyayinevi.com.tr\/index.php\/wp-json\/wp\/v2\/types\/product"}],"wp:attachment":[{"href":"https:\/\/roveyayinevi.com.tr\/index.php\/wp-json\/wp\/v2\/media?parent=765435"}],"wp:term":[{"taxonomy":"product_brand","embeddable":true,"href":"https:\/\/roveyayinevi.com.tr\/index.php\/wp-json\/wp\/v2\/product_brand?post=765435"},{"taxonomy":"product_cat","embeddable":true,"href":"https:\/\/roveyayinevi.com.tr\/index.php\/wp-json\/wp\/v2\/product_cat?post=765435"},{"taxonomy":"product_tag","embeddable":true,"href":"https:\/\/roveyayinevi.com.tr\/index.php\/wp-json\/wp\/v2\/product_tag?post=765435"}],"curies":[{"name":"wp","href":"https:\/\/api.w.org\/{rel}","templated":true}]}}