{"id":765418,"date":"2025-08-28T11:42:40","date_gmt":"2025-08-28T08:42:40","guid":{"rendered":"https:\/\/roveyayinevi.com.tr\/index.php\/urun\/kamelyali-kadin-6\/"},"modified":"2026-04-15T03:31:02","modified_gmt":"2026-04-15T00:31:02","slug":"kamelyali-kadin-6","status":"publish","type":"product","link":"https:\/\/roveyayinevi.com.tr\/index.php\/urun\/kamelyali-kadin-6\/","title":{"rendered":"Kamelyal\u0131 kad\u0131n"},"content":{"rendered":"<p>Ahmet Mithat ilklerin insan\u0131d\u0131r. Sadece yazmam\u0131\u015f hep yeniliklerin pe\u015finde ko\u015fmu\u015f hep denemi\u015f bir muharrir. \u0130ki y\u00fczden fazla eserinin \u00f6nemli bir k\u0131sm\u0131 roman ve hik\u00e2yeden olu\u015fuyor. Gen\u00e7lik hevesi ve a\u015fk ate\u015fi zorlamalar\u0131yla yazd\u0131\u011f\u0131 \u00e7ok az \u015fiiri bir tarafa b\u0131rak\u0131l\u0131rsa o hep nesir t\u00fcr\u00fcn\u00fcn pe\u015finde olmu\u015f. Hissettirmekten, sezdirmekten \u00e7ok d\u00fcz yaz\u0131yla anlatmay\u0131, kelimelerle i\u00e7inden geldi\u011fi gibi konu\u015fmay\u0131 se\u00e7mi\u015f. Onun hayat\u0131nda b\u00f6ylesine \u00f6ne \u00e7\u0131kan roman t\u00fcr\u00fcn\u00fcn kayna\u011f\u0131 sokakla birlikte biraz da Frans\u0131z roman\u0131na ba\u011fl\u0131. Bu y\u00fczden \u00e7eviri \u00f6nemli ve k\u0131ymetlidir.Nas\u0131l Rus edebiyat\u0131 Gogol\u2019un paltosundan, modern T\u00fcrk \u015fiiri Yahya Kemal\u2019in f\u00f6tr \u015fapkas\u0131n\u0131n alt\u0131ndan \u00e7\u0131kt\u0131ysa g\u00fcn\u00fcm\u00fcz roman\u0131 da biraz onun c\u00fcbbesinin \u00e7\u0131km\u0131\u015ft\u0131r denebilir.<\/p>\n","protected":false},"excerpt":{"rendered":"<p>Ahmet Mithat ilklerin insan\u0131d\u0131r. Sadece yazmam\u0131\u015f hep yeniliklerin pe\u015finde ko\u015fmu\u015f hep denemi\u015f bir muharrir. \u0130ki y\u00fczden fazla eserinin \u00f6nemli bir k\u0131sm\u0131 roman ve hik\u00e2yeden olu\u015fuyor. Gen\u00e7lik<span class=\"excerpt-hellip\"> [\u2026]<\/span><\/p>\n","protected":false},"featured_media":0,"template":"","meta":{"_monsterinsights_skip_tracking":false,"_monsterinsights_sitenote_active":false,"_monsterinsights_sitenote_note":"","_monsterinsights_sitenote_category":0},"product_brand":[],"product_cat":[12291,12711],"product_tag":[],"class_list":{"0":"post-765418","1":"product","2":"type-product","3":"status-publish","5":"product_cat-edebiyat","6":"product_cat-roman-oyku","7":"pa_cilt-ciltsiz","8":"pa_tur-kitap","9":"pa_yayinevi-akademik-kitaplar","10":"pa_yazar-ahmet-mithat","12":"first","13":"instock","14":"sale","15":"shipping-taxable","16":"purchasable","17":"product-type-simple"},"_links":{"self":[{"href":"https:\/\/roveyayinevi.com.tr\/index.php\/wp-json\/wp\/v2\/product\/765418","targetHints":{"allow":["GET"]}}],"collection":[{"href":"https:\/\/roveyayinevi.com.tr\/index.php\/wp-json\/wp\/v2\/product"}],"about":[{"href":"https:\/\/roveyayinevi.com.tr\/index.php\/wp-json\/wp\/v2\/types\/product"}],"wp:attachment":[{"href":"https:\/\/roveyayinevi.com.tr\/index.php\/wp-json\/wp\/v2\/media?parent=765418"}],"wp:term":[{"taxonomy":"product_brand","embeddable":true,"href":"https:\/\/roveyayinevi.com.tr\/index.php\/wp-json\/wp\/v2\/product_brand?post=765418"},{"taxonomy":"product_cat","embeddable":true,"href":"https:\/\/roveyayinevi.com.tr\/index.php\/wp-json\/wp\/v2\/product_cat?post=765418"},{"taxonomy":"product_tag","embeddable":true,"href":"https:\/\/roveyayinevi.com.tr\/index.php\/wp-json\/wp\/v2\/product_tag?post=765418"}],"curies":[{"name":"wp","href":"https:\/\/api.w.org\/{rel}","templated":true}]}}