{"id":765417,"date":"2025-08-28T11:42:39","date_gmt":"2025-08-28T08:42:39","guid":{"rendered":"https:\/\/roveyayinevi.com.tr\/index.php\/urun\/idealist-ogretmen-4\/"},"modified":"2026-04-15T03:31:02","modified_gmt":"2026-04-15T00:31:02","slug":"idealist-ogretmen-4","status":"publish","type":"product","link":"https:\/\/roveyayinevi.com.tr\/index.php\/urun\/idealist-ogretmen-4\/","title":{"rendered":"\u0130dealist \u00f6\u011fretmen"},"content":{"rendered":"<p>Asl\u0131nda g\u00fcn\u00fcm\u00fczde &#8220;ideal&#8221;, g\u00fcne\u015fin gurup vaktinde a\u011fa\u00e7 dallar\u0131n\u0131n aras\u0131ndan ate\u015ften bir tepsi halinde yava\u015f yava\u015f bat\u0131\u015f\u0131 gibi, art\u0131k aram\u0131zdan \u00e7ekip gidiyor&#8230; Her \u015fey maddile\u015fiyor&#8230; Siyaset\u00e7iler, b\u00fcrokratlar ve iktisat\u00e7\u0131lar bu manzaray\u0131 uzaktan seyretmekle yetiniyorlar&#8230; Elinizdeki kitap ise &#8220;\u0131\u015f\u0131k i\u015f\u00e7ileri&#8221;ni\/ \u00f6\u011fretmenleri her \u015feye ra\u011fmen g\u00f6reve \u00e7a\u011f\u0131r\u0131yor&#8230; Onlar\u0131 bir &#8220;ideal duygusu&#8221;yla donat\u0131yor&#8230; D\u00fcnyay\u0131 ayd\u0131nlatan, g\u00fczelliklerini g\u00f6steren \u0131\u015f\u0131klar\u0131 devam ettirmek ve \u0131\u015f\u0131k kayna\u011f\u0131m\u0131z\u0131n bat\u0131\u015f\u0131n\u0131 \u00f6nlemek i\u00e7in&#8230;<\/p>\n","protected":false},"excerpt":{"rendered":"<p>Asl\u0131nda g\u00fcn\u00fcm\u00fczde &#8220;ideal&#8221;, g\u00fcne\u015fin gurup vaktinde a\u011fa\u00e7 dallar\u0131n\u0131n aras\u0131ndan ate\u015ften bir tepsi halinde yava\u015f yava\u015f bat\u0131\u015f\u0131 gibi, art\u0131k aram\u0131zdan \u00e7ekip gidiyor&#8230; Her \u015fey maddile\u015fiyor&#8230; Siyaset\u00e7iler, b\u00fcrokratlar<span class=\"excerpt-hellip\"> [\u2026]<\/span><\/p>\n","protected":false},"featured_media":0,"template":"","meta":{"_monsterinsights_skip_tracking":false,"_monsterinsights_sitenote_active":false,"_monsterinsights_sitenote_note":"","_monsterinsights_sitenote_category":0},"product_brand":[],"product_cat":[12364],"product_tag":[],"class_list":{"0":"post-765417","1":"product","2":"type-product","3":"status-publish","5":"product_cat-genel-konular","6":"pa_cilt-ciltsiz","7":"pa_tur-kitap","8":"pa_yayinevi-akademik-kitaplar","9":"pa_yazar-recep-duymaz","11":"first","12":"instock","13":"sale","14":"shipping-taxable","15":"purchasable","16":"product-type-simple"},"_links":{"self":[{"href":"https:\/\/roveyayinevi.com.tr\/index.php\/wp-json\/wp\/v2\/product\/765417","targetHints":{"allow":["GET"]}}],"collection":[{"href":"https:\/\/roveyayinevi.com.tr\/index.php\/wp-json\/wp\/v2\/product"}],"about":[{"href":"https:\/\/roveyayinevi.com.tr\/index.php\/wp-json\/wp\/v2\/types\/product"}],"wp:attachment":[{"href":"https:\/\/roveyayinevi.com.tr\/index.php\/wp-json\/wp\/v2\/media?parent=765417"}],"wp:term":[{"taxonomy":"product_brand","embeddable":true,"href":"https:\/\/roveyayinevi.com.tr\/index.php\/wp-json\/wp\/v2\/product_brand?post=765417"},{"taxonomy":"product_cat","embeddable":true,"href":"https:\/\/roveyayinevi.com.tr\/index.php\/wp-json\/wp\/v2\/product_cat?post=765417"},{"taxonomy":"product_tag","embeddable":true,"href":"https:\/\/roveyayinevi.com.tr\/index.php\/wp-json\/wp\/v2\/product_tag?post=765417"}],"curies":[{"name":"wp","href":"https:\/\/api.w.org\/{rel}","templated":true}]}}