{"id":765412,"date":"2025-08-28T11:42:31","date_gmt":"2025-08-28T08:42:31","guid":{"rendered":"https:\/\/roveyayinevi.com.tr\/index.php\/urun\/egitim-yonetiminde-stres\/"},"modified":"2026-04-15T03:31:02","modified_gmt":"2026-04-15T00:31:02","slug":"egitim-yonetiminde-stres","status":"publish","type":"product","link":"https:\/\/roveyayinevi.com.tr\/index.php\/urun\/egitim-yonetiminde-stres\/","title":{"rendered":"E\u011fitim Y\u00f6netiminde Stres"},"content":{"rendered":"<p>\u00c7a\u011fda\u015f ya\u015fam\u0131n ayr\u0131lmaz bir par\u00e7as\u0131 haline gelen stres, a\u015f\u0131r\u0131 oldu\u011funda yaln\u0131zca ki\u015finin i\u015f performans\u0131n\u0131 etkilemekle kalmay\u0131p ayn\u0131 zamanda i\u015f g\u00f6renlerin bedensel ve ruhsal sa\u011fl\u0131\u011f\u0131n\u0131 da olumsuz etkilemektedir.\u00c7a\u011fda\u015f y\u00f6netim anlay\u0131\u015flar\u0131, \u00f6rg\u00fct\u00fcn insan boyutuna b\u00fcy\u00fck \u00f6nem vermektedir. E\u011fitim kurumlar\u0131nda bu durum daha da belirgin bir durum almaktad\u0131r. Bu a\u00e7\u0131dan \u00e7al\u0131\u015fan y\u00f6neticilerin i\u00e7inde bulundu\u011fu psikolojik durum, onlar\u0131n i\u015flerine ve birlikte \u00e7al\u0131\u015ft\u0131klar\u0131 bireylere kar\u015f\u0131 tutumlar\u0131 e\u011fitim kurumunun y\u00f6netiminde ve kurum i\u00e7i ili\u015fkilerde \u00f6nemli bir rol oynamaktad\u0131r. E\u011fitim kurumlar\u0131n\u0131n psikolojik yap\u0131lar\u0131 ve sorunlar\u0131n\u0131n ortaya \u00e7\u0131kar\u0131lmas\u0131 ise ancak bilimsel ara\u015ft\u0131rmalarla olacakt\u0131r.<\/p>\n","protected":false},"excerpt":{"rendered":"<p>\u00c7a\u011fda\u015f ya\u015fam\u0131n ayr\u0131lmaz bir par\u00e7as\u0131 haline gelen stres, a\u015f\u0131r\u0131 oldu\u011funda yaln\u0131zca ki\u015finin i\u015f performans\u0131n\u0131 etkilemekle kalmay\u0131p ayn\u0131 zamanda i\u015f g\u00f6renlerin bedensel ve ruhsal sa\u011fl\u0131\u011f\u0131n\u0131 da olumsuz<span class=\"excerpt-hellip\"> [\u2026]<\/span><\/p>\n","protected":false},"featured_media":0,"template":"","meta":{"_monsterinsights_skip_tracking":false,"_monsterinsights_sitenote_active":false,"_monsterinsights_sitenote_note":"","_monsterinsights_sitenote_category":0},"product_brand":[],"product_cat":[13488],"product_tag":[],"class_list":{"0":"post-765412","1":"product","2":"type-product","3":"status-publish","5":"product_cat-toplum-ve-insan","6":"pa_cilt-ciltsiz","7":"pa_tur-kitap","8":"pa_yayinevi-akademik-kitaplar","9":"pa_yazar-kemal-soyturk","11":"first","12":"instock","13":"sale","14":"shipping-taxable","15":"purchasable","16":"product-type-simple"},"_links":{"self":[{"href":"https:\/\/roveyayinevi.com.tr\/index.php\/wp-json\/wp\/v2\/product\/765412","targetHints":{"allow":["GET"]}}],"collection":[{"href":"https:\/\/roveyayinevi.com.tr\/index.php\/wp-json\/wp\/v2\/product"}],"about":[{"href":"https:\/\/roveyayinevi.com.tr\/index.php\/wp-json\/wp\/v2\/types\/product"}],"wp:attachment":[{"href":"https:\/\/roveyayinevi.com.tr\/index.php\/wp-json\/wp\/v2\/media?parent=765412"}],"wp:term":[{"taxonomy":"product_brand","embeddable":true,"href":"https:\/\/roveyayinevi.com.tr\/index.php\/wp-json\/wp\/v2\/product_brand?post=765412"},{"taxonomy":"product_cat","embeddable":true,"href":"https:\/\/roveyayinevi.com.tr\/index.php\/wp-json\/wp\/v2\/product_cat?post=765412"},{"taxonomy":"product_tag","embeddable":true,"href":"https:\/\/roveyayinevi.com.tr\/index.php\/wp-json\/wp\/v2\/product_tag?post=765412"}],"curies":[{"name":"wp","href":"https:\/\/api.w.org\/{rel}","templated":true}]}}