{"id":765410,"date":"2025-08-28T11:42:28","date_gmt":"2025-08-28T08:42:28","guid":{"rendered":"https:\/\/roveyayinevi.com.tr\/index.php\/urun\/edebiyat-ve-insan\/"},"modified":"2026-04-15T03:31:02","modified_gmt":"2026-04-15T00:31:02","slug":"edebiyat-ve-insan","status":"publish","type":"product","link":"https:\/\/roveyayinevi.com.tr\/index.php\/urun\/edebiyat-ve-insan\/","title":{"rendered":"Edebiyat ve \u0130nsan"},"content":{"rendered":"<p>\u0130nsan, her \u015feyden \u00f6nce d\u00fc\u015f\u00fcnen, yorumlayan ve yeni \u015feyler ortaya koyan bir varl\u0131kt\u0131r. \u0130\u015fte bu \u00f6zellikler de onu di\u011fer canl\u0131lardan ay\u0131ran temel niteliklerin ba\u015f\u0131nda gelir. Ger\u00e7ekten insan\u0131 hayvandan ay\u0131ran ana \u00f6zellik, g\u00fczellik yaratma ve g\u00fczellik aramad\u0131r. \u0130nsan\u0131n yarat\u0131c\u0131 g\u00fcc\u00fcn\u00fc ve g\u00fczellik arama \u00e7abalar\u0131n\u0131 g\u00f6steren \u00f6nemli u\u011fra\u015fa &#8220;g\u00fczel sanatlar&#8221;diyoruz.Edebiyat eserlerinin b\u00fcy\u00fck bir b\u00f6l\u00fcm\u00fc, insanlar\u0131 \u00e7e\u015fitli bak\u0131mlardan e\u011fitmek amac\u0131yla yaz\u0131lm\u0131\u015ft\u0131r. T\u00fcrk edebiyat\u0131nda Yunus Emre, bir\u00e7ok \u015fiirini ve Risalet\u00fc&#8217;n-Nushiyye (nasihat kitab\u0131) adl\u0131 eserini, Mevlana Mesnevrsini, Nabi Hayriyye&#8217;sini, Nam\u0131k Kemal \u0130ntibah roman\u0131 ve tiyatro eserlerini, Ahmet Midhat romanlar\u0131n\u0131, Tevfik Fikret Haluk&#8217;un Defteri ve \u015eermin adl\u0131 eserlerini, Mehmet Akif Safahat&#8217;\u0131n\u0131, H\u00fcseyin Rahmi \u00e7o\u011fu romanlar\u0131n\u0131 edebiyat\u0131m\u0131zda bu \u00f6rnekler \u00e7o\u011falt\u0131labilir. Hep insanlara nas\u0131l ya\u015fan\u0131lmas\u0131, nelere de\u011fer verilmesi gerekti\u011fini \u00f6\u011fretmek amac\u0131yla yazm\u0131\u015flard\u0131r. Bug\u00fcn de kimi ele\u015ftirmenler i\u00e7erisinde edebiyat\u0131n insanc\u0131l ve toplumsal yarar g\u00fctmesini isteyenler \u00e7o\u011funluktad\u0131r.\u0130\u015fte b\u00fct\u00fcn bu y\u00f6nleriyle diyebiliriz ki sanat ve edebiyat\u0131n, genel anlamda insan\u0131 varl\u0131\u011f\u0131n\u0131n bilincine erdirerek iyiye, g\u00fczele ve do\u011fruya ula\u015ft\u0131ran &#8220;e\u011fitimle \u00e7ok s\u0131k\u0131 bir ili\u015fkisi vard\u0131r. Unutulmamal\u0131d\u0131r ki &#8220;edebiyat&#8221; s\u00f6zc\u00fc\u011f\u00fcn\u00fcn k\u00f6k\u00fcn\u00fc olu\u015fturan ve &#8220;terbiye &#8211; e\u011fitim&#8221; anlam\u0131na gelen&#8221;edep&#8221; kelimesi de bunun a\u00e7\u0131k kan\u0131t\u0131d\u0131r.Elinizdeki bu kitap, edebiyat\u0131 seven ve sevdirmeye \u00e7al\u0131\u015fan biri olarak akademik ya\u015fant\u0131m i\u00e7inde farkl\u0131 dergilerde yay\u0131mlad\u0131\u011f\u0131m ara\u015ft\u0131rma yaz\u0131lar\u0131, ulusal ve uluslar aras\u0131 sempozyum ve panellerde sunulan s\u00f6zl\u00fc bildirilerin derlenmesinden olu\u015fmaktad\u0131r. Bu yaz\u0131lar edebiyat\u00e7\u0131 \u015fahsiyetler ve edebiyat\u0131n baz\u0131 t\u00fcrleriyle ilgili yap\u0131lan \u00e7al\u0131\u015fmalar, \u00fc\u00e7\u00fcnc\u00fc olarak da T\u00fcrk dili ve edebiyat\u0131 \u00f6\u011fretimi alanlar\u0131nda yaz\u0131lm\u0131\u015f yaz\u0131lardan olu\u015fmaktad\u0131r.<\/p>\n","protected":false},"excerpt":{"rendered":"<p>\u0130nsan, her \u015feyden \u00f6nce d\u00fc\u015f\u00fcnen, yorumlayan ve yeni \u015feyler ortaya koyan bir varl\u0131kt\u0131r. \u0130\u015fte bu \u00f6zellikler de onu di\u011fer canl\u0131lardan ay\u0131ran temel niteliklerin ba\u015f\u0131nda gelir. Ger\u00e7ekten<span class=\"excerpt-hellip\"> [\u2026]<\/span><\/p>\n","protected":false},"featured_media":0,"template":"","meta":{"_monsterinsights_skip_tracking":false,"_monsterinsights_sitenote_active":false,"_monsterinsights_sitenote_note":"","_monsterinsights_sitenote_category":0},"product_brand":[],"product_cat":[12364],"product_tag":[],"class_list":{"0":"post-765410","1":"product","2":"type-product","3":"status-publish","5":"product_cat-genel-konular","6":"pa_cilt-ciltsiz","7":"pa_tur-kitap","8":"pa_yayinevi-akademik-kitaplar","9":"pa_yazar-mahmut-babacan","11":"first","12":"instock","13":"sale","14":"shipping-taxable","15":"purchasable","16":"product-type-simple"},"_links":{"self":[{"href":"https:\/\/roveyayinevi.com.tr\/index.php\/wp-json\/wp\/v2\/product\/765410","targetHints":{"allow":["GET"]}}],"collection":[{"href":"https:\/\/roveyayinevi.com.tr\/index.php\/wp-json\/wp\/v2\/product"}],"about":[{"href":"https:\/\/roveyayinevi.com.tr\/index.php\/wp-json\/wp\/v2\/types\/product"}],"wp:attachment":[{"href":"https:\/\/roveyayinevi.com.tr\/index.php\/wp-json\/wp\/v2\/media?parent=765410"}],"wp:term":[{"taxonomy":"product_brand","embeddable":true,"href":"https:\/\/roveyayinevi.com.tr\/index.php\/wp-json\/wp\/v2\/product_brand?post=765410"},{"taxonomy":"product_cat","embeddable":true,"href":"https:\/\/roveyayinevi.com.tr\/index.php\/wp-json\/wp\/v2\/product_cat?post=765410"},{"taxonomy":"product_tag","embeddable":true,"href":"https:\/\/roveyayinevi.com.tr\/index.php\/wp-json\/wp\/v2\/product_tag?post=765410"}],"curies":[{"name":"wp","href":"https:\/\/api.w.org\/{rel}","templated":true}]}}