{"id":765403,"date":"2025-08-28T11:42:14","date_gmt":"2025-08-28T08:42:14","guid":{"rendered":"https:\/\/roveyayinevi.com.tr\/index.php\/urun\/huseyin-kami-dehri-divancesi\/"},"modified":"2026-04-15T03:31:01","modified_gmt":"2026-04-15T00:31:01","slug":"huseyin-kami-dehri-divancesi","status":"publish","type":"product","link":"https:\/\/roveyayinevi.com.tr\/index.php\/urun\/huseyin-kami-dehri-divancesi\/","title":{"rendered":"H\u00fcseyin Kami Dehri Divan\u00e7esi"},"content":{"rendered":"<p>2. Abd\u00fclhamid ve 2. Me\u015frutiyet d\u00f6nemlerinde \u0130stanbul matbuat\u0131n\u0131n \u00f6nemli ismi H\u00fcseyin K\u00e2m\u00ee Bey kl\u00e2sik \u015fiirimize ait naz\u0131m t\u00fcr ve \u015fekilleriyle sosyal ele\u015ftiri i\u00e7erikli \u015fiirler yazan \u015fairlerdendir.Kl\u00e2sik \u015fiirimizin zirve \u015fahsiyetlerinden Fuz\u00fbl\u00ee, Nef\u00ee, Ned\u00eem ile son d\u00f6nemin \u00f6nemli \u015fahsiyetleri Rec\u00e2iz\u00e2de Mahm\u00fbd Ekrem ve \u00c2kif Pa\u015fa gibi \u015fairlerin \u015fiirlerini tanz\u00eer ederek veya tehz\u00eel yoluyla devir ele\u015ftirisi yapan kas\u00eede ve gazeller kaleme alm\u0131\u015ft\u0131r.H\u00fcseyin K\u00e2m\u00ee Bey bu \u015fiirlerini -nesir yaz\u0131lar\u0131n\u0131 da ekleyerek- 1912 y\u0131l\u0131nda Dehr\u00ee D\u00eev\u00e2n\u00e7esi ad\u0131yla bast\u0131rm\u0131\u015ft\u0131r.Bu \u00e7al\u0131\u015fmada, H\u00fcseyin K\u00e2m\u00ee Bey&#8217;in hareketli ya\u015fam\u0131 ve b\u00fcy\u00fck k\u0131sm\u0131 tehz\u00eel olan manzumeleri ile yine \u00e7o\u011fu sosyal ele\u015ftiri olan nesir yaz\u0131lar\u0131 ele al\u0131nmaktad\u0131r.<\/p>\n","protected":false},"excerpt":{"rendered":"<p>2. Abd\u00fclhamid ve 2. Me\u015frutiyet d\u00f6nemlerinde \u0130stanbul matbuat\u0131n\u0131n \u00f6nemli ismi H\u00fcseyin K\u00e2m\u00ee Bey kl\u00e2sik \u015fiirimize ait naz\u0131m t\u00fcr ve \u015fekilleriyle sosyal ele\u015ftiri i\u00e7erikli \u015fiirler yazan \u015fairlerdendir.Kl\u00e2sik<span class=\"excerpt-hellip\"> [\u2026]<\/span><\/p>\n","protected":false},"featured_media":0,"template":"","meta":{"_monsterinsights_skip_tracking":false,"_monsterinsights_sitenote_active":false,"_monsterinsights_sitenote_note":"","_monsterinsights_sitenote_category":0},"product_brand":[],"product_cat":[12291,12711],"product_tag":[],"class_list":{"0":"post-765403","1":"product","2":"type-product","3":"status-publish","5":"product_cat-edebiyat","6":"product_cat-roman-oyku","7":"pa_cilt-ciltsiz","8":"pa_tur-kitap","9":"pa_yayinevi-akademik-kitaplar","10":"pa_yazar-huseyin-kami","12":"first","13":"instock","14":"sale","15":"shipping-taxable","16":"purchasable","17":"product-type-simple"},"_links":{"self":[{"href":"https:\/\/roveyayinevi.com.tr\/index.php\/wp-json\/wp\/v2\/product\/765403","targetHints":{"allow":["GET"]}}],"collection":[{"href":"https:\/\/roveyayinevi.com.tr\/index.php\/wp-json\/wp\/v2\/product"}],"about":[{"href":"https:\/\/roveyayinevi.com.tr\/index.php\/wp-json\/wp\/v2\/types\/product"}],"wp:attachment":[{"href":"https:\/\/roveyayinevi.com.tr\/index.php\/wp-json\/wp\/v2\/media?parent=765403"}],"wp:term":[{"taxonomy":"product_brand","embeddable":true,"href":"https:\/\/roveyayinevi.com.tr\/index.php\/wp-json\/wp\/v2\/product_brand?post=765403"},{"taxonomy":"product_cat","embeddable":true,"href":"https:\/\/roveyayinevi.com.tr\/index.php\/wp-json\/wp\/v2\/product_cat?post=765403"},{"taxonomy":"product_tag","embeddable":true,"href":"https:\/\/roveyayinevi.com.tr\/index.php\/wp-json\/wp\/v2\/product_tag?post=765403"}],"curies":[{"name":"wp","href":"https:\/\/api.w.org\/{rel}","templated":true}]}}