{"id":765398,"date":"2025-08-28T11:42:04","date_gmt":"2025-08-28T08:42:04","guid":{"rendered":"https:\/\/roveyayinevi.com.tr\/index.php\/urun\/berdel-yazari-esma-ocak-hayati-ve-eserleri\/"},"modified":"2026-04-15T03:31:01","modified_gmt":"2026-04-15T00:31:01","slug":"berdel-yazari-esma-ocak-hayati-ve-eserleri","status":"publish","type":"product","link":"https:\/\/roveyayinevi.com.tr\/index.php\/urun\/berdel-yazari-esma-ocak-hayati-ve-eserleri\/","title":{"rendered":"Berdel Yazar\u0131 Esma Ocak Hayat\u0131 ve Eserleri"},"content":{"rendered":"<p>Yazd\u0131\u011f\u0131 hikaye, roman, biyografi, tiyatro alan\u0131ndaki eserleriyle, Diyarbak\u0131r k\u00f6ylerine, \u00f6zellikle k\u00f6yl\u00fc kad\u0131nlar\u0131n ya\u015fad\u0131klar\u0131na dikkatlerimizi \u00e7eken yazar Esma Ocak 26 May\u0131s 2011 tarihinde aram\u0131zdan ayr\u0131ld\u0131.Esma Ocak, ya\u015fad\u0131\u011f\u0131 d\u00f6nem toplumunun alg\u0131s\u0131na, sosyal sorunlara, bilhassa k\u00f6yl\u00fc kad\u0131nlara dair geni\u015f bir perspektif sunmu\u015f eserlerinde. Bir ayd\u0131n kad\u0131n g\u00f6z\u00fcnden i\u00e7inde bulundu\u011fu k\u00fclt\u00fcre ve sosyal hayata dair kay\u0131t tutmu\u015f.Esma Ocak, vicdan\u0131na; &#8220;\u00c7ocuklar\u0131m\u0131za, torunlar\u0131m\u0131za, atalar\u0131ndan, dedelerinden birka\u00e7 \u00f6rnek olsun, sunmadan m\u0131 g\u00f6\u00e7\u00fcp gidelim \u015fu d\u00fcnyadan?&#8221; sorusunu soran bir yazard\u0131. Bu \u00e7al\u0131\u015fmada vicdan\u0131n\u0131n sesine kay\u0131ts\u0131z kalmayan, kendisinden sonraki nesillere ve gelece\u011fe \u00e7ok a\u00e7\u0131dan sorunlu ama bir o kadar zengin k\u00fclt\u00fcrel miras\u0131 aktaran ayd\u0131n bir kad\u0131n portresi g\u00f6receksiniz. Kemal Timur&#8217;un ince i\u015f\u00e7ili\u011finde Berdel yazar\u0131 Esma Ocak&#8217;\u0131n eserlerinden hareketle hayat hikayesini okuyacak, eserlerinden \u00f6rnekler bulacaks\u0131n\u0131z.<\/p>\n","protected":false},"excerpt":{"rendered":"<p>Yazd\u0131\u011f\u0131 hikaye, roman, biyografi, tiyatro alan\u0131ndaki eserleriyle, Diyarbak\u0131r k\u00f6ylerine, \u00f6zellikle k\u00f6yl\u00fc kad\u0131nlar\u0131n ya\u015fad\u0131klar\u0131na dikkatlerimizi \u00e7eken yazar Esma Ocak 26 May\u0131s 2011 tarihinde aram\u0131zdan ayr\u0131ld\u0131.Esma Ocak, ya\u015fad\u0131\u011f\u0131<span class=\"excerpt-hellip\"> [\u2026]<\/span><\/p>\n","protected":false},"featured_media":0,"template":"","meta":{"_monsterinsights_skip_tracking":false,"_monsterinsights_sitenote_active":false,"_monsterinsights_sitenote_note":"","_monsterinsights_sitenote_category":0},"product_brand":[],"product_cat":[14009,12291],"product_tag":[],"class_list":{"0":"post-765398","1":"product","2":"type-product","3":"status-publish","5":"product_cat-biyografi-otobiyografi-edebiyat","6":"product_cat-edebiyat","7":"pa_cilt-ciltsiz","8":"pa_tur-kitap","9":"pa_yayinevi-akademik-kitaplar","10":"pa_yazar-kemal-timur","12":"first","13":"instock","14":"sale","15":"shipping-taxable","16":"purchasable","17":"product-type-simple"},"_links":{"self":[{"href":"https:\/\/roveyayinevi.com.tr\/index.php\/wp-json\/wp\/v2\/product\/765398","targetHints":{"allow":["GET"]}}],"collection":[{"href":"https:\/\/roveyayinevi.com.tr\/index.php\/wp-json\/wp\/v2\/product"}],"about":[{"href":"https:\/\/roveyayinevi.com.tr\/index.php\/wp-json\/wp\/v2\/types\/product"}],"wp:attachment":[{"href":"https:\/\/roveyayinevi.com.tr\/index.php\/wp-json\/wp\/v2\/media?parent=765398"}],"wp:term":[{"taxonomy":"product_brand","embeddable":true,"href":"https:\/\/roveyayinevi.com.tr\/index.php\/wp-json\/wp\/v2\/product_brand?post=765398"},{"taxonomy":"product_cat","embeddable":true,"href":"https:\/\/roveyayinevi.com.tr\/index.php\/wp-json\/wp\/v2\/product_cat?post=765398"},{"taxonomy":"product_tag","embeddable":true,"href":"https:\/\/roveyayinevi.com.tr\/index.php\/wp-json\/wp\/v2\/product_tag?post=765398"}],"curies":[{"name":"wp","href":"https:\/\/api.w.org\/{rel}","templated":true}]}}