{"id":765397,"date":"2025-08-28T11:42:03","date_gmt":"2025-08-28T08:42:03","guid":{"rendered":"https:\/\/roveyayinevi.com.tr\/index.php\/urun\/balkanlardaki-yatir-turbe-tekke-ve-zaviyelerimiz\/"},"modified":"2026-04-15T03:31:01","modified_gmt":"2026-04-15T00:31:01","slug":"balkanlardaki-yatir-turbe-tekke-ve-zaviyelerimiz","status":"publish","type":"product","link":"https:\/\/roveyayinevi.com.tr\/index.php\/urun\/balkanlardaki-yatir-turbe-tekke-ve-zaviyelerimiz\/","title":{"rendered":"Balkanlardaki Yat\u0131r, T\u00fcrbe, Tekke ve Zaviyelerimiz"},"content":{"rendered":"<p>Her toplum bir yerden bir yere g\u00f6\u00e7 ederken, sadece oralara yerle\u015fmekle kalmam\u0131\u015f, kendi k\u00fclt\u00fcr\u00fcn\u00fc ve inanc\u0131n\u0131 da beraberinde ta\u015f\u0131m\u0131\u015ft\u0131r. Bu Balkanlarda halklar aras\u0131nda ortak k\u00fclt\u00fcr olmu\u015f ve toplumlar\u0131 birbirine yakla\u015ft\u0131rm\u0131\u015ft\u0131r. San\u0131lmas\u0131n ki Balkanlar sadece silah zoru ile al\u0131nd\u0131 Balkanlar\u0131n fetheden ve onu T\u00fcrk Yurdu haline getirenler isimsiz kefensiz kahramanlard\u0131r. Bu kahramanlar ve k\u00fclt\u00fcre hizmeti ge\u00e7mi\u015f tekke zaviyeleri yaz\u0131l\u0131 ve s\u00f6zl\u00fc kaynaklardan derleyebildi\u011fimiz kadar\u0131yla yazmaya \u00e7al\u0131\u015ft\u0131k. Bu yazd\u0131klar\u0131m\u0131z belki de %1 yoktur. O kadar t\u00fcrbe, tekke, zaviye, derg\u00e2h yok edilmi\u015f ki ayn\u0131 yere yeniden tekrar tekrar ba\u015fka adlar ile kurulmu\u015flard\u0131r. Pek \u00e7ok yat\u0131r tekke kayd\u0131na Osmanl\u0131 ar\u015fiv kaynaklar\u0131nda rastlamaktay\u0131z. \u0130talya&#8217;da Kadim baba derg\u00e2h\u0131, Fransa&#8217;da Divane Baba derg\u00e2h\u0131 ve Ukrayna&#8217;da S\u00fcmb\u00fcl Baba derg\u00e2hlar\u0131 sadece isimleri tespit edilenlerdendir.  Bazen k\u0131sa bir bilgi bazen de sadece adlar\u0131 veya yerleri bilinmektedir. Osmanl\u0131 ar\u015fivi belgeleri okunduk\u00e7a bu say\u0131lar daha artacak daha \u00e7ok belge ve bilgiye sahip olaca\u011f\u0131m\u0131z\u0131 umuyoruz.  Bu kitapta elimizdeki bilgileri belgelendirerek siz de\u011ferli halk\u0131m\u0131z\u0131n be\u011fenisine sunuyoruz.<\/p>\n","protected":false},"excerpt":{"rendered":"<p>Her toplum bir yerden bir yere g\u00f6\u00e7 ederken, sadece oralara yerle\u015fmekle kalmam\u0131\u015f, kendi k\u00fclt\u00fcr\u00fcn\u00fc ve inanc\u0131n\u0131 da beraberinde ta\u015f\u0131m\u0131\u015ft\u0131r. Bu Balkanlarda halklar aras\u0131nda ortak k\u00fclt\u00fcr olmu\u015f<span class=\"excerpt-hellip\"> [\u2026]<\/span><\/p>\n","protected":false},"featured_media":0,"template":"","meta":{"_monsterinsights_skip_tracking":false,"_monsterinsights_sitenote_active":false,"_monsterinsights_sitenote_note":"","_monsterinsights_sitenote_category":0},"product_brand":[],"product_cat":[13036,12718,12719],"product_tag":[],"class_list":{"0":"post-765397","1":"product","2":"type-product","3":"status-publish","5":"product_cat-arastirma-inceleme-islam","6":"product_cat-din","7":"product_cat-islam","8":"pa_cilt-ciltli","9":"pa_tur-kitap","10":"pa_yayinevi-akademik-kitaplar","11":"pa_yazar-refik-engin","13":"first","14":"instock","15":"sale","16":"shipping-taxable","17":"purchasable","18":"product-type-simple"},"_links":{"self":[{"href":"https:\/\/roveyayinevi.com.tr\/index.php\/wp-json\/wp\/v2\/product\/765397","targetHints":{"allow":["GET"]}}],"collection":[{"href":"https:\/\/roveyayinevi.com.tr\/index.php\/wp-json\/wp\/v2\/product"}],"about":[{"href":"https:\/\/roveyayinevi.com.tr\/index.php\/wp-json\/wp\/v2\/types\/product"}],"wp:attachment":[{"href":"https:\/\/roveyayinevi.com.tr\/index.php\/wp-json\/wp\/v2\/media?parent=765397"}],"wp:term":[{"taxonomy":"product_brand","embeddable":true,"href":"https:\/\/roveyayinevi.com.tr\/index.php\/wp-json\/wp\/v2\/product_brand?post=765397"},{"taxonomy":"product_cat","embeddable":true,"href":"https:\/\/roveyayinevi.com.tr\/index.php\/wp-json\/wp\/v2\/product_cat?post=765397"},{"taxonomy":"product_tag","embeddable":true,"href":"https:\/\/roveyayinevi.com.tr\/index.php\/wp-json\/wp\/v2\/product_tag?post=765397"}],"curies":[{"name":"wp","href":"https:\/\/api.w.org\/{rel}","templated":true}]}}