{"id":765396,"date":"2025-08-28T11:42:02","date_gmt":"2025-08-28T08:42:02","guid":{"rendered":"https:\/\/roveyayinevi.com.tr\/index.php\/urun\/aykiri-ergenlerin-psikolojisi\/"},"modified":"2026-04-15T03:31:01","modified_gmt":"2026-04-15T00:31:01","slug":"aykiri-ergenlerin-psikolojisi","status":"publish","type":"product","link":"https:\/\/roveyayinevi.com.tr\/index.php\/urun\/aykiri-ergenlerin-psikolojisi\/","title":{"rendered":"Ayk\u0131r\u0131 Ergenlerin Psikolojisi"},"content":{"rendered":"<p>Bu eseri haz\u0131rlarken \u00f6ng\u00f6r\u00fclen maksatlar\u0131n ger\u00e7ekle\u015fmesi i\u00e7in a\u015fa\u011f\u0131da verilen bir dizi somut hedeflerin ba\u015far\u0131lmas\u0131na gayret g\u00f6sterilmi\u015ftir:- Ergenlerin davran\u0131\u015flar\u0131nda kendini g\u00f6steren anti-sosyal, sald\u0131rgan, y\u0131k\u0131c\u0131, problem ve sapk\u0131n ayk\u0131r\u0131 davran\u0131\u015f tem\u00e2y\u00fcllerinin sosyal-psikolojik mahiyetinin a\u00e7\u0131\u011fa \u00e7\u0131kar\u0131lmas\u0131,- Konunun ara\u015ft\u0131r\u0131lmas\u0131 s\u00fcrecine yard\u0131mc\u0131 olacak temel \u00f6nerme ve prensiplerin belirlenmesi,- Anti-sosyal, sald\u0131rgan, y\u0131k\u0131c\u0131, problem ve sapk\u0131n ayk\u0131r\u0131 davran\u0131\u015f\u0131n \u00f6z\u00fc ve i\u00e7eri\u011fi ile ilgili felsefi, hukuki, pedagojik, t\u0131bbi ve psikolojik literat\u00fcr\u00fcn g\u00f6zden ge\u00e7irilmesi,- Mevcut ortam ve ko\u015fullarda ergenlerde anti-sosyal, sald\u0131rgan, y\u0131k\u0131c\u0131, sapk\u0131n ve hukuk d\u0131\u015f\u0131 ayk\u0131r\u0131 davran\u0131\u015flara neden olan sosyal ve psikolojik fakt\u00f6rlerin belirlenmesi,- Baz\u0131 ergenlerde g\u00f6r\u00fclen davran\u0131\u015f bozukluklar\u0131, psikolojik problemler; toplumsal normlara ve hukuka ayk\u0131r\u0131 davran\u0131\u015flar\u0131n \u00f6nlenmesi ve ortadan kald\u0131r\u0131lmas\u0131nda de\u011ferlerin \u00f6nemine dikkatlerin \u00e7ekilmesi,- Ergenlerin davran\u0131\u015f problemlerinin, anti-sosyal ve hukuk d\u0131\u015f\u0131 davran\u0131\u015flar\u0131n\u0131n \u00f6nlenmesi, iyile\u015ftirilmesi, d\u00fczeltilmesi ve esasen ortadan kald\u0131r\u0131lmas\u0131nda etkili olabilecek yol, y\u00f6ntem ve ara\u00e7lar\u0131n bulunmas\u0131 ama\u00e7lanm\u0131\u015ft\u0131r. Ayr\u0131ca;- Ergenlerin anti-sosyal, sald\u0131rgan, y\u0131k\u0131c\u0131, sapk\u0131n ve hukuk d\u0131\u015f\u0131 ayk\u0131r\u0131 davran\u0131\u015flar\u0131n\u0131n ortaya \u00e7\u0131kard\u0131\u011f\u0131 hukuki ve psikolojik komplikasyonlar\u0131n sistematik bir \u00e7er\u00e7evede ele al\u0131nmas\u0131na gayret g\u00f6sterilmi\u015f,- Davran\u0131\u015f bozukluklar\u0131 ve psikolojik problemlerin ortaya \u00e7\u0131kmas\u0131n\u0131n temel nedenleri ve mekanizmalar\u0131 a\u00e7\u0131klanmaya \u00e7al\u0131\u015f\u0131lm\u0131\u015f,- Ergenlerde anti-sosyal, sald\u0131rgan, y\u0131k\u0131c\u0131 ve hukuk d\u0131\u015f\u0131 ayk\u0131r\u0131 davran\u0131\u015flar\u0131n \u00e7ok say\u0131da ve \u00e7e\u015fitli belirtileri ile bu t\u00fcr davran\u0131\u015flar\u0131n olu\u015fumunda etkili olan fakt\u00f6rlerin karma\u015f\u0131kl\u0131\u011f\u0131na dikkat \u00e7ekilmi\u015ftir.<\/p>\n","protected":false},"excerpt":{"rendered":"<p>Bu eseri haz\u0131rlarken \u00f6ng\u00f6r\u00fclen maksatlar\u0131n ger\u00e7ekle\u015fmesi i\u00e7in a\u015fa\u011f\u0131da verilen bir dizi somut hedeflerin ba\u015far\u0131lmas\u0131na gayret g\u00f6sterilmi\u015ftir:- Ergenlerin davran\u0131\u015flar\u0131nda kendini g\u00f6steren anti-sosyal, sald\u0131rgan, y\u0131k\u0131c\u0131, problem ve sapk\u0131n<span class=\"excerpt-hellip\"> [\u2026]<\/span><\/p>\n","protected":false},"featured_media":0,"template":"","meta":{"_monsterinsights_skip_tracking":false,"_monsterinsights_sitenote_active":false,"_monsterinsights_sitenote_note":"","_monsterinsights_sitenote_category":0},"product_brand":[],"product_cat":[12679,12357],"product_tag":[],"class_list":{"0":"post-765396","1":"product","2":"type-product","3":"status-publish","5":"product_cat-cocuk-psikolojisi","6":"product_cat-psikoloji","7":"pa_cilt-ciltsiz","8":"pa_tur-kitap","9":"pa_yayinevi-akademik-kitaplar","10":"pa_yazar-huseyin-sahin","12":"first","13":"instock","14":"sale","15":"shipping-taxable","16":"purchasable","17":"product-type-simple"},"_links":{"self":[{"href":"https:\/\/roveyayinevi.com.tr\/index.php\/wp-json\/wp\/v2\/product\/765396","targetHints":{"allow":["GET"]}}],"collection":[{"href":"https:\/\/roveyayinevi.com.tr\/index.php\/wp-json\/wp\/v2\/product"}],"about":[{"href":"https:\/\/roveyayinevi.com.tr\/index.php\/wp-json\/wp\/v2\/types\/product"}],"wp:attachment":[{"href":"https:\/\/roveyayinevi.com.tr\/index.php\/wp-json\/wp\/v2\/media?parent=765396"}],"wp:term":[{"taxonomy":"product_brand","embeddable":true,"href":"https:\/\/roveyayinevi.com.tr\/index.php\/wp-json\/wp\/v2\/product_brand?post=765396"},{"taxonomy":"product_cat","embeddable":true,"href":"https:\/\/roveyayinevi.com.tr\/index.php\/wp-json\/wp\/v2\/product_cat?post=765396"},{"taxonomy":"product_tag","embeddable":true,"href":"https:\/\/roveyayinevi.com.tr\/index.php\/wp-json\/wp\/v2\/product_tag?post=765396"}],"curies":[{"name":"wp","href":"https:\/\/api.w.org\/{rel}","templated":true}]}}