{"id":765387,"date":"2025-08-28T11:41:44","date_gmt":"2025-08-28T08:41:44","guid":{"rendered":"https:\/\/roveyayinevi.com.tr\/index.php\/urun\/mobukonun-aski-9\/"},"modified":"2026-04-15T03:31:01","modified_gmt":"2026-04-15T00:31:01","slug":"mobukonun-aski-9","status":"publish","type":"product","link":"https:\/\/roveyayinevi.com.tr\/index.php\/urun\/mobukonun-aski-9\/","title":{"rendered":"Mobuko\u2019nun A\u015fk\u0131 &#8211; 9"},"content":{"rendered":"<p>\u00d6p\u00fc\u015fmeden fazlas\u0131n\u0131 yapmak korkutuyor. Ancak senin yan\u0131ndan ayr\u0131lam\u0131yorum.Beklenmedik bir \u015fekilde ba\u015flayan y\u0131l sonu gezisinde ikili, aniden bir i\u015f otelinde ayn\u0131 odada kalmaya karar veriyor.\u201cEl ele tutu\u015ftu\u011fumuzda da \u00f6p\u00fc\u015ft\u00fc\u011f\u00fcm\u00fczde de her zaman i\u00e7im k\u0131p\u0131r k\u0131p\u0131rd\u0131.\u201d\u201cAma \u015fu an&#8230;\u201dBa\u015f ba\u015fa ge\u00e7irecekleri gece yakla\u015f\u0131yor ve bir t\u00fcrl\u00fc sakinle\u015femiyorlar.<\/p>\n","protected":false},"excerpt":{"rendered":"<p>\u00d6p\u00fc\u015fmeden fazlas\u0131n\u0131 yapmak korkutuyor. Ancak senin yan\u0131ndan ayr\u0131lam\u0131yorum.Beklenmedik bir \u015fekilde ba\u015flayan y\u0131l sonu gezisinde ikili, aniden bir i\u015f otelinde ayn\u0131 odada kalmaya karar veriyor.\u201cEl ele tutu\u015ftu\u011fumuzda<span class=\"excerpt-hellip\"> [\u2026]<\/span><\/p>\n","protected":false},"featured_media":0,"template":"","meta":{"_monsterinsights_skip_tracking":false,"_monsterinsights_sitenote_active":false,"_monsterinsights_sitenote_note":"","_monsterinsights_sitenote_category":0},"product_brand":[],"product_cat":[12416,12291],"product_tag":[],"class_list":{"0":"post-765387","1":"product","2":"type-product","3":"status-publish","5":"product_cat-cizgi-roman","6":"product_cat-edebiyat","7":"pa_cilt-ciltsiz","8":"pa_tur-kitap","9":"pa_yayinevi-kayip-kita-yayinlari","10":"pa_yazar-akane-tamura","12":"first","13":"instock","14":"sale","15":"shipping-taxable","16":"purchasable","17":"product-type-simple"},"_links":{"self":[{"href":"https:\/\/roveyayinevi.com.tr\/index.php\/wp-json\/wp\/v2\/product\/765387","targetHints":{"allow":["GET"]}}],"collection":[{"href":"https:\/\/roveyayinevi.com.tr\/index.php\/wp-json\/wp\/v2\/product"}],"about":[{"href":"https:\/\/roveyayinevi.com.tr\/index.php\/wp-json\/wp\/v2\/types\/product"}],"wp:attachment":[{"href":"https:\/\/roveyayinevi.com.tr\/index.php\/wp-json\/wp\/v2\/media?parent=765387"}],"wp:term":[{"taxonomy":"product_brand","embeddable":true,"href":"https:\/\/roveyayinevi.com.tr\/index.php\/wp-json\/wp\/v2\/product_brand?post=765387"},{"taxonomy":"product_cat","embeddable":true,"href":"https:\/\/roveyayinevi.com.tr\/index.php\/wp-json\/wp\/v2\/product_cat?post=765387"},{"taxonomy":"product_tag","embeddable":true,"href":"https:\/\/roveyayinevi.com.tr\/index.php\/wp-json\/wp\/v2\/product_tag?post=765387"}],"curies":[{"name":"wp","href":"https:\/\/api.w.org\/{rel}","templated":true}]}}