{"id":765368,"date":"2025-08-28T11:41:02","date_gmt":"2025-08-28T08:41:02","guid":{"rendered":"https:\/\/roveyayinevi.com.tr\/index.php\/urun\/kirmizi-guller-cabuk-solar\/"},"modified":"2026-04-15T03:31:01","modified_gmt":"2026-04-15T00:31:01","slug":"kirmizi-guller-cabuk-solar","status":"publish","type":"product","link":"https:\/\/roveyayinevi.com.tr\/index.php\/urun\/kirmizi-guller-cabuk-solar\/","title":{"rendered":"K\u0131rm\u0131z\u0131 G\u00fcller \u00c7abuk Solar"},"content":{"rendered":"<p>12 Eyl\u00fcl 1980\u2019in karabulutlar\u0131 T\u00fcrkiye\u2019yi karanl\u0131klara s\u00fcr\u00fcklerken, o yoksullu\u011fun, o imk\u00e2ns\u0131zl\u0131klar\u0131n, o haks\u0131zl\u0131klar\u0131n, o adaletsizliklerin ortas\u0131nda cesaretiyle kendini var eden g\u00fc\u00e7l\u00fc bir kad\u0131n\u0131n hik\u00e2yesi&#8230; \u201cVe unutma Zu\u0308mru\u0308t; tu\u0308m \u00e7i\u00e7ekler yava\u015f yava\u015f, k\u0131rm\u0131z\u0131 gu\u0308ller \u00e7abuk solar.\u201d 1980 y\u0131l\u0131n\u0131n May\u0131s ay\u0131nda, Dilekta\u015f\u0131 Mahallesi&#8217;ndeki aylard\u0131r bo\u015f olan daireye gen\u00e7 bir adam ta\u015f\u0131nd\u0131. Tek ba\u015f\u0131nayd\u0131, bir kar\u0131s\u0131 veya \u00e7ocuklar\u0131 yoktu. Kimseyle konu\u015fmazd\u0131 ve so\u011fuk \u00e7ehresi, tenindeki yan\u0131\u011fa benzer farkl\u0131 renkte izleri, \u015fu\u0308pheli hareketleri nedeniyle kimsenin de onunla konu\u015fmaya niyeti pek yoktu. Mahalleli, d\u00f6nemin \u015fartlar\u0131n\u0131 da g\u00f6z \u00f6nu\u0308nde bulundurarak bu suskun ve gizemli adam\u0131n bir ajan oldu\u011funa karar vermi\u015fti. Adama kendi aralar\u0131nda Dilsiz Ajan diye sesleniyorlard\u0131. Zu\u0308mru\u0308t Ayten \u00d6zsoy ise henu\u0308z yirmisine yeni basm\u0131\u015ft\u0131. Alt\u0131 \u00e7ocuklu bir ailenin ikinci \u00e7ocu\u011fuydu. Hayat hakk\u0131nda bilgisi bu aileyle ve bu mahalleyle s\u0131n\u0131rl\u0131yd\u0131. Hayallerini baltalayan \u015fey yoksulluk ve yoksullu\u011funun sebebi ise ba\u015flar\u0131ndaki sorumsuz babalar\u0131yd\u0131. \u00c7o\u011funlukla bu kalabal\u0131k mahallenin c\u0131v\u0131lt\u0131s\u0131nda \u00f6mru\u0308nu\u0308n \u00e7u\u0308ru\u0308yece\u011fini ve ailesine ra\u011fmen yapayaln\u0131z \u00f6lece\u011fini du\u0308\u015fu\u0308nu\u0308rdu\u0308. Onun i\u00e7in hayat, \u0131\u015f\u0131lt\u0131l\u0131 bir oyun sahnesiydi ve bu sahne, ak\u015fam babas\u0131 eve geldikten sonra perdelerini kapatarak karanl\u0131\u011fa bu\u0308ru\u0308nu\u0308rdu\u0308. Ve bir gu\u0308n Dilsiz Ajan nihayet konu\u015ftu. Zu\u0308mru\u0308t Ayten \u00d6zsoy ise hayallerine \u00e7ok yak\u0131n oldu\u011funun henu\u0308z fark\u0131nda de\u011fildi.<\/p>\n","protected":false},"excerpt":{"rendered":"<p>12 Eyl\u00fcl 1980\u2019in karabulutlar\u0131 T\u00fcrkiye\u2019yi karanl\u0131klara s\u00fcr\u00fcklerken, o yoksullu\u011fun, o imk\u00e2ns\u0131zl\u0131klar\u0131n, o haks\u0131zl\u0131klar\u0131n, o adaletsizliklerin ortas\u0131nda cesaretiyle kendini var eden g\u00fc\u00e7l\u00fc bir kad\u0131n\u0131n hik\u00e2yesi&#8230; \u201cVe unutma<span class=\"excerpt-hellip\"> [\u2026]<\/span><\/p>\n","protected":false},"featured_media":0,"template":"","meta":{"_monsterinsights_skip_tracking":false,"_monsterinsights_sitenote_active":false,"_monsterinsights_sitenote_note":"","_monsterinsights_sitenote_category":0},"product_brand":[],"product_cat":[12291,12711],"product_tag":[],"class_list":{"0":"post-765368","1":"product","2":"type-product","3":"status-publish","5":"product_cat-edebiyat","6":"product_cat-roman-oyku","7":"pa_cilt-ciltsiz","8":"pa_tur-kitap","9":"pa_yayinevi-artemis-yayinlari","10":"pa_yazar-ceyda-kalender","12":"first","13":"instock","14":"sale","15":"shipping-taxable","16":"purchasable","17":"product-type-simple"},"_links":{"self":[{"href":"https:\/\/roveyayinevi.com.tr\/index.php\/wp-json\/wp\/v2\/product\/765368","targetHints":{"allow":["GET"]}}],"collection":[{"href":"https:\/\/roveyayinevi.com.tr\/index.php\/wp-json\/wp\/v2\/product"}],"about":[{"href":"https:\/\/roveyayinevi.com.tr\/index.php\/wp-json\/wp\/v2\/types\/product"}],"wp:attachment":[{"href":"https:\/\/roveyayinevi.com.tr\/index.php\/wp-json\/wp\/v2\/media?parent=765368"}],"wp:term":[{"taxonomy":"product_brand","embeddable":true,"href":"https:\/\/roveyayinevi.com.tr\/index.php\/wp-json\/wp\/v2\/product_brand?post=765368"},{"taxonomy":"product_cat","embeddable":true,"href":"https:\/\/roveyayinevi.com.tr\/index.php\/wp-json\/wp\/v2\/product_cat?post=765368"},{"taxonomy":"product_tag","embeddable":true,"href":"https:\/\/roveyayinevi.com.tr\/index.php\/wp-json\/wp\/v2\/product_tag?post=765368"}],"curies":[{"name":"wp","href":"https:\/\/api.w.org\/{rel}","templated":true}]}}