{"id":765348,"date":"2025-08-28T11:40:14","date_gmt":"2025-08-28T08:40:14","guid":{"rendered":"https:\/\/roveyayinevi.com.tr\/index.php\/urun\/farz-et-ki\/"},"modified":"2026-01-30T04:00:36","modified_gmt":"2026-01-30T01:00:36","slug":"farz-et-ki","status":"publish","type":"product","link":"https:\/\/roveyayinevi.com.tr\/index.php\/urun\/farz-et-ki\/","title":{"rendered":"Farz et ki"},"content":{"rendered":"<p>\u015eu uzun gecenin gecelerinde Ben seni hi\u00e7 d\u00fc\u015flemedim farz et ki Onca \u015fiirimin dizelerinde Ben seni hi\u00e7 i\u015flemedim farz et ki   \u015eu g\u00f6nl\u00fcm\u00fcn ota\u011f\u0131 da olmad\u0131n Hayat\u0131m\u0131n tuta\u011f\u0131 da olmad\u0131n Bu sevdan\u0131n yata\u011f\u0131 da olmad\u0131n Bu sevdaya d\u00fc\u015fmedin hi\u00e7 farz et ki   \u015eu kalbimde \u015fim\u015fek gibi \u00e7akmad\u0131n O alev g\u00f6zlerle beni yakmad\u0131n Pencereden gizli gizli bakmad\u0131n Bu meftunu hi\u00e7 g\u00f6rmedin farz et ki Bu sevdan\u0131n yar\u0131n\u0131n\u0131 d\u00fcn\u00fcn\u00fc Benden yana hi\u00e7 d\u00f6nmedin y\u00f6n\u00fcn\u00fc Bensiz mutlu ge\u00e7irdin mi g\u00fcn\u00fcn\u00fc Bensiz daha mutlu oldun farz et ki   Kar\u015f\u0131la\u015f\u0131p h\u00e2l hat\u0131r\u0131n sorunca \u00c7arpmaz m\u0131yd\u0131 kalbin beni g\u00f6r\u00fcnce \u0130NCE MEMET ince belden sar\u0131ncaYanmaz m\u0131yd\u0131n alev, alev farz et ki<\/p>\n","protected":false},"excerpt":{"rendered":"<p>\u015eu uzun gecenin gecelerinde Ben seni hi\u00e7 d\u00fc\u015flemedim farz et ki Onca \u015fiirimin dizelerinde Ben seni hi\u00e7 i\u015flemedim farz et ki \u015eu g\u00f6nl\u00fcm\u00fcn ota\u011f\u0131 da olmad\u0131n<span class=\"excerpt-hellip\"> [\u2026]<\/span><\/p>\n","protected":false},"featured_media":0,"template":"","meta":{"_monsterinsights_skip_tracking":false,"_monsterinsights_sitenote_active":false,"_monsterinsights_sitenote_note":"","_monsterinsights_sitenote_category":0},"product_brand":[],"product_cat":[12291,12509],"product_tag":[],"class_list":{"0":"post-765348","1":"product","2":"type-product","3":"status-publish","5":"product_cat-edebiyat","6":"product_cat-siir","7":"pa_cilt-ciltsiz","8":"pa_tur-kitap","9":"pa_yayinevi-vova-yayinlari","10":"pa_yazar-mehmet-keskin","12":"first","13":"instock","14":"sale","15":"shipping-taxable","16":"purchasable","17":"product-type-simple"},"_links":{"self":[{"href":"https:\/\/roveyayinevi.com.tr\/index.php\/wp-json\/wp\/v2\/product\/765348","targetHints":{"allow":["GET"]}}],"collection":[{"href":"https:\/\/roveyayinevi.com.tr\/index.php\/wp-json\/wp\/v2\/product"}],"about":[{"href":"https:\/\/roveyayinevi.com.tr\/index.php\/wp-json\/wp\/v2\/types\/product"}],"wp:attachment":[{"href":"https:\/\/roveyayinevi.com.tr\/index.php\/wp-json\/wp\/v2\/media?parent=765348"}],"wp:term":[{"taxonomy":"product_brand","embeddable":true,"href":"https:\/\/roveyayinevi.com.tr\/index.php\/wp-json\/wp\/v2\/product_brand?post=765348"},{"taxonomy":"product_cat","embeddable":true,"href":"https:\/\/roveyayinevi.com.tr\/index.php\/wp-json\/wp\/v2\/product_cat?post=765348"},{"taxonomy":"product_tag","embeddable":true,"href":"https:\/\/roveyayinevi.com.tr\/index.php\/wp-json\/wp\/v2\/product_tag?post=765348"}],"curies":[{"name":"wp","href":"https:\/\/api.w.org\/{rel}","templated":true}]}}