{"id":765344,"date":"2025-08-28T11:40:06","date_gmt":"2025-08-28T08:40:06","guid":{"rendered":"https:\/\/roveyayinevi.com.tr\/index.php\/urun\/sarmasik-3\/"},"modified":"2026-01-30T04:00:36","modified_gmt":"2026-01-30T01:00:36","slug":"sarmasik-3","status":"publish","type":"product","link":"https:\/\/roveyayinevi.com.tr\/index.php\/urun\/sarmasik-3\/","title":{"rendered":"Sarma\u015f\u0131k"},"content":{"rendered":"<p>Ey duvar, Umutsuzca sar\u0131l\u0131yorum sana, Hi\u00e7 beklentim yok inan. Tek derdim \u015f\u00f6yle sa\u011flam bir zemin, Tutunabilmek i\u00e7in. Konu\u015fmasak da olur, \u00d6l\u00fcm\u00fcne susal\u0131m istersen, \u00d6yle dur sadece, bana yeter. Biraz can\u0131n\u0131 ac\u0131t\u0131yor olabilirim, \u0130dare et art\u0131k\u2026 Hem nas\u0131lsa, \u00fc\u00e7 vakit mi desem, Be\u015f vakit mi desem, Bir boyac\u0131 gelip silecek Sende b\u0131rakt\u0131\u011f\u0131m izleri. Hem bak topra\u011fa, O kadar can\u0131n\u0131 yak\u0131yor da ya\u011fmur, damlalar\u0131yla, Hi\u00e7 sesini \u00e7\u0131kar\u0131yor mu? Parampar\u00e7a ediyor bedenini topra\u011f\u0131n da, Hi\u00e7 \u015fik\u00e2yet ediyor mu? Sen de sus, bir \u015fey deme. \u00c7\u00fcnk\u00fc ben de a\u015f\u0131\u011f\u0131m sana\u2026 \u0130dare et art\u0131k\u2026 Bir mevsim mi desem, \u00dc\u00e7 mevsim mi desem, Bak g\u00f6r\u00fcrs\u00fcn gelecek boyac\u0131\u2026<\/p>\n","protected":false},"excerpt":{"rendered":"<p>Ey duvar, Umutsuzca sar\u0131l\u0131yorum sana, Hi\u00e7 beklentim yok inan. Tek derdim \u015f\u00f6yle sa\u011flam bir zemin, Tutunabilmek i\u00e7in. Konu\u015fmasak da olur, \u00d6l\u00fcm\u00fcne susal\u0131m istersen, \u00d6yle dur sadece,<span class=\"excerpt-hellip\"> [\u2026]<\/span><\/p>\n","protected":false},"featured_media":0,"template":"","meta":{"_monsterinsights_skip_tracking":false,"_monsterinsights_sitenote_active":false,"_monsterinsights_sitenote_note":"","_monsterinsights_sitenote_category":0},"product_brand":[],"product_cat":[12291,12509],"product_tag":[],"class_list":{"0":"post-765344","1":"product","2":"type-product","3":"status-publish","5":"product_cat-edebiyat","6":"product_cat-siir","7":"pa_cilt-ciltsiz","8":"pa_tur-kitap","9":"pa_yayinevi-vova-yayinlari","10":"pa_yazar-engin-acar","12":"first","13":"instock","14":"sale","15":"shipping-taxable","16":"purchasable","17":"product-type-simple"},"_links":{"self":[{"href":"https:\/\/roveyayinevi.com.tr\/index.php\/wp-json\/wp\/v2\/product\/765344","targetHints":{"allow":["GET"]}}],"collection":[{"href":"https:\/\/roveyayinevi.com.tr\/index.php\/wp-json\/wp\/v2\/product"}],"about":[{"href":"https:\/\/roveyayinevi.com.tr\/index.php\/wp-json\/wp\/v2\/types\/product"}],"wp:attachment":[{"href":"https:\/\/roveyayinevi.com.tr\/index.php\/wp-json\/wp\/v2\/media?parent=765344"}],"wp:term":[{"taxonomy":"product_brand","embeddable":true,"href":"https:\/\/roveyayinevi.com.tr\/index.php\/wp-json\/wp\/v2\/product_brand?post=765344"},{"taxonomy":"product_cat","embeddable":true,"href":"https:\/\/roveyayinevi.com.tr\/index.php\/wp-json\/wp\/v2\/product_cat?post=765344"},{"taxonomy":"product_tag","embeddable":true,"href":"https:\/\/roveyayinevi.com.tr\/index.php\/wp-json\/wp\/v2\/product_tag?post=765344"}],"curies":[{"name":"wp","href":"https:\/\/api.w.org\/{rel}","templated":true}]}}