{"id":765342,"date":"2025-08-28T11:40:03","date_gmt":"2025-08-28T08:40:03","guid":{"rendered":"https:\/\/roveyayinevi.com.tr\/index.php\/urun\/bogazicinin-gizli-tarihi\/"},"modified":"2026-04-15T03:31:00","modified_gmt":"2026-04-15T00:31:00","slug":"bogazicinin-gizli-tarihi","status":"publish","type":"product","link":"https:\/\/roveyayinevi.com.tr\/index.php\/urun\/bogazicinin-gizli-tarihi\/","title":{"rendered":"Bo\u011fazi\u00e7i\u2019nin Gizli Tarihi"},"content":{"rendered":"<p>Bo\u011fazi\u00e7i 16.y\u00fczy\u0131ldan itibaren ilgi \u00e7ekici bir b\u00f6lge olmu\u015ftur. Her iki k\u0131y\u0131da bir mimari \u015faheser olan ah\u015fap yal\u0131lar in\u015fa edilmi\u015ftir. Bu yal\u0131larda Osmanl\u0131 \u0130mparatorlu\u011fu ve T\u00fcrkiye Cumhuriyeti\u2019nde tarihte, d\u0131\u015f politikada, uluslararas\u0131 ili\u015fkilerde, siyasi olaylarda, ekonomi alanlar\u0131nda rol oynam\u0131\u015f akt\u00f6rlerle kar\u015f\u0131la\u015f\u0131yoruz. Bu kitab\u0131n yazar\u0131 Yal\u0131lar\u0131n kap\u0131s\u0131ndan i\u00e7eri girip, bu sahil saraylar\u0131nda neler ya\u015fand\u0131\u011f\u0131n\u0131, ya\u015fayanlar\u0131n \u00f6zel ya\u015famlar\u0131n\u0131n izlerini bulmaya \u00e7al\u0131\u015fm\u0131\u015ft\u0131r. Naciye Sultan, Hatice Sultan, Naime Sultan, Cemile Sultan, Esma Sultan Yal\u0131lar\u0131nda ya\u015fanan trajediler, yasak a\u015fklar, intiharlar, siyasi cinayetlere kurban gidenler anlat\u0131l\u0131yor. Sultan Aziz\u2019in intihar\u0131, V. Murat\u2019\u0131n 28 y\u0131ll\u0131k tutsakl\u0131\u011f\u0131, Ali Suavi\u2019nin \u00f6ld\u00fcr\u00fcl\u00fc\u015f\u00fc, Damat Mahmut Celalettin Pa\u015fa\u2019n\u0131n ve Mithat Pa\u015fa\u2019n\u0131n s\u00fcrg\u00fcnde bo\u011fdurulmas\u0131n\u0131n, gazeteci Ahmet Samim\u2019in \u00f6ld\u00fcr\u00fcl\u00fc\u015f\u00fcn\u00fcn, Prens Sabahattin\u2019in, Enver Pa\u015fa\u2019n\u0131n, Damat Ferit\u2019in yurt d\u0131\u015f\u0131na ka\u00e7\u0131\u015f\u0131n\u0131n izleri s\u00fcr\u00fcl\u00fcyor\u2026 Sevda Tepesi\u2019nde a\u015fk intihar\u0131n\u0131n y\u00fcrek burkan \u00f6yk\u00fcs\u00fc de Kanl\u0131ca yal\u0131lar\u0131 aras\u0131nda yerini al\u0131yor. Atat\u00fcrk\u2019\u00fcn geldi\u011fi s\u00fcnnet d\u00fc\u011f\u00fcn\u00fcnde iki karde\u015fe arma\u011fan verdi\u011fi Kanl\u0131ca\u2019daki Yal\u0131 ile bu \u00e7ocu\u011fun ya\u015fayan bir tan\u0131k olarak 2024 y\u0131l\u0131nda anlatt\u0131\u011f\u0131 an\u0131lar\u0131yla tarihe not d\u00fc\u015f\u00fcl\u00fcyor. Atat\u00fcrk\u2019\u00fcn 1929 y\u0131l\u0131nda halka hitaben s\u00f6ylev verdi\u011fi Sar\u0131yer\u2019deki \u00fcnl\u00fc Necmeddin Mola\u2019n\u0131n Kocata\u015f yal\u0131s\u0131n\u0131n \u00f6yk\u00fcs\u00fcn\u00fc, i\u00e7inde ya\u015fayan, \u00e7ocukluk g\u00fcnlerini ge\u00e7iren \u00fc\u00e7\u00fcnc\u00fc ku\u015fak torun i\u015fadam\u0131 Necmeddin Kocata\u015f\u2019\u0131n tan\u0131kl\u0131\u011f\u0131yla g\u00fcn\u00fcm\u00fcze getiriyor. Zarif Mustafa Yal\u0131s\u0131\u2019n\u0131n \u00f6yk\u00fcs\u00fcn\u00fc ve yaz\u0131l\u0131 hat\u0131rat\u0131n\u0131, yal\u0131 i\u00e7inde ko\u015fu\u015fturmu\u015f Selahattin Adil Pa\u015fa, gazeteci Sedat Simavi ve Kemal Il\u0131cak, yal\u0131lar\u0131nda ya\u015fanan olaylar\u0131n perde arkas\u0131 \u00f6yk\u00fcleri, perde \u00f6n\u00fcne \u00e7\u0131kar\u0131l\u0131rken gazetecilik tarihimize \u0131\u015f\u0131k tutuyor. Cumhuriyet\u2019in ilk kad\u0131n Ba\u015fbakan\u0131 Tansu \u00c7iller\u2019in Yenik\u00f6y\u2019deki;Ba\u015fbakan Yard\u0131mc\u0131s\u0131 Erdal \u0130n\u00f6n\u00fc\u2019n\u00fcn Anadoluhisar\u0131\u2019ndaki yal\u0131s\u0131\u00e7evresinde ya\u015fanan yak\u0131n tarihin politik olaylar\u0131, komplolar\u0131ar\u015fivlerden \u00e7\u0131kar\u0131larak g\u00fcn y\u00fcz\u00fcne \u00e7\u0131kar\u0131l\u0131yor.<\/p>\n","protected":false},"excerpt":{"rendered":"<p>Bo\u011fazi\u00e7i 16.y\u00fczy\u0131ldan itibaren ilgi \u00e7ekici bir b\u00f6lge olmu\u015ftur. Her iki k\u0131y\u0131da bir mimari \u015faheser olan ah\u015fap yal\u0131lar in\u015fa edilmi\u015ftir. Bu yal\u0131larda Osmanl\u0131 \u0130mparatorlu\u011fu ve T\u00fcrkiye Cumhuriyeti\u2019nde<span class=\"excerpt-hellip\"> [\u2026]<\/span><\/p>\n","protected":false},"featured_media":0,"template":"","meta":{"_monsterinsights_skip_tracking":false,"_monsterinsights_sitenote_active":false,"_monsterinsights_sitenote_note":"","_monsterinsights_sitenote_category":0},"product_brand":[],"product_cat":[12370,12304],"product_tag":[],"class_list":{"0":"post-765342","1":"product","2":"type-product","3":"status-publish","5":"product_cat-arastirma-inceleme","6":"product_cat-tarih","7":"pa_cilt-ciltsiz","8":"pa_tur-kitap","9":"pa_yayinevi-alfa-yayinlari","10":"pa_yazar-erol-mutercimler","12":"first","13":"instock","14":"sale","15":"shipping-taxable","16":"purchasable","17":"product-type-simple"},"_links":{"self":[{"href":"https:\/\/roveyayinevi.com.tr\/index.php\/wp-json\/wp\/v2\/product\/765342","targetHints":{"allow":["GET"]}}],"collection":[{"href":"https:\/\/roveyayinevi.com.tr\/index.php\/wp-json\/wp\/v2\/product"}],"about":[{"href":"https:\/\/roveyayinevi.com.tr\/index.php\/wp-json\/wp\/v2\/types\/product"}],"wp:attachment":[{"href":"https:\/\/roveyayinevi.com.tr\/index.php\/wp-json\/wp\/v2\/media?parent=765342"}],"wp:term":[{"taxonomy":"product_brand","embeddable":true,"href":"https:\/\/roveyayinevi.com.tr\/index.php\/wp-json\/wp\/v2\/product_brand?post=765342"},{"taxonomy":"product_cat","embeddable":true,"href":"https:\/\/roveyayinevi.com.tr\/index.php\/wp-json\/wp\/v2\/product_cat?post=765342"},{"taxonomy":"product_tag","embeddable":true,"href":"https:\/\/roveyayinevi.com.tr\/index.php\/wp-json\/wp\/v2\/product_tag?post=765342"}],"curies":[{"name":"wp","href":"https:\/\/api.w.org\/{rel}","templated":true}]}}