{"id":765340,"date":"2025-08-28T11:39:59","date_gmt":"2025-08-28T08:39:59","guid":{"rendered":"https:\/\/roveyayinevi.com.tr\/index.php\/urun\/ataturkun-vedasi-1938\/"},"modified":"2026-04-15T03:31:00","modified_gmt":"2026-04-15T00:31:00","slug":"ataturkun-vedasi-1938","status":"publish","type":"product","link":"https:\/\/roveyayinevi.com.tr\/index.php\/urun\/ataturkun-vedasi-1938\/","title":{"rendered":"Atat\u00fcrk\u2019\u00fcn Vedas\u0131 1938"},"content":{"rendered":"<p>Atat\u00fcrk 28 Ekim 1938 Cuma ak\u015fam\u0131 Sabiha G\u00f6k\u00e7en\u2019i yan\u0131na \u00e7a\u011f\u0131rd\u0131: &#8211;  Yar\u0131n bayram de\u011fil mi G\u00f6k\u00e7en, dedi. &#8211;  Evet Pa\u015fam, bizim bayram\u0131m\u0131z, en b\u00fcy\u00fck bayram\u0131m\u0131z. &#8211;  Dolmabah\u00e7e Saray\u0131 epey kalabal\u0131k oldu bu y\u0131l.  &#8211; \u00d6yle Pa\u015fam, h\u00fck\u00fcmet \u00fcyelerinin \u00e7o\u011fu da buradalar. Cumhuriyet Bayram\u0131\u2019n\u0131 sizinle birlikte kutlayacaklar. &#8211;  Ama ben bug\u00fcn\u00fc halk\u0131mla, halk\u0131m\u0131n i\u00e7inde kutlamak isterdim. Beni Cumhuriyet Bayram\u0131\u2019nda halk\u0131mdan uzak tutan bu hastal\u0131\u011fa lanet ediyorum! Sabiha G\u00f6k\u00e7en \u201cGelecek bayram\u2026\u201d diyecek oldu. Atat\u00fcrk eliyle susmas\u0131n\u0131 i\u015faret etti.  &#8211;  Bana gelecek bayramdan bahsetme. Hatta gelecek aydan da. Ekim ay\u0131n\u0131 \u00e7\u0131karabilirsem bile Kas\u0131m ay\u0131n\u0131 \u00e7\u0131karabilece\u011fimi hi\u00e7 sanm\u0131yorum. <\/p>\n","protected":false},"excerpt":{"rendered":"<p>Atat\u00fcrk 28 Ekim 1938 Cuma ak\u015fam\u0131 Sabiha G\u00f6k\u00e7en\u2019i yan\u0131na \u00e7a\u011f\u0131rd\u0131: &#8211; Yar\u0131n bayram de\u011fil mi G\u00f6k\u00e7en, dedi. &#8211; Evet Pa\u015fam, bizim bayram\u0131m\u0131z, en b\u00fcy\u00fck bayram\u0131m\u0131z. &#8211;<span class=\"excerpt-hellip\"> [\u2026]<\/span><\/p>\n","protected":false},"featured_media":0,"template":"","meta":{"_monsterinsights_skip_tracking":false,"_monsterinsights_sitenote_active":false,"_monsterinsights_sitenote_note":"","_monsterinsights_sitenote_category":0},"product_brand":[],"product_cat":[12370,12304],"product_tag":[],"class_list":{"0":"post-765340","1":"product","2":"type-product","3":"status-publish","5":"product_cat-arastirma-inceleme","6":"product_cat-tarih","7":"pa_cilt-ciltsiz","8":"pa_tur-kitap","9":"pa_yayinevi-kripto-basim-yayin","10":"pa_yazar-umit-dogan","12":"first","13":"instock","14":"sale","15":"shipping-taxable","16":"purchasable","17":"product-type-simple"},"_links":{"self":[{"href":"https:\/\/roveyayinevi.com.tr\/index.php\/wp-json\/wp\/v2\/product\/765340","targetHints":{"allow":["GET"]}}],"collection":[{"href":"https:\/\/roveyayinevi.com.tr\/index.php\/wp-json\/wp\/v2\/product"}],"about":[{"href":"https:\/\/roveyayinevi.com.tr\/index.php\/wp-json\/wp\/v2\/types\/product"}],"wp:attachment":[{"href":"https:\/\/roveyayinevi.com.tr\/index.php\/wp-json\/wp\/v2\/media?parent=765340"}],"wp:term":[{"taxonomy":"product_brand","embeddable":true,"href":"https:\/\/roveyayinevi.com.tr\/index.php\/wp-json\/wp\/v2\/product_brand?post=765340"},{"taxonomy":"product_cat","embeddable":true,"href":"https:\/\/roveyayinevi.com.tr\/index.php\/wp-json\/wp\/v2\/product_cat?post=765340"},{"taxonomy":"product_tag","embeddable":true,"href":"https:\/\/roveyayinevi.com.tr\/index.php\/wp-json\/wp\/v2\/product_tag?post=765340"}],"curies":[{"name":"wp","href":"https:\/\/api.w.org\/{rel}","templated":true}]}}

Atatürk’ün Vedası 1938

<p>Atatürk 28 Ekim 1938 Cuma akşamı Sabiha Gökçen’i yanına çağırdı: &#8211;  Yarın bayram değil mi Gökçen, dedi. &#8211;  Evet Paşam, bizim bayramımız, en büyük bayramımız. &#8211;  Dolmabahçe Sarayı epey kalabalık oldu bu yıl.  &#8211; Öyle Paşam, hükümet üyelerinin çoğu da buradalar. Cumhuriyet Bayramı’nı sizinle birlikte kutlayacaklar. &#8211;  Ama ben bugünü halkımla, halkımın içinde kutlamak isterdim. Beni Cumhuriyet Bayramı’nda halkımdan uzak tutan bu hastalığa lanet ediyorum! Sabiha Gökçen “Gelecek bayram…” diyecek oldu. Atatürk eliyle susmasını işaret etti.  &#8211;  Bana gelecek bayramdan bahsetme. Hatta gelecek aydan da. Ekim ayını çıkarabilirsem bile Kasım ayını çıkarabileceğimi hiç sanmıyorum. </p>

<p>Atatürk 28 Ekim 1938 Cuma akşamı Sabiha Gökçen’i yanına çağırdı: &#8211; Yarın bayram değil mi Gökçen, dedi. &#8211; Evet Paşam, bizim bayramımız, en büyük bayramımız. &#8211;<span class="excerpt-hellip"> […]</span></p>
