{"id":765317,"date":"2025-08-28T11:39:11","date_gmt":"2025-08-28T08:39:11","guid":{"rendered":"https:\/\/roveyayinevi.com.tr\/index.php\/urun\/muhasebede-dijital-donusum\/"},"modified":"2026-04-15T03:30:59","modified_gmt":"2026-04-15T00:30:59","slug":"muhasebede-dijital-donusum","status":"publish","type":"product","link":"https:\/\/roveyayinevi.com.tr\/index.php\/urun\/muhasebede-dijital-donusum\/","title":{"rendered":"Muhasebede Dijital D\u00f6n\u00fc\u015f\u00fcm"},"content":{"rendered":"<p>\u0130\u00e7indekiler :     B\u00d6L\u00dcM 1 B\u00dcY\u00dcK VER\u0130N\u0130N MUHASEBE S\u00dcRE\u00c7LER\u0130NE VE Y\u00d6NET\u0130M KARARLARINA ETK\u0130S\u0130   B\u00d6L\u00dcM 2 BULUT B\u0130L\u0130\u015e\u0130M VE MUHASEBE TEKNOLOJ\u0130LER\u0130NDEK\u0130 D\u00d6N\u00dc\u015e\u00dcM   B\u00d6L\u00dcM 3 MUHASEBE, F\u0130NANS VE DENET\u0130M S\u00dcRE\u00c7LER\u0130NDE YAPAY ZEK\u00c2 UYGULAMALARI: CHATGPT DE\u011eERLEND\u0130RMES\u0130   B\u00d6L\u00dcM 4 KURUMSAL KAYNAK PLANLAMASI VE MUHASEBE UYGULAMALARI   B\u00d6L\u00dcM 5 D\u0130J\u0130TAL D\u00d6N\u00dc\u015e\u00dcM S\u00dcREC\u0130NDE MAL\u0130YET VE Y\u00d6NET\u0130M MUHASEBES\u0130 UYGULAMALARI       B\u00d6L\u00dcM 6 D\u0130J\u0130TAL D\u00d6N\u00dc\u015e\u00dcM \u0130LE MUHASEBEDE ORTAYA \u00c7IKAN YEN\u0130 B\u0130R KAVRAM: MED\u0130KAL MUHASEBE   B\u00d6L\u00dcM 7 SA\u011eLIK H\u0130ZMETLER\u0130NDE D\u0130J\u0130TAL DENET\u0130M UYGULAMALARI: DEN-\u0130Z S\u0130STEM\u0130   B\u00d6L\u00dcM 8 D\u0130J\u0130TAL D\u00d6N\u00dc\u015e\u00dcM\u00dcN MUHASEBE E\u011e\u0130T\u0130M\u0130NDEK\u0130 YER\u0130   B\u00d6L\u00dcM 9 MUHASEBE E\u011e\u0130T\u0130M\u0130NDE MUHASEBE M\u00dcHEND\u0130SL\u0130\u011e\u0130 UYGULAMASI   B\u00d6L\u00dcM 10 G\u00dcNCEL D\u00dcZENLEMELER KAPSAMINDA KR\u0130PTO PARALARIN MUHASEBELE\u015eT\u0130R\u0130LMES\u0130 <\/p>\n","protected":false},"excerpt":{"rendered":"<p>\u0130\u00e7indekiler : B\u00d6L\u00dcM 1 B\u00dcY\u00dcK VER\u0130N\u0130N MUHASEBE S\u00dcRE\u00c7LER\u0130NE VE Y\u00d6NET\u0130M KARARLARINA ETK\u0130S\u0130 B\u00d6L\u00dcM 2 BULUT B\u0130L\u0130\u015e\u0130M VE MUHASEBE TEKNOLOJ\u0130LER\u0130NDEK\u0130 D\u00d6N\u00dc\u015e\u00dcM B\u00d6L\u00dcM 3 MUHASEBE, F\u0130NANS VE DENET\u0130M<span class=\"excerpt-hellip\"> [\u2026]<\/span><\/p>\n","protected":false},"featured_media":0,"template":"","meta":{"_monsterinsights_skip_tracking":false,"_monsterinsights_sitenote_active":false,"_monsterinsights_sitenote_note":"","_monsterinsights_sitenote_category":0},"product_brand":[],"product_cat":[13043],"product_tag":[],"class_list":{"0":"post-765317","1":"product","2":"type-product","3":"status-publish","5":"product_cat-ekonomi","6":"pa_cilt-ciltsiz","7":"pa_tur-kitap","8":"pa_yayinevi-gazi-kitabevi","9":"pa_yazar-kolektif","11":"first","12":"instock","13":"sale","14":"shipping-taxable","15":"purchasable","16":"product-type-simple"},"_links":{"self":[{"href":"https:\/\/roveyayinevi.com.tr\/index.php\/wp-json\/wp\/v2\/product\/765317","targetHints":{"allow":["GET"]}}],"collection":[{"href":"https:\/\/roveyayinevi.com.tr\/index.php\/wp-json\/wp\/v2\/product"}],"about":[{"href":"https:\/\/roveyayinevi.com.tr\/index.php\/wp-json\/wp\/v2\/types\/product"}],"wp:attachment":[{"href":"https:\/\/roveyayinevi.com.tr\/index.php\/wp-json\/wp\/v2\/media?parent=765317"}],"wp:term":[{"taxonomy":"product_brand","embeddable":true,"href":"https:\/\/roveyayinevi.com.tr\/index.php\/wp-json\/wp\/v2\/product_brand?post=765317"},{"taxonomy":"product_cat","embeddable":true,"href":"https:\/\/roveyayinevi.com.tr\/index.php\/wp-json\/wp\/v2\/product_cat?post=765317"},{"taxonomy":"product_tag","embeddable":true,"href":"https:\/\/roveyayinevi.com.tr\/index.php\/wp-json\/wp\/v2\/product_tag?post=765317"}],"curies":[{"name":"wp","href":"https:\/\/api.w.org\/{rel}","templated":true}]}}