{"id":765315,"date":"2025-08-28T11:39:07","date_gmt":"2025-08-28T08:39:07","guid":{"rendered":"https:\/\/roveyayinevi.com.tr\/index.php\/urun\/kanli-mafya-gunlukleri-3-nefret\/"},"modified":"2026-04-15T03:30:59","modified_gmt":"2026-04-15T00:30:59","slug":"kanli-mafya-gunlukleri-3-nefret","status":"publish","type":"product","link":"https:\/\/roveyayinevi.com.tr\/index.php\/urun\/kanli-mafya-gunlukleri-3-nefret\/","title":{"rendered":"Kanl\u0131 Mafya G\u00fcnl\u00fckleri #3: Nefret"},"content":{"rendered":"<p>Gianna, ablas\u0131n\u0131n zorla evlendirildi\u011fini g\u00f6rd\u00fc\u011f\u00fcnde benzer bir kaderi ya\u015famayaca\u011f\u0131na dair kendine s\u00f6z verir. Matteo Vitiello ise Gianna&#8217;y\u0131 karde\u015finin d\u00fc\u011f\u00fcn\u00fcnde g\u00f6rd\u00fc\u011f\u00fc anda ona vurulur. Babalar\u0131 bu ikilinin evlili\u011fini kabul eder; ancak Gianna&#8217;n\u0131n a\u015fktan ba\u015fka bir nedenle evlenmeye niyeti yoktur. D\u00fc\u011f\u00fcne birka\u00e7 ay kalm\u0131\u015fken evden ka\u00e7ar ve mafyadan uzakta, Avrupa&#8217;da yeni bir hayata ba\u015flar. Fakat mafyan\u0131n en iyi avc\u0131lar\u0131ndan ve suikast\u00e7\u0131lar\u0131ndan biri pe\u015findedir: Matteo. Matteo taraf\u0131ndan yakaland\u0131\u011f\u0131nda ve evlendiklerinde yaln\u0131zca \u00f6zg\u00fcrl\u00fc\u011f\u00fc de\u011fil, yan\u0131nda olan insanlar\u0131n hayat\u0131 da tehlikeye girer. Masum insanlar\u0131 d\u00fcnyas\u0131na s\u00fcr\u00fckledi\u011fi i\u00e7in su\u00e7luluk duyan ve Matteo&#8217;ya kar\u015f\u0131 hissetti\u011fi nefretle bo\u011fu\u015fan Gianna, kocas\u0131n\u0131n hayat\u0131n\u0131 cehenneme \u00e7evirmeye kararl\u0131d\u0131r. Ancak Matteo zihin oyunlar\u0131nda ustad\u0131r ve g\u00fc\u00e7 m\u00fccadeleleri k\u0131sa s\u00fcrede nefret dolu tutku gecelerine d\u00f6n\u00fc\u015f\u00fcr.<\/p>\n","protected":false},"excerpt":{"rendered":"<p>Gianna, ablas\u0131n\u0131n zorla evlendirildi\u011fini g\u00f6rd\u00fc\u011f\u00fcnde benzer bir kaderi ya\u015famayaca\u011f\u0131na dair kendine s\u00f6z verir. Matteo Vitiello ise Gianna&#8217;y\u0131 karde\u015finin d\u00fc\u011f\u00fcn\u00fcnde g\u00f6rd\u00fc\u011f\u00fc anda ona vurulur. Babalar\u0131 bu ikilinin<span class=\"excerpt-hellip\"> [\u2026]<\/span><\/p>\n","protected":false},"featured_media":0,"template":"","meta":{"_monsterinsights_skip_tracking":false,"_monsterinsights_sitenote_active":false,"_monsterinsights_sitenote_note":"","_monsterinsights_sitenote_category":0},"product_brand":[],"product_cat":[12291,12711],"product_tag":[],"class_list":{"0":"post-765315","1":"product","2":"type-product","3":"status-publish","5":"product_cat-edebiyat","6":"product_cat-roman-oyku","7":"pa_cilt-ciltsiz","8":"pa_tur-kitap","9":"pa_yayinevi-nemesis-kitap","10":"pa_yazar-cora-reilly","12":"first","13":"instock","14":"sale","15":"shipping-taxable","16":"purchasable","17":"product-type-simple"},"_links":{"self":[{"href":"https:\/\/roveyayinevi.com.tr\/index.php\/wp-json\/wp\/v2\/product\/765315","targetHints":{"allow":["GET"]}}],"collection":[{"href":"https:\/\/roveyayinevi.com.tr\/index.php\/wp-json\/wp\/v2\/product"}],"about":[{"href":"https:\/\/roveyayinevi.com.tr\/index.php\/wp-json\/wp\/v2\/types\/product"}],"wp:attachment":[{"href":"https:\/\/roveyayinevi.com.tr\/index.php\/wp-json\/wp\/v2\/media?parent=765315"}],"wp:term":[{"taxonomy":"product_brand","embeddable":true,"href":"https:\/\/roveyayinevi.com.tr\/index.php\/wp-json\/wp\/v2\/product_brand?post=765315"},{"taxonomy":"product_cat","embeddable":true,"href":"https:\/\/roveyayinevi.com.tr\/index.php\/wp-json\/wp\/v2\/product_cat?post=765315"},{"taxonomy":"product_tag","embeddable":true,"href":"https:\/\/roveyayinevi.com.tr\/index.php\/wp-json\/wp\/v2\/product_tag?post=765315"}],"curies":[{"name":"wp","href":"https:\/\/api.w.org\/{rel}","templated":true}]}}