{"id":765305,"date":"2025-08-28T11:38:50","date_gmt":"2025-08-28T08:38:50","guid":{"rendered":"https:\/\/roveyayinevi.com.tr\/index.php\/urun\/batiyi-bati-yapan-10-yalan\/"},"modified":"2026-04-15T03:30:59","modified_gmt":"2026-04-15T00:30:59","slug":"batiyi-bati-yapan-10-yalan","status":"publish","type":"product","link":"https:\/\/roveyayinevi.com.tr\/index.php\/urun\/batiyi-bati-yapan-10-yalan\/","title":{"rendered":"Bat\u0131\u2019y\u0131 Bat\u0131 Yapan 10 Yalan"},"content":{"rendered":"<p>Bat\u0131 medeniyeti g\u00fc\u00e7l\u00fc bir sembold\u00fcr ve kabul g\u00f6rm\u00fc\u015f bilgeliklerle doludur. Yunan felsefesinden esinlenilerek Ayd\u0131nlanma d\u00f6neminde geli\u015ftirilen insanl\u0131\u011fa ve topluma dair baz\u0131 kavramlar, bug\u00fcn h\u00e2l\u00e2 bir\u00e7o\u011fumuzun ba\u011fl\u0131 oldu\u011fu ilkeler haline geldi. Ancak bu fikirlere daha yak\u0131ndan bakarsak g\u00f6r\u00fcnd\u00fckleri gibi olmad\u0131klar\u0131n\u0131 g\u00f6r\u00fcr\u00fcz. Asl\u0131nda baz\u0131lar\u0131 d\u00fcped\u00fcz yaland\u0131r. \u201cIrk\u201d kavram\u0131n\u0131 ortaya \u00e7\u0131karan bilimsel bir d\u00fcnya g\u00f6r\u00fc\u015f\u00fcn\u00fcn de\u011feri nedir? Bat\u0131&#8217;n\u0131n zaman \u201ctasarrufu\u201d ve \u201cisraf\u0131\u201d kavramlar\u0131 ger\u00e7ekten de ya\u015famak i\u00e7in en iyi y\u00f6ntemler midir? Yasalar\u0131m\u0131z asl\u0131nda kime hizmet etmek \u00fczere tasarlanm\u0131\u015ft\u0131r? Ve as\u0131l soru: Bat\u0131 kendini sanmak istedi\u011fi kadar medeni mi? B\u00f6l\u00fcnm\u00fc\u015fl\u00fck ve k\u00f6kle\u015fmi\u015f e\u015fitsizlik \u00e7a\u011f\u0131nda, bu eser Bat\u0131&#8217;y\u0131 \u015fekillendiren fikir ve varsay\u0131mlara tam zaman\u0131nda, k\u0131\u015fk\u0131rt\u0131c\u0131 ve e\u011flenceli bir kar\u015f\u0131 \u00e7\u0131k\u0131\u015f niteli\u011fi ta\u015f\u0131yor ve Bat\u0131&#8217;n\u0131n \u00f6z\u00fcndeki \u00f6l\u00fcmc\u00fcl kusurlar\u0131 g\u00f6zler \u00f6n\u00fcne seriyor. <\/p>\n","protected":false},"excerpt":{"rendered":"<p>Bat\u0131 medeniyeti g\u00fc\u00e7l\u00fc bir sembold\u00fcr ve kabul g\u00f6rm\u00fc\u015f bilgeliklerle doludur. Yunan felsefesinden esinlenilerek Ayd\u0131nlanma d\u00f6neminde geli\u015ftirilen insanl\u0131\u011fa ve topluma dair baz\u0131 kavramlar, bug\u00fcn h\u00e2l\u00e2 bir\u00e7o\u011fumuzun ba\u011fl\u0131<span class=\"excerpt-hellip\"> [\u2026]<\/span><\/p>\n","protected":false},"featured_media":0,"template":"","meta":{"_monsterinsights_skip_tracking":false,"_monsterinsights_sitenote_active":false,"_monsterinsights_sitenote_note":"","_monsterinsights_sitenote_category":0},"product_brand":[],"product_cat":[12370,12304],"product_tag":[],"class_list":{"0":"post-765305","1":"product","2":"type-product","3":"status-publish","5":"product_cat-arastirma-inceleme","6":"product_cat-tarih","7":"pa_cilt-ciltsiz","8":"pa_tur-kitap","9":"pa_yayinevi-yeditepe-yayinevi","10":"pa_yazar-subhadra-das","12":"first","13":"instock","14":"sale","15":"shipping-taxable","16":"purchasable","17":"product-type-simple"},"_links":{"self":[{"href":"https:\/\/roveyayinevi.com.tr\/index.php\/wp-json\/wp\/v2\/product\/765305","targetHints":{"allow":["GET"]}}],"collection":[{"href":"https:\/\/roveyayinevi.com.tr\/index.php\/wp-json\/wp\/v2\/product"}],"about":[{"href":"https:\/\/roveyayinevi.com.tr\/index.php\/wp-json\/wp\/v2\/types\/product"}],"wp:attachment":[{"href":"https:\/\/roveyayinevi.com.tr\/index.php\/wp-json\/wp\/v2\/media?parent=765305"}],"wp:term":[{"taxonomy":"product_brand","embeddable":true,"href":"https:\/\/roveyayinevi.com.tr\/index.php\/wp-json\/wp\/v2\/product_brand?post=765305"},{"taxonomy":"product_cat","embeddable":true,"href":"https:\/\/roveyayinevi.com.tr\/index.php\/wp-json\/wp\/v2\/product_cat?post=765305"},{"taxonomy":"product_tag","embeddable":true,"href":"https:\/\/roveyayinevi.com.tr\/index.php\/wp-json\/wp\/v2\/product_tag?post=765305"}],"curies":[{"name":"wp","href":"https:\/\/api.w.org\/{rel}","templated":true}]}}