{"id":765292,"date":"2025-08-28T11:38:25","date_gmt":"2025-08-28T08:38:25","guid":{"rendered":"https:\/\/roveyayinevi.com.tr\/index.php\/urun\/baska-sarkilar-soyler-zaman\/"},"modified":"2026-04-15T03:30:58","modified_gmt":"2026-04-15T00:30:58","slug":"baska-sarkilar-soyler-zaman","status":"publish","type":"product","link":"https:\/\/roveyayinevi.com.tr\/index.php\/urun\/baska-sarkilar-soyler-zaman\/","title":{"rendered":"Ba\u015fka \u015eark\u0131lar S\u00f6yler Zaman"},"content":{"rendered":"<p>\u201cKendin olmak ve kendin kalmak i\u00e7in d\u00fcnyaya meydan okumakt\u0131r cesaret&#8230;\u201d   Elinizdeki kitapta nefis bir \u00fcslup, \u015fahane bir kurgu, y\u00fcrek burkan bir ge\u00e7mi\u015fe bak\u0131\u015f hik\u00e2yesi bulacaks\u0131n\u0131z. Bir s\u0131r perdesi var ya hepimizin ya\u015famlar\u0131nda; siz burada Cengiz\u2019inkini aralay\u0131p bakacaks\u0131n\u0131z. Belki de kitaptaki karakterleri yarg\u0131layacaks\u0131n\u0131z.  Yani tam da olmas\u0131 gerekti\u011fi gibi&#8230;    Ba\u015fka bir d\u00fcnyaya, ba\u015fka bir zamana gidip geri geleceksiniz. Ve inan\u0131n bu keyifli bir yolculuk olacak.   Bir d\u00f6nemin ruhunu, zihniyetini, bask\u0131lar\u0131n\u0131, isyanlar\u0131n\u0131 ve insanlar\u0131n\u0131 ne de g\u00fczel sermi\u015f \u00f6n\u00fcm\u00fcze Meltem Trubody. Sanki bahsetti\u011fi sokaklarda biz de y\u00fcr\u00fcyor, o pastanelerde oturup Sahaflar\u2019dan eski bir kitap al\u0131yoruz. \u0130lk a\u015fk\u0131n, insan\u0131n en derinine n\u00fcfuz eden tertemiz heyecan\u0131n\u0131 ger\u00e7ekten ya\u015farken \u00e7ekingen, tekinsiz, dikkatli bir sevme bi\u00e7imini an\u0131ms\u0131yoruz. Selda Terek <\/p>\n","protected":false},"excerpt":{"rendered":"<p>\u201cKendin olmak ve kendin kalmak i\u00e7in d\u00fcnyaya meydan okumakt\u0131r cesaret&#8230;\u201d Elinizdeki kitapta nefis bir \u00fcslup, \u015fahane bir kurgu, y\u00fcrek burkan bir ge\u00e7mi\u015fe bak\u0131\u015f hik\u00e2yesi bulacaks\u0131n\u0131z. Bir<span class=\"excerpt-hellip\"> [\u2026]<\/span><\/p>\n","protected":false},"featured_media":0,"template":"","meta":{"_monsterinsights_skip_tracking":false,"_monsterinsights_sitenote_active":false,"_monsterinsights_sitenote_note":"","_monsterinsights_sitenote_category":0},"product_brand":[],"product_cat":[12291,12711],"product_tag":[],"class_list":{"0":"post-765292","1":"product","2":"type-product","3":"status-publish","5":"product_cat-edebiyat","6":"product_cat-roman-oyku","7":"pa_cilt-ciltsiz","8":"pa_tur-kitap","9":"pa_yayinevi-destek-yayinlari","10":"pa_yazar-meltem-trubody","12":"first","13":"instock","14":"sale","15":"shipping-taxable","16":"purchasable","17":"product-type-simple"},"_links":{"self":[{"href":"https:\/\/roveyayinevi.com.tr\/index.php\/wp-json\/wp\/v2\/product\/765292","targetHints":{"allow":["GET"]}}],"collection":[{"href":"https:\/\/roveyayinevi.com.tr\/index.php\/wp-json\/wp\/v2\/product"}],"about":[{"href":"https:\/\/roveyayinevi.com.tr\/index.php\/wp-json\/wp\/v2\/types\/product"}],"wp:attachment":[{"href":"https:\/\/roveyayinevi.com.tr\/index.php\/wp-json\/wp\/v2\/media?parent=765292"}],"wp:term":[{"taxonomy":"product_brand","embeddable":true,"href":"https:\/\/roveyayinevi.com.tr\/index.php\/wp-json\/wp\/v2\/product_brand?post=765292"},{"taxonomy":"product_cat","embeddable":true,"href":"https:\/\/roveyayinevi.com.tr\/index.php\/wp-json\/wp\/v2\/product_cat?post=765292"},{"taxonomy":"product_tag","embeddable":true,"href":"https:\/\/roveyayinevi.com.tr\/index.php\/wp-json\/wp\/v2\/product_tag?post=765292"}],"curies":[{"name":"wp","href":"https:\/\/api.w.org\/{rel}","templated":true}]}}