{"id":765289,"date":"2025-08-28T11:38:19","date_gmt":"2025-08-28T08:38:19","guid":{"rendered":"https:\/\/roveyayinevi.com.tr\/index.php\/urun\/isaya-gore-incil-ciltli\/"},"modified":"2026-04-15T03:30:58","modified_gmt":"2026-04-15T00:30:58","slug":"isaya-gore-incil-ciltli","status":"publish","type":"product","link":"https:\/\/roveyayinevi.com.tr\/index.php\/urun\/isaya-gore-incil-ciltli\/","title":{"rendered":"\u0130sa\u2019ya G\u00f6re \u0130ncil (Ciltli)"},"content":{"rendered":"<p>Jos\u00e9 Saramago, tart\u0131\u015fmalara yol a\u00e7an roman\u0131 \u0130sa\u2019ya G\u00f6re \u0130ncil\u2019de \u0130sa\u2019n\u0131n ya\u015fam\u0131n\u0131 ve H\u0131ristiyanl\u0131\u011f\u0131n hik\u00e2yesini kutsal kitaplardaki kronolojiye sad\u0131k kalarak, ancak farkl\u0131 bir bak\u0131\u015f a\u00e7\u0131s\u0131yla anlat\u0131yor. Din ve inan\u00e7 ad\u0131na yap\u0131lan \u015fiddet dolu eylemlerle karanl\u0131k bir mesel; \u015fa\u015f\u0131rt\u0131c\u0131 zenginlikleriyle d\u00fcnyevi bir \u0130ncil olan bu roman, Saramago\u2019nun \u00fclkesini terk etmesine yol a\u00e7m\u0131\u015ft\u0131. <\/p>\n","protected":false},"excerpt":{"rendered":"<p>Jos\u00e9 Saramago, tart\u0131\u015fmalara yol a\u00e7an roman\u0131 \u0130sa\u2019ya G\u00f6re \u0130ncil\u2019de \u0130sa\u2019n\u0131n ya\u015fam\u0131n\u0131 ve H\u0131ristiyanl\u0131\u011f\u0131n hik\u00e2yesini kutsal kitaplardaki kronolojiye sad\u0131k kalarak, ancak farkl\u0131 bir bak\u0131\u015f a\u00e7\u0131s\u0131yla anlat\u0131yor. Din<span class=\"excerpt-hellip\"> [\u2026]<\/span><\/p>\n","protected":false},"featured_media":0,"template":"","meta":{"_monsterinsights_skip_tracking":false,"_monsterinsights_sitenote_active":false,"_monsterinsights_sitenote_note":"","_monsterinsights_sitenote_category":0},"product_brand":[],"product_cat":[12291,12711],"product_tag":[],"class_list":{"0":"post-765289","1":"product","2":"type-product","3":"status-publish","5":"product_cat-edebiyat","6":"product_cat-roman-oyku","7":"pa_cilt-ciltli","8":"pa_tur-kitap","9":"pa_yayinevi-kirmizi-kedi-yayinevi","10":"pa_yazar-jose-saramago","12":"first","13":"instock","14":"sale","15":"shipping-taxable","16":"purchasable","17":"product-type-simple"},"_links":{"self":[{"href":"https:\/\/roveyayinevi.com.tr\/index.php\/wp-json\/wp\/v2\/product\/765289","targetHints":{"allow":["GET"]}}],"collection":[{"href":"https:\/\/roveyayinevi.com.tr\/index.php\/wp-json\/wp\/v2\/product"}],"about":[{"href":"https:\/\/roveyayinevi.com.tr\/index.php\/wp-json\/wp\/v2\/types\/product"}],"wp:attachment":[{"href":"https:\/\/roveyayinevi.com.tr\/index.php\/wp-json\/wp\/v2\/media?parent=765289"}],"wp:term":[{"taxonomy":"product_brand","embeddable":true,"href":"https:\/\/roveyayinevi.com.tr\/index.php\/wp-json\/wp\/v2\/product_brand?post=765289"},{"taxonomy":"product_cat","embeddable":true,"href":"https:\/\/roveyayinevi.com.tr\/index.php\/wp-json\/wp\/v2\/product_cat?post=765289"},{"taxonomy":"product_tag","embeddable":true,"href":"https:\/\/roveyayinevi.com.tr\/index.php\/wp-json\/wp\/v2\/product_tag?post=765289"}],"curies":[{"name":"wp","href":"https:\/\/api.w.org\/{rel}","templated":true}]}}