{"id":765288,"date":"2025-08-28T11:38:18","date_gmt":"2025-08-28T08:38:18","guid":{"rendered":"https:\/\/roveyayinevi.com.tr\/index.php\/urun\/anadolu-halk-resimleri-malik-aksel\/"},"modified":"2026-04-15T03:30:58","modified_gmt":"2026-04-15T00:30:58","slug":"anadolu-halk-resimleri-malik-aksel","status":"publish","type":"product","link":"https:\/\/roveyayinevi.com.tr\/index.php\/urun\/anadolu-halk-resimleri-malik-aksel\/","title":{"rendered":"Anadolu Halk Resimleri (Malik Aksel)"},"content":{"rendered":"<p>Malik Aksel! Halk resimlerine her zaman ba\u015fka bir g\u00f6zle bakt\u0131. \u0130lk bakanlardan, i\u00e7eriden bakanlardan birisiydi. Seyfelm\u00fcl\u00fbk, onun kar\u015f\u0131la\u015ft\u0131\u011f\u0131 ilk resimli halk kitab\u0131yd\u0131. Ard\u0131ndan K\u00f6ro\u011flu, Ferhat ile \u015eirin ve di\u011ferleri geldi\u2026 Bu bulu\u015fma, zamanla ondaki tutkuyu ate\u015fledi. Bir ressamd\u0131 o. \u0130\u00e7inden \u00e7\u0131k\u0131p geldi\u011fi halk\u0131n resimlerine ve renklerine y\u00f6neldi. Onun se\u00e7ti\u011fi ve hakk\u0131nda yazd\u0131\u011f\u0131 her resimde sadece halk\u0131n duyu\u015f zenginli\u011fi de\u011fil ruh maceras\u0131 da vard\u0131r. Hik\u00e2yeden resme, oradan da kendi k\u0131r\u0131k fakat asil \u00e7izgimize bak\u0131\u015f\u0131m\u0131z i\u00e7in e\u015fsiz bir \u015faheser: Anadolu Halk Resimleri<\/p>\n","protected":false},"excerpt":{"rendered":"<p>Malik Aksel! Halk resimlerine her zaman ba\u015fka bir g\u00f6zle bakt\u0131. \u0130lk bakanlardan, i\u00e7eriden bakanlardan birisiydi. Seyfelm\u00fcl\u00fbk, onun kar\u015f\u0131la\u015ft\u0131\u011f\u0131 ilk resimli halk kitab\u0131yd\u0131. Ard\u0131ndan K\u00f6ro\u011flu, Ferhat ile<span class=\"excerpt-hellip\"> [\u2026]<\/span><\/p>\n","protected":false},"featured_media":0,"template":"","meta":{"_monsterinsights_skip_tracking":false,"_monsterinsights_sitenote_active":false,"_monsterinsights_sitenote_note":"","_monsterinsights_sitenote_category":0},"product_brand":[],"product_cat":[44608,12408],"product_tag":[],"class_list":{"0":"post-765288","1":"product","2":"type-product","3":"status-publish","5":"product_cat-diger-sanat","6":"product_cat-sanat","7":"pa_cilt-ciltsiz","8":"pa_tur-kitap","9":"pa_yayinevi-kapi-yayinlari","10":"pa_yazar-besir-ayvazoglu","12":"first","13":"instock","14":"sale","15":"shipping-taxable","16":"purchasable","17":"product-type-simple"},"_links":{"self":[{"href":"https:\/\/roveyayinevi.com.tr\/index.php\/wp-json\/wp\/v2\/product\/765288","targetHints":{"allow":["GET"]}}],"collection":[{"href":"https:\/\/roveyayinevi.com.tr\/index.php\/wp-json\/wp\/v2\/product"}],"about":[{"href":"https:\/\/roveyayinevi.com.tr\/index.php\/wp-json\/wp\/v2\/types\/product"}],"wp:attachment":[{"href":"https:\/\/roveyayinevi.com.tr\/index.php\/wp-json\/wp\/v2\/media?parent=765288"}],"wp:term":[{"taxonomy":"product_brand","embeddable":true,"href":"https:\/\/roveyayinevi.com.tr\/index.php\/wp-json\/wp\/v2\/product_brand?post=765288"},{"taxonomy":"product_cat","embeddable":true,"href":"https:\/\/roveyayinevi.com.tr\/index.php\/wp-json\/wp\/v2\/product_cat?post=765288"},{"taxonomy":"product_tag","embeddable":true,"href":"https:\/\/roveyayinevi.com.tr\/index.php\/wp-json\/wp\/v2\/product_tag?post=765288"}],"curies":[{"name":"wp","href":"https:\/\/api.w.org\/{rel}","templated":true}]}}