{"id":765272,"date":"2025-08-28T11:37:51","date_gmt":"2025-08-28T08:37:51","guid":{"rendered":"https:\/\/roveyayinevi.com.tr\/index.php\/urun\/acil-durum-rehberi\/"},"modified":"2026-04-15T03:30:58","modified_gmt":"2026-04-15T00:30:58","slug":"acil-durum-rehberi","status":"publish","type":"product","link":"https:\/\/roveyayinevi.com.tr\/index.php\/urun\/acil-durum-rehberi\/","title":{"rendered":"Acil Durum Rehberi"},"content":{"rendered":"<p>Acil doktoru ve Hava Kuvvetleri askeri olan Dr. Torres, nam\u0131 di\u011fer \u201cDr. Felaket&#8221; t\u00fcm kariyerini \u00f6n cephelerde sava\u015farak ve t\u00fcrl\u00fc t\u00fcrl\u00fc felaketlerde insanlar\u0131 kurtararak ge\u00e7irmi\u015ftir. Gece yar\u0131lar\u0131 acile gelen t\u00fcrl\u00fc t\u00fcrl\u00fc hastadan, ba\u015f t\u0131p muhabiri olarak deneyimlediklerine kadar bir s\u00fcr\u00fc vakayla kar\u015f\u0131la\u015fm\u0131\u015f, kariyeri boyunca acil durumlarda yap\u0131lacaklar \u00fczerine \u00e7al\u0131\u015fm\u0131\u015ft\u0131r.   Dr. Torres; Acil Durum Rehberi\u2019nde y\u0131ld\u0131r\u0131m \u00e7arpmas\u0131, kas\u0131rga, vah\u015fi hayvan sald\u0131r\u0131s\u0131 gibi do\u011fal felaketlerden silahl\u0131 ter\u00f6r sald\u0131r\u0131lar\u0131 gibi insan elinden \u00e7\u0131kma felaketlere kadar en k\u00f6t\u00fc durumlardan bile sa\u011f \u00e7\u0131kmak i\u00e7in gerekli ipu\u00e7lar\u0131na yer veriyor. Okumas\u0131 hem e\u011flenceli hem de bilgilendirici olan bu kitap, gerekti\u011finde sizin de hayat\u0131n\u0131z\u0131 kurtarabilecek pratik bilgilerle dolu.   \u00b7         Acil durumlar i\u00e7in evde ne gibi haz\u0131rl\u0131klar yap\u0131lmal\u0131? \u00b7         F\u0131rt\u0131na h\u00e2llerinde sabit telefon hatlar\u0131n\u0131 neden kullanmamal\u0131y\u0131z? \u00b7         Bir u\u00e7akta oturulabilecek en g\u00fcvenli yer neresidir? \u00b7         S\u0131k kulland\u0131\u011f\u0131m\u0131z ev e\u015fyalar\u0131yla nas\u0131l ate\u015f yak\u0131l\u0131r? \u00b7         AVM&#8217;ye her girdi\u011finizde yapman\u0131z gereken ilk \u015fey nedir? <\/p>\n","protected":false},"excerpt":{"rendered":"<p>Acil doktoru ve Hava Kuvvetleri askeri olan Dr. Torres, nam\u0131 di\u011fer \u201cDr. Felaket&#8221; t\u00fcm kariyerini \u00f6n cephelerde sava\u015farak ve t\u00fcrl\u00fc t\u00fcrl\u00fc felaketlerde insanlar\u0131 kurtararak ge\u00e7irmi\u015ftir. Gece<span class=\"excerpt-hellip\"> [\u2026]<\/span><\/p>\n","protected":false},"featured_media":0,"template":"","meta":{"_monsterinsights_skip_tracking":false,"_monsterinsights_sitenote_active":false,"_monsterinsights_sitenote_note":"","_monsterinsights_sitenote_category":0},"product_brand":[],"product_cat":[12364,12376],"product_tag":[],"class_list":{"0":"post-765272","1":"product","2":"type-product","3":"status-publish","5":"product_cat-genel-konular","6":"product_cat-kisisel-gelisim","7":"pa_cilt-ciltsiz","8":"pa_tur-kitap","9":"pa_yayinevi-orenda","10":"pa_yazar-john-e-torres","12":"first","13":"instock","14":"sale","15":"shipping-taxable","16":"purchasable","17":"product-type-simple"},"_links":{"self":[{"href":"https:\/\/roveyayinevi.com.tr\/index.php\/wp-json\/wp\/v2\/product\/765272","targetHints":{"allow":["GET"]}}],"collection":[{"href":"https:\/\/roveyayinevi.com.tr\/index.php\/wp-json\/wp\/v2\/product"}],"about":[{"href":"https:\/\/roveyayinevi.com.tr\/index.php\/wp-json\/wp\/v2\/types\/product"}],"wp:attachment":[{"href":"https:\/\/roveyayinevi.com.tr\/index.php\/wp-json\/wp\/v2\/media?parent=765272"}],"wp:term":[{"taxonomy":"product_brand","embeddable":true,"href":"https:\/\/roveyayinevi.com.tr\/index.php\/wp-json\/wp\/v2\/product_brand?post=765272"},{"taxonomy":"product_cat","embeddable":true,"href":"https:\/\/roveyayinevi.com.tr\/index.php\/wp-json\/wp\/v2\/product_cat?post=765272"},{"taxonomy":"product_tag","embeddable":true,"href":"https:\/\/roveyayinevi.com.tr\/index.php\/wp-json\/wp\/v2\/product_tag?post=765272"}],"curies":[{"name":"wp","href":"https:\/\/api.w.org\/{rel}","templated":true}]}}