{"id":765264,"date":"2025-08-28T11:37:38","date_gmt":"2025-08-28T08:37:38","guid":{"rendered":"https:\/\/roveyayinevi.com.tr\/index.php\/urun\/vergilendirme-surecinde-dijital-donusum-ve-gelir-dagilimi-oecd-ulkelerine-iliskin-ampirik-bir-inceleme\/"},"modified":"2026-04-15T03:30:58","modified_gmt":"2026-04-15T00:30:58","slug":"vergilendirme-surecinde-dijital-donusum-ve-gelir-dagilimi-oecd-ulkelerine-iliskin-ampirik-bir-inceleme","status":"publish","type":"product","link":"https:\/\/roveyayinevi.com.tr\/index.php\/urun\/vergilendirme-surecinde-dijital-donusum-ve-gelir-dagilimi-oecd-ulkelerine-iliskin-ampirik-bir-inceleme\/","title":{"rendered":"Vergilendirme S\u00fcrecinde Dijital D\u00f6n\u00fc\u015f\u00fcm Ve Gelir Da\u011f\u0131l\u0131m\u0131 (Oecd \u00dclkelerine \u0130li\u015fkin Ampirik Bir \u0130nceleme)"},"content":{"rendered":"<p>\u0130\u00e7indekiler :     B\u0130R\u0130NC\u0130 B\u00d6L\u00dcM D\u0130J\u0130TAL D\u00d6N\u00dc\u015e\u00dcM, VERG\u0130LEND\u0130RME S\u00dcREC\u0130NDE D\u0130J\u0130TAL D\u00d6N\u00dc\u015e\u00dcM VE GEL\u0130R DA\u011eILIMI   \u0130K\u0130NC\u0130 B\u00d6L\u00dcM VERG\u0130LENDR\u0130ME S\u00dcREC\u0130NDE D\u0130J\u0130TAL D\u00d6N\u00dc\u015e\u00dcM VE GEL\u0130R DA\u011eILIMI \u0130L\u0130\u015eK\u0130S\u0130   \u00dc\u00c7\u00dcNC\u00dc B\u00d6L\u00dcM VERG\u0130LEND\u0130RME S\u00dcREC\u0130NDE D\u0130J\u0130TAL D\u00d6N\u00dc\u015e\u00dcM\u00dcN GEL\u0130R DA\u011eILIMINA ETK\u0130S\u0130: AMP\u0130R\u0130K ANAL\u0130Z <\/p>\n","protected":false},"excerpt":{"rendered":"<p>\u0130\u00e7indekiler : B\u0130R\u0130NC\u0130 B\u00d6L\u00dcM D\u0130J\u0130TAL D\u00d6N\u00dc\u015e\u00dcM, VERG\u0130LEND\u0130RME S\u00dcREC\u0130NDE D\u0130J\u0130TAL D\u00d6N\u00dc\u015e\u00dcM VE GEL\u0130R DA\u011eILIMI \u0130K\u0130NC\u0130 B\u00d6L\u00dcM VERG\u0130LENDR\u0130ME S\u00dcREC\u0130NDE D\u0130J\u0130TAL D\u00d6N\u00dc\u015e\u00dcM VE GEL\u0130R DA\u011eILIMI \u0130L\u0130\u015eK\u0130S\u0130 \u00dc\u00c7\u00dcNC\u00dc B\u00d6L\u00dcM VERG\u0130LEND\u0130RME<span class=\"excerpt-hellip\"> [\u2026]<\/span><\/p>\n","protected":false},"featured_media":0,"template":"","meta":{"_monsterinsights_skip_tracking":false,"_monsterinsights_sitenote_active":false,"_monsterinsights_sitenote_note":"","_monsterinsights_sitenote_category":0},"product_brand":[],"product_cat":[13043],"product_tag":[],"class_list":{"0":"post-765264","1":"product","2":"type-product","3":"status-publish","5":"product_cat-ekonomi","6":"pa_cilt-ciltsiz","7":"pa_tur-kitap","8":"pa_yayinevi-gazi-kitabevi","9":"pa_yazar-ali-celikkaya-selcan-unal","11":"first","12":"instock","13":"sale","14":"shipping-taxable","15":"purchasable","16":"product-type-simple"},"_links":{"self":[{"href":"https:\/\/roveyayinevi.com.tr\/index.php\/wp-json\/wp\/v2\/product\/765264","targetHints":{"allow":["GET"]}}],"collection":[{"href":"https:\/\/roveyayinevi.com.tr\/index.php\/wp-json\/wp\/v2\/product"}],"about":[{"href":"https:\/\/roveyayinevi.com.tr\/index.php\/wp-json\/wp\/v2\/types\/product"}],"wp:attachment":[{"href":"https:\/\/roveyayinevi.com.tr\/index.php\/wp-json\/wp\/v2\/media?parent=765264"}],"wp:term":[{"taxonomy":"product_brand","embeddable":true,"href":"https:\/\/roveyayinevi.com.tr\/index.php\/wp-json\/wp\/v2\/product_brand?post=765264"},{"taxonomy":"product_cat","embeddable":true,"href":"https:\/\/roveyayinevi.com.tr\/index.php\/wp-json\/wp\/v2\/product_cat?post=765264"},{"taxonomy":"product_tag","embeddable":true,"href":"https:\/\/roveyayinevi.com.tr\/index.php\/wp-json\/wp\/v2\/product_tag?post=765264"}],"curies":[{"name":"wp","href":"https:\/\/api.w.org\/{rel}","templated":true}]}}