{"id":765263,"date":"2025-08-28T11:37:37","date_gmt":"2025-08-28T08:37:37","guid":{"rendered":"https:\/\/roveyayinevi.com.tr\/index.php\/urun\/kamu-politikasi-analizi-kamusal-sorunlarin-teshisi-ve-cozumu\/"},"modified":"2026-04-15T03:30:58","modified_gmt":"2026-04-15T00:30:58","slug":"kamu-politikasi-analizi-kamusal-sorunlarin-teshisi-ve-cozumu","status":"publish","type":"product","link":"https:\/\/roveyayinevi.com.tr\/index.php\/urun\/kamu-politikasi-analizi-kamusal-sorunlarin-teshisi-ve-cozumu\/","title":{"rendered":"Kamu Politikas\u0131 Analizi Kamusal Sorunlar\u0131n Te\u015fhisi Ve \u00c7\u00f6z\u00fcm\u00fc"},"content":{"rendered":"<p>\u0130\u00e7indekiler :      B\u00d6L\u00dcM 1: GENEL \u00c7ER\u00c7EVE   B\u00d6L\u00dcM 2: KAMU POL\u0130T\u0130KASI ANAL\u0130Z\u0130 NED\u0130R?   B\u00d6L\u00dcM 3: KAMU POL\u0130T\u0130KASI ANAL\u0130Z\u0130 D\u0130S\u0130PL\u0130N\u0130N\u0130N D\u00dcNYADAK\u0130 GEL\u0130\u015e\u0130M\u0130   B\u00d6L\u00dcM 4: KAMU POL\u0130T\u0130KASI ANAL\u0130Z\u0130N\u0130N T\u00dcRK\u0130YE\u2019DEK\u0130 GEL\u0130\u015e\u0130M\u0130   B\u00d6L\u00dcM 5: KAMU POL\u0130T\u0130KASI ANAL\u0130Z\u0130 S\u00dcREC\u0130NE GENEL B\u0130R BAKI\u015e   B\u00d6L\u00dcM 6: KAMU POL\u0130T\u0130KASI ANAL\u0130Z\u0130NDE AKT\u00d6RLER     B\u00d6L\u00dcM 7: SORUNLARIN TANIMLANMASI VE G\u00dcNDEME GET\u0130R\u0130LMES\u0130   B\u00d6L\u00dcM 8: KAMU POL\u0130T\u0130KASI TRANSFER\u0130   B\u00d6L\u00dcM 9: KAMU POL\u0130T\u0130KALARININ TASARIMI VE FORM\u00dcLASYONU   B\u00d6L\u00dcM 10: KAMU POL\u0130T\u0130KALARININ UYGULAMA A\u015eAMASI   B\u00d6L\u00dcM 11: KAMU POL\u0130T\u0130KALARININ \u00d6L\u00c7\u00dcM\u00dc VE DE\u011eERLEND\u0130RMES\u0130   B\u00d6L\u00dcM 12: POL\u0130T\u0130KALARIN DE\u011e\u0130\u015eT\u0130R\u0130LMES\u0130 VEYA SONLANDIRILMASI   B\u00d6L\u00dcM 13: GELECEK: 21. Y\u00dcZYIL\u2019DA KAMU POL\u0130T\u0130KASI ANAL\u0130Z\u0130 <\/p>\n","protected":false},"excerpt":{"rendered":"<p>\u0130\u00e7indekiler : B\u00d6L\u00dcM 1: GENEL \u00c7ER\u00c7EVE B\u00d6L\u00dcM 2: KAMU POL\u0130T\u0130KASI ANAL\u0130Z\u0130 NED\u0130R? B\u00d6L\u00dcM 3: KAMU POL\u0130T\u0130KASI ANAL\u0130Z\u0130 D\u0130S\u0130PL\u0130N\u0130N\u0130N D\u00dcNYADAK\u0130 GEL\u0130\u015e\u0130M\u0130 B\u00d6L\u00dcM 4: KAMU POL\u0130T\u0130KASI ANAL\u0130Z\u0130N\u0130N T\u00dcRK\u0130YE\u2019DEK\u0130<span class=\"excerpt-hellip\"> [\u2026]<\/span><\/p>\n","protected":false},"featured_media":0,"template":"","meta":{"_monsterinsights_skip_tracking":false,"_monsterinsights_sitenote_active":false,"_monsterinsights_sitenote_note":"","_monsterinsights_sitenote_category":0},"product_brand":[],"product_cat":[13043],"product_tag":[],"class_list":{"0":"post-765263","1":"product","2":"type-product","3":"status-publish","5":"product_cat-ekonomi","6":"pa_cilt-ciltsiz","7":"pa_tur-kitap","8":"pa_yayinevi-gazi-kitabevi","9":"pa_yazar-mete-yildiz","11":"first","12":"instock","13":"sale","14":"shipping-taxable","15":"purchasable","16":"product-type-simple"},"_links":{"self":[{"href":"https:\/\/roveyayinevi.com.tr\/index.php\/wp-json\/wp\/v2\/product\/765263","targetHints":{"allow":["GET"]}}],"collection":[{"href":"https:\/\/roveyayinevi.com.tr\/index.php\/wp-json\/wp\/v2\/product"}],"about":[{"href":"https:\/\/roveyayinevi.com.tr\/index.php\/wp-json\/wp\/v2\/types\/product"}],"wp:attachment":[{"href":"https:\/\/roveyayinevi.com.tr\/index.php\/wp-json\/wp\/v2\/media?parent=765263"}],"wp:term":[{"taxonomy":"product_brand","embeddable":true,"href":"https:\/\/roveyayinevi.com.tr\/index.php\/wp-json\/wp\/v2\/product_brand?post=765263"},{"taxonomy":"product_cat","embeddable":true,"href":"https:\/\/roveyayinevi.com.tr\/index.php\/wp-json\/wp\/v2\/product_cat?post=765263"},{"taxonomy":"product_tag","embeddable":true,"href":"https:\/\/roveyayinevi.com.tr\/index.php\/wp-json\/wp\/v2\/product_tag?post=765263"}],"curies":[{"name":"wp","href":"https:\/\/api.w.org\/{rel}","templated":true}]}}