{"id":765261,"date":"2025-08-28T11:37:33","date_gmt":"2025-08-28T08:37:33","guid":{"rendered":"https:\/\/roveyayinevi.com.tr\/index.php\/urun\/karanlik-yolun-efendisi-1\/"},"modified":"2026-04-15T03:30:58","modified_gmt":"2026-04-15T00:30:58","slug":"karanlik-yolun-efendisi-1","status":"publish","type":"product","link":"https:\/\/roveyayinevi.com.tr\/index.php\/urun\/karanlik-yolun-efendisi-1\/","title":{"rendered":"Karanl\u0131k Yolun Efendisi 1"},"content":{"rendered":"<p>\u201c\u015eEYTAN\u0130\u201d WE\u0130 WUX\u0130AN, ON \u00dc\u00c7 SENE \u00d6NCE TUZA\u011eA D\u00dc\u015e\u00dcR\u00dcLEREK \u00d6LD\u00dcR\u00dcLM\u00dc\u015eT\u00dcR. YEN\u0130DEN DO\u011eMASININ TEK YOLU \u0130SE YER\u0130N\u0130 ALACA\u011eI BEDEN\u0130N T\u00dcM D\u00dc\u015eMANLARINI \u00d6LD\u00dcRMEKT\u0130R. TUHAF B\u0130R HAYALET EL TARAFINDAN SALDIRIYA U\u011eRAYINCA WE\u0130 WUX\u0130AN\u2019IN \u201cHAYALET YOLU\u201d TEKN\u0130KLER\u0130YLE ETRAFINDAK\u0130 \u0130NSANLARI KORUMAKTAN BA\u015eKA \u015eANSI KALMAZ. \u00d6NCEDEN TANIDI\u011eI LAN WANGJ\u0130 \u0130LE KAR\u015eILA\u015eIR.   ACABA GER\u00c7EK K\u0130ML\u0130\u011e\u0130 A\u00c7I\u011eA MI \u00c7IKACAK?   \u201c\u00d6NCEDEN KAPR\u0130SL\u0130 VE H\u0130LEC\u0130YD\u0130M, \u015e\u0130MD\u0130 D\u0130\u011eERLER\u0130 TARAFINDAN KANDIRILIYORUM&#8230; BU NASIL OLAB\u0130L\u0130R? O ESK\u0130 KAFALI, SERT LAN WANGJ\u0130 \u0130LE NASIL KAR\u015eILA\u015eAB\u0130L\u0130R\u0130M? NE \u015eANSSIZ B\u0130R YIL AMA! D\u00dc\u015eMANLARLA ARAMDA \u0130NCE B\u0130R \u00c7\u0130ZG\u0130 VAR. TAL\u0130HS\u0130ZL\u0130KLER \u00dcST \u00dcSTE GEL\u0130YOR!\u201d <\/p>\n","protected":false},"excerpt":{"rendered":"<p>\u201c\u015eEYTAN\u0130\u201d WE\u0130 WUX\u0130AN, ON \u00dc\u00c7 SENE \u00d6NCE TUZA\u011eA D\u00dc\u015e\u00dcR\u00dcLEREK \u00d6LD\u00dcR\u00dcLM\u00dc\u015eT\u00dcR. YEN\u0130DEN DO\u011eMASININ TEK YOLU \u0130SE YER\u0130N\u0130 ALACA\u011eI BEDEN\u0130N T\u00dcM D\u00dc\u015eMANLARINI \u00d6LD\u00dcRMEKT\u0130R. TUHAF B\u0130R HAYALET EL TARAFINDAN<span class=\"excerpt-hellip\"> [\u2026]<\/span><\/p>\n","protected":false},"featured_media":0,"template":"","meta":{"_monsterinsights_skip_tracking":false,"_monsterinsights_sitenote_active":false,"_monsterinsights_sitenote_note":"","_monsterinsights_sitenote_category":0},"product_brand":[],"product_cat":[12416,12291],"product_tag":[],"class_list":{"0":"post-765261","1":"product","2":"type-product","3":"status-publish","5":"product_cat-cizgi-roman","6":"product_cat-edebiyat","7":"pa_cilt-ciltsiz","8":"pa_tur-kitap","9":"pa_yayinevi-athica-yayinlari","10":"pa_yazar-mo-xiang-tong-xiu","12":"first","13":"instock","14":"sale","15":"shipping-taxable","16":"purchasable","17":"product-type-simple"},"_links":{"self":[{"href":"https:\/\/roveyayinevi.com.tr\/index.php\/wp-json\/wp\/v2\/product\/765261","targetHints":{"allow":["GET"]}}],"collection":[{"href":"https:\/\/roveyayinevi.com.tr\/index.php\/wp-json\/wp\/v2\/product"}],"about":[{"href":"https:\/\/roveyayinevi.com.tr\/index.php\/wp-json\/wp\/v2\/types\/product"}],"wp:attachment":[{"href":"https:\/\/roveyayinevi.com.tr\/index.php\/wp-json\/wp\/v2\/media?parent=765261"}],"wp:term":[{"taxonomy":"product_brand","embeddable":true,"href":"https:\/\/roveyayinevi.com.tr\/index.php\/wp-json\/wp\/v2\/product_brand?post=765261"},{"taxonomy":"product_cat","embeddable":true,"href":"https:\/\/roveyayinevi.com.tr\/index.php\/wp-json\/wp\/v2\/product_cat?post=765261"},{"taxonomy":"product_tag","embeddable":true,"href":"https:\/\/roveyayinevi.com.tr\/index.php\/wp-json\/wp\/v2\/product_tag?post=765261"}],"curies":[{"name":"wp","href":"https:\/\/api.w.org\/{rel}","templated":true}]}}