{"id":765256,"date":"2025-08-28T11:37:23","date_gmt":"2025-08-28T08:37:23","guid":{"rendered":"https:\/\/roveyayinevi.com.tr\/index.php\/urun\/romantik\/"},"modified":"2026-04-15T03:30:57","modified_gmt":"2026-04-15T00:30:57","slug":"romantik","status":"publish","type":"product","link":"https:\/\/roveyayinevi.com.tr\/index.php\/urun\/romantik\/","title":{"rendered":"Romantik"},"content":{"rendered":"<p>Ger\u00e7ek ile hayali ay\u0131ran s\u0131n\u0131r\u0131n belirsizle\u015fti\u011fi, her biri birer romantik ser\u00fcven gibi okuyanlar\u0131 da i\u00e7ine al\u0131p ba\u015f d\u00f6nd\u00fcren yolculuklara \u00e7\u0131karmay\u0131 bekleyen Romantik\u2019te zaman, kentler ve insanlar; co\u015fku, h\u00fcz\u00fcn, melankoli ve a\u015fk i\u00e7inde birer kahramana d\u00f6n\u00fc\u015fm\u00fc\u015f. \u0130talya\u2019da portikolar alt\u0131nda y\u00fcr\u00fcrken Almanya\u2019da bir kasabada uyanan, Venedik\u2019te Bellini ile konu\u015furken Tuna\u2019y\u0131 \u00f6zleyen, Ankara bozk\u0131r\u0131ndan ka\u00e7\u0131p tahripk\u00e2r Karadeniz\u2019e ve k\u0131y\u0131lar\u0131na uzanan \u00f6yk\u00fc tad\u0131nda denemeler\u2026   \u201cBudape\u015fte radyosundan h\u00fcz\u00fcnl\u00fc bir melodi de\u011fil fakat bu gece bizim i\u015fitti\u011fimiz. Orta \u00c7a\u011f\u2019da sava\u015f ganimeti payla\u015fan, ne\u015feli, muzaffer, vurdumduymaz bir kalabal\u0131\u011f\u0131z bu kez. H\u00fcz\u00fcnl\u00fc \u015fark\u0131lar, yorgun bedenlerimizi dinlendirmek i\u00e7in. Bu gece zafer t\u00fcrk\u00fcleri yak\u0131\u015f\u0131r bize.\u201d <\/p>\n","protected":false},"excerpt":{"rendered":"<p>Ger\u00e7ek ile hayali ay\u0131ran s\u0131n\u0131r\u0131n belirsizle\u015fti\u011fi, her biri birer romantik ser\u00fcven gibi okuyanlar\u0131 da i\u00e7ine al\u0131p ba\u015f d\u00f6nd\u00fcren yolculuklara \u00e7\u0131karmay\u0131 bekleyen Romantik\u2019te zaman, kentler ve insanlar;<span class=\"excerpt-hellip\"> [\u2026]<\/span><\/p>\n","protected":false},"featured_media":0,"template":"","meta":{"_monsterinsights_skip_tracking":false,"_monsterinsights_sitenote_active":false,"_monsterinsights_sitenote_note":"","_monsterinsights_sitenote_category":0},"product_brand":[],"product_cat":[12777,12291],"product_tag":[],"class_list":{"0":"post-765256","1":"product","2":"type-product","3":"status-publish","5":"product_cat-deneme","6":"product_cat-edebiyat","7":"pa_cilt-ciltsiz","8":"pa_tur-kitap","9":"pa_yayinevi-pankus-yayinlari","10":"pa_yazar-baris-ozturk","12":"first","13":"instock","14":"sale","15":"shipping-taxable","16":"purchasable","17":"product-type-simple"},"_links":{"self":[{"href":"https:\/\/roveyayinevi.com.tr\/index.php\/wp-json\/wp\/v2\/product\/765256","targetHints":{"allow":["GET"]}}],"collection":[{"href":"https:\/\/roveyayinevi.com.tr\/index.php\/wp-json\/wp\/v2\/product"}],"about":[{"href":"https:\/\/roveyayinevi.com.tr\/index.php\/wp-json\/wp\/v2\/types\/product"}],"wp:attachment":[{"href":"https:\/\/roveyayinevi.com.tr\/index.php\/wp-json\/wp\/v2\/media?parent=765256"}],"wp:term":[{"taxonomy":"product_brand","embeddable":true,"href":"https:\/\/roveyayinevi.com.tr\/index.php\/wp-json\/wp\/v2\/product_brand?post=765256"},{"taxonomy":"product_cat","embeddable":true,"href":"https:\/\/roveyayinevi.com.tr\/index.php\/wp-json\/wp\/v2\/product_cat?post=765256"},{"taxonomy":"product_tag","embeddable":true,"href":"https:\/\/roveyayinevi.com.tr\/index.php\/wp-json\/wp\/v2\/product_tag?post=765256"}],"curies":[{"name":"wp","href":"https:\/\/api.w.org\/{rel}","templated":true}]}}