{"id":765238,"date":"2025-08-28T11:36:49","date_gmt":"2025-08-28T08:36:49","guid":{"rendered":"https:\/\/roveyayinevi.com.tr\/index.php\/urun\/dokuz\/"},"modified":"2026-04-15T03:30:57","modified_gmt":"2026-04-15T00:30:57","slug":"dokuz","status":"publish","type":"product","link":"https:\/\/roveyayinevi.com.tr\/index.php\/urun\/dokuz\/","title":{"rendered":"Dokuz"},"content":{"rendered":"<p>KORE \u00c7OK SATANI VE B\u0130L\u0130M KURGU \u00d6D\u00dcL\u00dc KAZANANI&#8221;G\u00f6stersene, merak ediyorum.&#8221;&#8221;Neyi?&#8221;&#8221;Parmaklar\u0131nda b\u00fcy\u00fcyen filizleri.&#8221;Liseye giden Wonwoo Park iki y\u0131l \u00f6nce gizemli bir \u015fekilde s\u0131rra kadem bast\u0131. Ka\u00e7t\u0131 m\u0131 yoksa \u00f6ld\u00fcr\u00fcld\u00fc m\u00fc, kimse bilmiyor.Teyzesiyle ya\u015fayan on yedi ya\u015f\u0131ndaki Dokuz, bir g\u00fcn aniden bitkilerin seslerini duymaya ba\u015flad\u0131\u011f\u0131n\u0131 fark eder. Gelgelelim d\u00fcnya onun bu yeni yetenekleriyle hayatta kalabilmesi i\u00e7in elveri\u015fli de\u011fildir. Ancak gen\u00e7 k\u0131z, Wonwoo&#8217;nun kaybolu\u015funun ard\u0131ndaki s\u0131rr\u0131 \u00f6\u011frenmeye karar verir arkada\u015flar\u0131yla gizem dolu bir yolculu\u011fa \u00e7\u0131kar.Bitkilerin bildi\u011fi ama insanlardan gizledi\u011fi s\u0131r perdesini yava\u015f yava\u015f aralayan Dokuz, olay\u0131 ayd\u0131nlat\u0131rken kendine dair \u015fa\u015f\u0131rt\u0131c\u0131 ger\u00e7ekleri de ke\u015ffeder.Kore edebiyat\u0131n\u0131n gen\u00e7 kalemlerinden Cheon Seon-ran&#8217;dan sars\u0131lmaz dostluklara, karanl\u0131\u011fa boyun e\u011fmeyen umuda ve farkl\u0131l\u0131klara ra\u011fmen kendini oldu\u011fu gibi kabul etmeye dair fantastik ve duygusal bir roman&#8230;<\/p>\n","protected":false},"excerpt":{"rendered":"<p>KORE \u00c7OK SATANI VE B\u0130L\u0130M KURGU \u00d6D\u00dcL\u00dc KAZANANI&#8221;G\u00f6stersene, merak ediyorum.&#8221;&#8221;Neyi?&#8221;&#8221;Parmaklar\u0131nda b\u00fcy\u00fcyen filizleri.&#8221;Liseye giden Wonwoo Park iki y\u0131l \u00f6nce gizemli bir \u015fekilde s\u0131rra kadem bast\u0131. Ka\u00e7t\u0131 m\u0131<span class=\"excerpt-hellip\"> [\u2026]<\/span><\/p>\n","protected":false},"featured_media":0,"template":"","meta":{"_monsterinsights_skip_tracking":false,"_monsterinsights_sitenote_active":false,"_monsterinsights_sitenote_note":"","_monsterinsights_sitenote_category":0},"product_brand":[],"product_cat":[12291,14777],"product_tag":[],"class_list":{"0":"post-765238","1":"product","2":"type-product","3":"status-publish","5":"product_cat-edebiyat","6":"product_cat-fantastik","7":"pa_cilt-ciltsiz","8":"pa_tur-kitap","9":"pa_yayinevi-yuzu-kitap","10":"pa_yazar-cheon-seon-ran","12":"first","13":"instock","14":"sale","15":"shipping-taxable","16":"purchasable","17":"product-type-simple"},"_links":{"self":[{"href":"https:\/\/roveyayinevi.com.tr\/index.php\/wp-json\/wp\/v2\/product\/765238","targetHints":{"allow":["GET"]}}],"collection":[{"href":"https:\/\/roveyayinevi.com.tr\/index.php\/wp-json\/wp\/v2\/product"}],"about":[{"href":"https:\/\/roveyayinevi.com.tr\/index.php\/wp-json\/wp\/v2\/types\/product"}],"wp:attachment":[{"href":"https:\/\/roveyayinevi.com.tr\/index.php\/wp-json\/wp\/v2\/media?parent=765238"}],"wp:term":[{"taxonomy":"product_brand","embeddable":true,"href":"https:\/\/roveyayinevi.com.tr\/index.php\/wp-json\/wp\/v2\/product_brand?post=765238"},{"taxonomy":"product_cat","embeddable":true,"href":"https:\/\/roveyayinevi.com.tr\/index.php\/wp-json\/wp\/v2\/product_cat?post=765238"},{"taxonomy":"product_tag","embeddable":true,"href":"https:\/\/roveyayinevi.com.tr\/index.php\/wp-json\/wp\/v2\/product_tag?post=765238"}],"curies":[{"name":"wp","href":"https:\/\/api.w.org\/{rel}","templated":true}]}}