{"id":765237,"date":"2025-08-28T11:36:47","date_gmt":"2025-08-28T08:36:47","guid":{"rendered":"https:\/\/roveyayinevi.com.tr\/index.php\/urun\/felsefe-ahlaktan-metafizige-bilgelik-ve-gerceklikte-maceralar\/"},"modified":"2026-04-15T03:30:57","modified_gmt":"2026-04-15T00:30:57","slug":"felsefe-ahlaktan-metafizige-bilgelik-ve-gerceklikte-maceralar","status":"publish","type":"product","link":"https:\/\/roveyayinevi.com.tr\/index.php\/urun\/felsefe-ahlaktan-metafizige-bilgelik-ve-gerceklikte-maceralar\/","title":{"rendered":"Felsefe Ahlaktan Metafizi\u011fe: Bilgelik ve Ger\u00e7eklikte Maceralar"},"content":{"rendered":"<p>Felsefeci yazar Michael Picard\u2019\u0131n kaleme ald\u0131\u011f\u0131 Felsefe &#8211; Ahlaktan Metafizi\u011fe: Bilgelik ve Ger\u00e7eklikte Maceralar felsefeye h\u0131zl\u0131, zihin a\u00e7\u0131c\u0131 ve ayd\u0131nlat\u0131c\u0131 bir giri\u015f yapmak isteyenlere epistemoloji, etik, metafizik ve mant\u0131k hakk\u0131ndaki farkl\u0131 g\u00f6r\u00fc\u015fleri ve bilginin temellerini sorgulamay\u0131 sa\u011flayacak bir\u00e7ok i\u00e7g\u00f6r\u00fc sunuyor. Yazar\u0131n mizahi fakat sade dili okurlar\u0131 en derin sorularla tan\u0131\u015ft\u0131rarak soyut kavramlar\u0131 g\u00fcndelik ya\u015fam\u0131n bir\u00e7ok \u00f6nemli meselesine ba\u011fl\u0131yor. En b\u00fcy\u00fck ak\u0131llar\u0131 me\u015fgul etmi\u015f felsefi sorular, fikirlerimizin tutars\u0131zl\u0131klar\u0131n\u0131 ortaya \u00e7\u0131karan bilmeceler, \u00e7\u00f6z\u00fclemez mant\u0131ksal paradokslar ve bizi inan\u00e7lar\u0131m\u0131z\u0131n sonu\u00e7lar\u0131yla y\u00fczle\u015fmeye zorlayan ahlaki ikilemler bu kitapta d\u00fc\u015f\u00fcnce deneyleri, mant\u0131k sorular\u0131 ve egzersizler e\u015fli\u011finde zengin bir i\u00e7erik h\u00e2linde yer al\u0131yor. Felsefenin tarihsel geli\u015fimi yan\u0131 s\u0131ra bilginin ve d\u00fc\u015f\u00fcncenin gidi\u015fat\u0131n\u0131 de\u011fi\u015ftirmi\u015f Do\u011fulu ve Bat\u0131l\u0131 filozoflar\u0131 da tan\u0131tan kitap, ele al\u0131nan konular hakk\u0131nda kendini geli\u015ftirmek isteyenler i\u00e7in ayr\u0131nt\u0131l\u0131 bir bibliyografya sunuyor ve felsefeye ba\u015flang\u0131\u00e7 yapmak isteyen yeti\u015fkinlerin yan\u0131 s\u0131ra gen\u00e7 yeti\u015fkinler aras\u0131nda da d\u00fc\u015f\u00fcnce ve diyalo\u011fa ilham kayna\u011f\u0131 olmaya aday.<\/p>\n","protected":false},"excerpt":{"rendered":"<p>Felsefeci yazar Michael Picard\u2019\u0131n kaleme ald\u0131\u011f\u0131 Felsefe &#8211; Ahlaktan Metafizi\u011fe: Bilgelik ve Ger\u00e7eklikte Maceralar felsefeye h\u0131zl\u0131, zihin a\u00e7\u0131c\u0131 ve ayd\u0131nlat\u0131c\u0131 bir giri\u015f yapmak isteyenlere epistemoloji, etik,<span class=\"excerpt-hellip\"> [\u2026]<\/span><\/p>\n","protected":false},"featured_media":0,"template":"","meta":{"_monsterinsights_skip_tracking":false,"_monsterinsights_sitenote_active":false,"_monsterinsights_sitenote_note":"","_monsterinsights_sitenote_category":0},"product_brand":[],"product_cat":[12388,13555],"product_tag":[],"class_list":{"0":"post-765237","1":"product","2":"type-product","3":"status-publish","5":"product_cat-felsefe","6":"product_cat-genel-felsefe","7":"pa_cilt-ciltsiz","8":"pa_tur-kitap","9":"pa_yayinevi-literatur-yayinevi","10":"pa_yazar-michael-picard","12":"first","13":"instock","14":"sale","15":"shipping-taxable","16":"purchasable","17":"product-type-simple"},"_links":{"self":[{"href":"https:\/\/roveyayinevi.com.tr\/index.php\/wp-json\/wp\/v2\/product\/765237","targetHints":{"allow":["GET"]}}],"collection":[{"href":"https:\/\/roveyayinevi.com.tr\/index.php\/wp-json\/wp\/v2\/product"}],"about":[{"href":"https:\/\/roveyayinevi.com.tr\/index.php\/wp-json\/wp\/v2\/types\/product"}],"wp:attachment":[{"href":"https:\/\/roveyayinevi.com.tr\/index.php\/wp-json\/wp\/v2\/media?parent=765237"}],"wp:term":[{"taxonomy":"product_brand","embeddable":true,"href":"https:\/\/roveyayinevi.com.tr\/index.php\/wp-json\/wp\/v2\/product_brand?post=765237"},{"taxonomy":"product_cat","embeddable":true,"href":"https:\/\/roveyayinevi.com.tr\/index.php\/wp-json\/wp\/v2\/product_cat?post=765237"},{"taxonomy":"product_tag","embeddable":true,"href":"https:\/\/roveyayinevi.com.tr\/index.php\/wp-json\/wp\/v2\/product_tag?post=765237"}],"curies":[{"name":"wp","href":"https:\/\/api.w.org\/{rel}","templated":true}]}}