{"id":765191,"date":"2025-08-28T11:34:51","date_gmt":"2025-08-28T08:34:51","guid":{"rendered":"https:\/\/roveyayinevi.com.tr\/index.php\/urun\/kurgusal-baslangic\/"},"modified":"2026-04-15T03:30:56","modified_gmt":"2026-04-15T00:30:56","slug":"kurgusal-baslangic","status":"publish","type":"product","link":"https:\/\/roveyayinevi.com.tr\/index.php\/urun\/kurgusal-baslangic\/","title":{"rendered":"Kurgusal Ba\u015flang\u0131\u00e7"},"content":{"rendered":"<p>Hayat kavganda seni sakinlikten uzakla\u015ft\u0131ran kurguyu unutursan kurals\u0131z olay \u00f6rg\u00fcnle ba\u015f edemezsin. D\u00fcnya harekete muhta\u00e7t\u0131r, yoksa ya\u015fam\u0131n enerjisi d\u00f6n\u00fc\u015fmez. Hareket ise sakinli\u011fin z\u0131dd\u0131d\u0131r. Z\u0131tl\u0131\u011f\u0131n enerjisini kullanmay\u0131 bilmiyorsa ustal\u0131ktan bahsedemez insan. Simya bizim i\u00e7in haz\u0131rlanan hayat senaryosunu istedi\u011fimiz do\u011frultuda d\u00fczenlemek ya da hik\u00e2yemize yeni dokunu\u015flar yaparak hayat\u0131m\u0131z\u0131 de\u011fi\u015ftirmek i\u00e7in farkl\u0131 kap\u0131lar a\u00e7ar. Bu kitapta kurgusal d\u00f6ng\u00fcler, zihin, ayd\u0131nl\u0131k ve karanl\u0131k taraf\u0131n bize anlatt\u0131klar\u0131 ve hi\u00e7likte yolculuk gibi konularla ger\u00e7ek simya \u00f6\u011fretisine ve hayat kurgusuna ba\u015flang\u0131\u00e7 yapm\u0131\u015f olaca\u011f\u0131z. Kurgusal Ba\u015flang\u0131\u00e7 revize edilmi\u015f 2. bask\u0131s\u0131yla sizlerle bulu\u015fuyor. <\/p>\n","protected":false},"excerpt":{"rendered":"<p>Hayat kavganda seni sakinlikten uzakla\u015ft\u0131ran kurguyu unutursan kurals\u0131z olay \u00f6rg\u00fcnle ba\u015f edemezsin. D\u00fcnya harekete muhta\u00e7t\u0131r, yoksa ya\u015fam\u0131n enerjisi d\u00f6n\u00fc\u015fmez. Hareket ise sakinli\u011fin z\u0131dd\u0131d\u0131r. Z\u0131tl\u0131\u011f\u0131n enerjisini kullanmay\u0131<span class=\"excerpt-hellip\"> [\u2026]<\/span><\/p>\n","protected":false},"featured_media":0,"template":"","meta":{"_monsterinsights_skip_tracking":false,"_monsterinsights_sitenote_active":false,"_monsterinsights_sitenote_note":"","_monsterinsights_sitenote_category":0},"product_brand":[],"product_cat":[12357],"product_tag":[],"class_list":{"0":"post-765191","1":"product","2":"type-product","3":"status-publish","5":"product_cat-psikoloji","6":"pa_cilt-ciltsiz","7":"pa_tur-kitap","8":"pa_yayinevi-astana-yayinlari","9":"pa_yazar-murat-koyun","11":"first","12":"instock","13":"sale","14":"shipping-taxable","15":"purchasable","16":"product-type-simple"},"_links":{"self":[{"href":"https:\/\/roveyayinevi.com.tr\/index.php\/wp-json\/wp\/v2\/product\/765191","targetHints":{"allow":["GET"]}}],"collection":[{"href":"https:\/\/roveyayinevi.com.tr\/index.php\/wp-json\/wp\/v2\/product"}],"about":[{"href":"https:\/\/roveyayinevi.com.tr\/index.php\/wp-json\/wp\/v2\/types\/product"}],"wp:attachment":[{"href":"https:\/\/roveyayinevi.com.tr\/index.php\/wp-json\/wp\/v2\/media?parent=765191"}],"wp:term":[{"taxonomy":"product_brand","embeddable":true,"href":"https:\/\/roveyayinevi.com.tr\/index.php\/wp-json\/wp\/v2\/product_brand?post=765191"},{"taxonomy":"product_cat","embeddable":true,"href":"https:\/\/roveyayinevi.com.tr\/index.php\/wp-json\/wp\/v2\/product_cat?post=765191"},{"taxonomy":"product_tag","embeddable":true,"href":"https:\/\/roveyayinevi.com.tr\/index.php\/wp-json\/wp\/v2\/product_tag?post=765191"}],"curies":[{"name":"wp","href":"https:\/\/api.w.org\/{rel}","templated":true}]}}