{"id":765170,"date":"2025-08-28T11:34:08","date_gmt":"2025-08-28T08:34:08","guid":{"rendered":"https:\/\/roveyayinevi.com.tr\/index.php\/urun\/albert-einstein-5\/"},"modified":"2026-04-15T03:30:55","modified_gmt":"2026-04-15T00:30:55","slug":"albert-einstein-5","status":"publish","type":"product","link":"https:\/\/roveyayinevi.com.tr\/index.php\/urun\/albert-einstein-5\/","title":{"rendered":"Albert E\u0131nstein"},"content":{"rendered":"<p>Ba\u015far\u0131l\u0131 bir adam olmak i\u00e7in \u00e7al\u0131\u015fmay\u0131n, aksine \u00f6nemli bir adam olmak i\u00e7in \u00e7al\u0131\u015f\u0131n. \u00d6n yarg\u0131lar\u0131 yok etmek, atom \u00e7ekirde\u011fini par\u00e7alamaktan daha zordur. Sadece iki \u015feyden eminim, ilki evrenin s\u0131n\u0131rs\u0131zl\u0131\u011f\u0131 ikincisi ise insano\u011flunun ahmakl\u0131\u011f\u0131. Dehan\u0131n onda biri yetenek, onda dokuzu da \u00e7al\u0131\u015fmakt\u0131r. Aman hocam neler diyorsunuz? Bu c\u00fcmleleri s\u00f6yleyen dehan\u0131n s\u0131rr\u0131n\u0131 \u00e7\u00f6zmeye var m\u0131s\u0131n\u0131z diyorum. \u0130nsanl\u0131k tarihinin en yarat\u0131c\u0131 beyinlerinden biri, atom bombas\u0131n\u0131n mucidi ve d\u00fcnyan\u0131n en \u00f6nemli fizik\u00e7isi Albert Einstein bu b\u00f6l\u00fcmde konu\u011fumuz oluyor. Haz\u0131r m\u0131s\u0131n\u0131z bakal\u0131m? E=mc2 form\u00fcl\u00fcn\u00fc bulan, t\u00fcm d\u00fcnyada bu form\u00fclle tan\u0131nan, Nobel Fizik \u00d6d\u00fcl\u00fcn\u00fcn ve izafiyet teorisinin sahibi \u00fcnl\u00fc fizik\u00e7i Albert Einstein&#8217;\u0131 yak\u0131ndan tan\u0131mak \u00fczere yola \u00e7\u0131k\u0131yoruuuuz! <\/p>\n","protected":false},"excerpt":{"rendered":"<p>Ba\u015far\u0131l\u0131 bir adam olmak i\u00e7in \u00e7al\u0131\u015fmay\u0131n, aksine \u00f6nemli bir adam olmak i\u00e7in \u00e7al\u0131\u015f\u0131n. \u00d6n yarg\u0131lar\u0131 yok etmek, atom \u00e7ekirde\u011fini par\u00e7alamaktan daha zordur. Sadece iki \u015feyden eminim,<span class=\"excerpt-hellip\"> [\u2026]<\/span><\/p>\n","protected":false},"featured_media":0,"template":"","meta":{"_monsterinsights_skip_tracking":false,"_monsterinsights_sitenote_active":false,"_monsterinsights_sitenote_note":"","_monsterinsights_sitenote_category":0},"product_brand":[],"product_cat":[13829,12274],"product_tag":[],"class_list":{"0":"post-765170","1":"product","2":"type-product","3":"status-publish","5":"product_cat-bilimsel-kitaplar","6":"product_cat-cocuk-ve-genclik-kitaplari","7":"pa_cilt-ciltsiz","8":"pa_tur-kitap","9":"pa_yayinevi-profil-kitap","10":"pa_yazar-sebnem-piskin","12":"first","13":"instock","14":"sale","15":"shipping-taxable","16":"purchasable","17":"product-type-simple"},"_links":{"self":[{"href":"https:\/\/roveyayinevi.com.tr\/index.php\/wp-json\/wp\/v2\/product\/765170","targetHints":{"allow":["GET"]}}],"collection":[{"href":"https:\/\/roveyayinevi.com.tr\/index.php\/wp-json\/wp\/v2\/product"}],"about":[{"href":"https:\/\/roveyayinevi.com.tr\/index.php\/wp-json\/wp\/v2\/types\/product"}],"wp:attachment":[{"href":"https:\/\/roveyayinevi.com.tr\/index.php\/wp-json\/wp\/v2\/media?parent=765170"}],"wp:term":[{"taxonomy":"product_brand","embeddable":true,"href":"https:\/\/roveyayinevi.com.tr\/index.php\/wp-json\/wp\/v2\/product_brand?post=765170"},{"taxonomy":"product_cat","embeddable":true,"href":"https:\/\/roveyayinevi.com.tr\/index.php\/wp-json\/wp\/v2\/product_cat?post=765170"},{"taxonomy":"product_tag","embeddable":true,"href":"https:\/\/roveyayinevi.com.tr\/index.php\/wp-json\/wp\/v2\/product_tag?post=765170"}],"curies":[{"name":"wp","href":"https:\/\/api.w.org\/{rel}","templated":true}]}}