{"id":765163,"date":"2025-08-28T11:33:56","date_gmt":"2025-08-28T08:33:56","guid":{"rendered":"https:\/\/roveyayinevi.com.tr\/index.php\/urun\/hiclik-cagi\/"},"modified":"2026-04-15T03:30:55","modified_gmt":"2026-04-15T00:30:55","slug":"hiclik-cagi","status":"publish","type":"product","link":"https:\/\/roveyayinevi.com.tr\/index.php\/urun\/hiclik-cagi\/","title":{"rendered":"Hi\u00e7lik \u00c7a\u011f\u0131"},"content":{"rendered":"<p>\u201cGe\u00e7ti\u011fimiz y\u00fczy\u0131l\u0131n kurucu fikirlerinin canl\u0131 ve ilgi \u00e7ekici bir \u00f6zeti olan Hi\u00e7lik \u00c7a\u011f\u0131, Nietzsche&#8217;nin te\u015fhisinin, politik yelpazenin baz\u0131 \u015fa\u015f\u0131rt\u0131c\u0131 noktalar\u0131 da dahil olmak \u00fczere k\u00fclt\u00fcrel ya\u015fam\u0131n her alan\u0131nda nas\u0131l tepkiler uyand\u0131rd\u0131\u011f\u0131n\u0131 g\u00f6steriyor.\u201d \u2013 John Gray   \u201c\u0130ngiltere&#8217;nin en se\u00e7kin d\u00fc\u015f\u00fcnce tarih\u00e7ilerinden birinden heyecan verici bir yolculuk&#8230;\u201d \u2013 The Boston Globe     Friedrich Nietzsche 1882\u2019de \u201cTanr\u0131 \u00f6ld\u00fc\u201d dedi. O zamandan bu yana on binlerce sanat\u00e7\u0131, bilim adam\u0131, siyaset\u00e7i, d\u00fc\u015f\u00fcn\u00fcr ve lider Tanr\u0131 olmadan bir hayat kurma, yeni bir ya\u015fam bi\u00e7imi tesis etmeye \u00e7abalad\u0131. Tarihin \u015fafa\u011f\u0131ndan bu yana insan ilk defa din\u00ee bir d\u00fc\u015f\u00fcnce olmaks\u0131z\u0131n yery\u00fcz\u00fcnde kendisine bir yol belirlemeye \u00e7al\u0131\u015ft\u0131. Bu u\u011fra\u015f\u0131n\u0131n hik\u00e2yesi ilk kez \u015fimdi g\u00fcn y\u00fcz\u00fcne \u00e7\u0131k\u0131yor. Peter Watson modern d\u00f6nemin sanatsal, bilimsel ve k\u00fclt\u00fcrel geli\u015fmelerinin yeni bir tarihini yazd\u0131\u011f\u0131 Hi\u00e7lik \u00c7a\u011f\u0131\u2019nda William James ve pragmatistleri; Sigmund Freud ve psikanalizi; Pablo Picasso, James Joyce ve Albert Camus gibi sanat\u00e7\u0131lar\u0131; Birinci D\u00fcnya Sava\u015f\u0131 \u015fairlerini ve \u0130kinci D\u00fcnya Sava\u015f\u0131 romanc\u0131lar\u0131n\u0131; Albert Einstein&#8217;dan Stephen Hawking&#8217;e bilim insanlar\u0131n\u0131 ve Dawkins, Harris ve Hitchens gibi yeni ateistlerin y\u00fckseli\u015fini ele al\u0131yor. Watson, ateizmin nas\u0131l geli\u015fti\u011fini g\u00f6sterirken, ge\u00e7en y\u00fczy\u0131l\u0131n en b\u00fcy\u00fck sanat ve edebiyat, bilim ve felsefe eserlerinin izlerinin sek\u00fclerizmin y\u00fckseli\u015finde bulunabilece\u011fini ortaya koyuyor. Din\u00ee inan\u00e7 kayb\u0131n\u0131n Bat\u0131 uygarl\u0131\u011f\u0131n\u0131n y\u00fcksek k\u00fclt\u00fcr\u00fc i\u00e7in ne anlama geldi\u011fi, beraberinde neler getirdi\u011fi Hi\u00e7lik \u00c7a\u011f\u0131\u2019n\u0131n sayfalar\u0131 aras\u0131nda titizlikle inceleniyor. Nietzsche\u2019den Daniel Dennett\u2019e, Watson\u2019\u0131n bu ustal\u0131kl\u0131 d\u00fc\u015f\u00fcnce tarihi, ateizmin bar\u0131nd\u0131rd\u0131\u011f\u0131 b\u00fcy\u00fck sorunlar\u0131 ve devrimci fikirleri al\u0131p a\u00e7\u0131klamay\u0131, ba\u011flant\u0131lar\u0131 ve kavramlar\u0131 basitle\u015ftirmeden yal\u0131n bir \u015fekilde sunmay\u0131 ba\u015far\u0131yor. Hi\u00e7lik \u00c7a\u011f\u0131: Tanr\u0131\u2019n\u0131n \u00d6l\u00fcm\u00fcnden Sonra D\u00fcnya ateizm ve etraf\u0131ndaki fikirler c\u00fcmb\u00fc\u015f\u00fcn\u00fc b\u00fcy\u00fck bir ustal\u0131kla d\u00fczene koyup yal\u0131n bir \u015fekilde sunuyor.<\/p>\n","protected":false},"excerpt":{"rendered":"<p>\u201cGe\u00e7ti\u011fimiz y\u00fczy\u0131l\u0131n kurucu fikirlerinin canl\u0131 ve ilgi \u00e7ekici bir \u00f6zeti olan Hi\u00e7lik \u00c7a\u011f\u0131, Nietzsche&#8217;nin te\u015fhisinin, politik yelpazenin baz\u0131 \u015fa\u015f\u0131rt\u0131c\u0131 noktalar\u0131 da dahil olmak \u00fczere k\u00fclt\u00fcrel ya\u015fam\u0131n<span class=\"excerpt-hellip\"> [\u2026]<\/span><\/p>\n","protected":false},"featured_media":0,"template":"","meta":{"_monsterinsights_skip_tracking":false,"_monsterinsights_sitenote_active":false,"_monsterinsights_sitenote_note":"","_monsterinsights_sitenote_category":0},"product_brand":[],"product_cat":[20351,12388],"product_tag":[],"class_list":{"0":"post-765163","1":"product","2":"type-product","3":"status-publish","5":"product_cat-dusunce","6":"product_cat-felsefe","7":"pa_cilt-ciltsiz","8":"pa_tur-kitap","9":"pa_yayinevi-kronik-kitap","10":"pa_yazar-peter-watson","12":"first","13":"instock","14":"sale","15":"shipping-taxable","16":"purchasable","17":"product-type-simple"},"_links":{"self":[{"href":"https:\/\/roveyayinevi.com.tr\/index.php\/wp-json\/wp\/v2\/product\/765163","targetHints":{"allow":["GET"]}}],"collection":[{"href":"https:\/\/roveyayinevi.com.tr\/index.php\/wp-json\/wp\/v2\/product"}],"about":[{"href":"https:\/\/roveyayinevi.com.tr\/index.php\/wp-json\/wp\/v2\/types\/product"}],"wp:attachment":[{"href":"https:\/\/roveyayinevi.com.tr\/index.php\/wp-json\/wp\/v2\/media?parent=765163"}],"wp:term":[{"taxonomy":"product_brand","embeddable":true,"href":"https:\/\/roveyayinevi.com.tr\/index.php\/wp-json\/wp\/v2\/product_brand?post=765163"},{"taxonomy":"product_cat","embeddable":true,"href":"https:\/\/roveyayinevi.com.tr\/index.php\/wp-json\/wp\/v2\/product_cat?post=765163"},{"taxonomy":"product_tag","embeddable":true,"href":"https:\/\/roveyayinevi.com.tr\/index.php\/wp-json\/wp\/v2\/product_tag?post=765163"}],"curies":[{"name":"wp","href":"https:\/\/api.w.org\/{rel}","templated":true}]}}