{"id":765157,"date":"2025-08-28T11:33:47","date_gmt":"2025-08-28T08:33:47","guid":{"rendered":"https:\/\/roveyayinevi.com.tr\/index.php\/urun\/kol-tegin\/"},"modified":"2026-04-15T03:30:55","modified_gmt":"2026-04-15T00:30:55","slug":"kol-tegin","status":"publish","type":"product","link":"https:\/\/roveyayinevi.com.tr\/index.php\/urun\/kol-tegin\/","title":{"rendered":"K\u00f6l Tegin"},"content":{"rendered":"<p>II. K\u00f6kt\u00fcrk Devleti&#8217;nin b\u00fcy\u00fck asker\u00ee lideri ve Bilge Ka\u011fan\u2019\u0131n karde\u015fi K\u00f6l Tegin\u2019in hik\u00e2yesi, T\u00fcrk tarihinin en parlak d\u00f6nemlerinden birini yans\u0131t\u0131yor. Peki, K\u00f6l Tegin\u2019in ad\u0131 \u00c7in ve T\u00fcrk kaynaklar\u0131nda nas\u0131l an\u0131ld\u0131? Onun kahramanl\u0131klar\u0131 ve asker\u00ee ba\u015far\u0131lar\u0131, T\u00fcrk devletinin temellerini nas\u0131l sa\u011flamla\u015ft\u0131rd\u0131?   Ad\u0131n\u0131 K\u00f6l m\u00fc K\u00fcl m\u00fc okumal\u0131? Bilge Ka\u011fan\u2019dan ba\u015fka a\u011fabeyi ya da karde\u015fi var m\u0131yd\u0131? Hangi sava\u015flara kat\u0131ld\u0131? Sava\u015flardaki ba\u015far\u0131lar\u0131, ad\u0131na dikilen yaz\u0131tta neden uzun uzun anlat\u0131ld\u0131?   Devletin yasalar\u0131n\u0131 ve geleneklerini temelinden sarsacak kadar \u00f6nemli ihtilalde \u00f6fkesi Kapgan Ka\u011fan ile maiyetine mi yoksa a\u011fabeyi Bilge Ka\u011fan\u2019\u0131n kaynatas\u0131 Tonyukuk\u2019a m\u0131yd\u0131? 716\u2019daki kanl\u0131 ihtilalde kimleri ortadan kald\u0131rd\u0131, kime neden dokunmad\u0131? Bu ihtilalden \u00f6ld\u00fc\u011f\u00fc tarih olan 731\u2019e kadar, hem \u00c7in kay\u0131tlar\u0131 hem de T\u00fcrk\u00e7e kaynaklar neden ondan hi\u00e7 s\u00f6z etmedi?   Bilge Ka\u011fan, kendi ka\u011fanl\u0131\u011f\u0131 d\u00f6neminde karde\u015fi ile yapt\u0131\u011f\u0131 i\u015flerde neden suskun kald\u0131 ve bu kanl\u0131 ihtilali tasvip etmemi\u015f olabilir miydi? A\u011fabeyi Bilge Ka\u011fan ile Kapgan Ka\u011fan\u2019\u0131n k\u0131z\u0131 Xianli Bilge Prenses ger\u00e7ekten evlilik arifesinde miydi ve prenses ad\u0131na yazd\u0131r\u0131lan \u00c7ince yaz\u0131t\u0131 bizzat K\u00f6l Tegin mi kaleme ald\u0131? <\/p>\n","protected":false},"excerpt":{"rendered":"<p>II. K\u00f6kt\u00fcrk Devleti&#8217;nin b\u00fcy\u00fck asker\u00ee lideri ve Bilge Ka\u011fan\u2019\u0131n karde\u015fi K\u00f6l Tegin\u2019in hik\u00e2yesi, T\u00fcrk tarihinin en parlak d\u00f6nemlerinden birini yans\u0131t\u0131yor. Peki, K\u00f6l Tegin\u2019in ad\u0131 \u00c7in ve<span class=\"excerpt-hellip\"> [\u2026]<\/span><\/p>\n","protected":false},"featured_media":0,"template":"","meta":{"_monsterinsights_skip_tracking":false,"_monsterinsights_sitenote_active":false,"_monsterinsights_sitenote_note":"","_monsterinsights_sitenote_category":0},"product_brand":[],"product_cat":[14009,12291],"product_tag":[],"class_list":{"0":"post-765157","1":"product","2":"type-product","3":"status-publish","5":"product_cat-biyografi-otobiyografi-edebiyat","6":"product_cat-edebiyat","7":"pa_cilt-ciltsiz","8":"pa_tur-kitap","9":"pa_yayinevi-kronik-kitap","10":"pa_yazar-erhan-aydin","12":"first","13":"instock","14":"sale","15":"shipping-taxable","16":"purchasable","17":"product-type-simple"},"_links":{"self":[{"href":"https:\/\/roveyayinevi.com.tr\/index.php\/wp-json\/wp\/v2\/product\/765157","targetHints":{"allow":["GET"]}}],"collection":[{"href":"https:\/\/roveyayinevi.com.tr\/index.php\/wp-json\/wp\/v2\/product"}],"about":[{"href":"https:\/\/roveyayinevi.com.tr\/index.php\/wp-json\/wp\/v2\/types\/product"}],"wp:attachment":[{"href":"https:\/\/roveyayinevi.com.tr\/index.php\/wp-json\/wp\/v2\/media?parent=765157"}],"wp:term":[{"taxonomy":"product_brand","embeddable":true,"href":"https:\/\/roveyayinevi.com.tr\/index.php\/wp-json\/wp\/v2\/product_brand?post=765157"},{"taxonomy":"product_cat","embeddable":true,"href":"https:\/\/roveyayinevi.com.tr\/index.php\/wp-json\/wp\/v2\/product_cat?post=765157"},{"taxonomy":"product_tag","embeddable":true,"href":"https:\/\/roveyayinevi.com.tr\/index.php\/wp-json\/wp\/v2\/product_tag?post=765157"}],"curies":[{"name":"wp","href":"https:\/\/api.w.org\/{rel}","templated":true}]}}