{"id":765124,"date":"2025-08-28T11:32:51","date_gmt":"2025-08-28T08:32:51","guid":{"rendered":"https:\/\/roveyayinevi.com.tr\/index.php\/urun\/cehennemdeki-universiteliler\/"},"modified":"2026-04-15T03:30:54","modified_gmt":"2026-04-15T00:30:54","slug":"cehennemdeki-universiteliler","status":"publish","type":"product","link":"https:\/\/roveyayinevi.com.tr\/index.php\/urun\/cehennemdeki-universiteliler\/","title":{"rendered":"Cehennemdeki \u00dcniversiteliler"},"content":{"rendered":"<p>\u201cBizi kurtaracak ne romantik solculuk ne de garibanc\u0131 sa\u011fc\u0131l\u0131kt\u0131r! Unutmayal\u0131m: En hakiki m\u00fcr\u015fit ilimdir, fendir; ondan ayr\u0131lmak gaflettir, dalalettir.\u201d  Cel\u00e2l \u015eeng\u00f6r bu kitab\u0131nda, cehaletin itibar g\u00f6rd\u00fc\u011f\u00fc ve e\u011fitimin itibars\u0131zla\u015ft\u0131r\u0131ld\u0131\u011f\u0131 T\u00fcrkiye \u00fctopyas\u0131nda ya\u015fad\u0131klar\u0131m\u0131z\u0131 ve ya\u015famaya mahk\u00fbm b\u0131rak\u0131lacaklar\u0131m\u0131z\u0131 g\u00f6zler \u00f6n\u00fcne seriyor. Bilimden siyasete, tarihten co\u011frafyaya konu a\u00e7arken bir e\u011fitimci ustal\u0131\u011f\u0131yla gelece\u011fimizi ayd\u0131nlatacak me\u015falenin ta\u015f\u0131y\u0131c\u0131l\u0131\u011f\u0131n\u0131 \u00fcstleniyor. Ayd\u0131nl\u0131k bir T\u00fcrkiye\u2019yi m\u00fcmk\u00fcn k\u0131lmam\u0131z i\u00e7in; Atat\u00fcrk\u2019\u00fcn bug\u00fcnk\u00fc \u00e7ocuklar\u0131n\u0131, yani \u00fcniversite cehennemine maruz b\u0131rak\u0131lm\u0131\u015f koca bir ku\u015fa\u011f\u0131 m\u00fccadeleye davet ediyor.<\/p>\n","protected":false},"excerpt":{"rendered":"<p>\u201cBizi kurtaracak ne romantik solculuk ne de garibanc\u0131 sa\u011fc\u0131l\u0131kt\u0131r! Unutmayal\u0131m: En hakiki m\u00fcr\u015fit ilimdir, fendir; ondan ayr\u0131lmak gaflettir, dalalettir.\u201d Cel\u00e2l \u015eeng\u00f6r bu kitab\u0131nda, cehaletin itibar g\u00f6rd\u00fc\u011f\u00fc<span class=\"excerpt-hellip\"> [\u2026]<\/span><\/p>\n","protected":false},"featured_media":0,"template":"","meta":{"_monsterinsights_skip_tracking":false,"_monsterinsights_sitenote_active":false,"_monsterinsights_sitenote_note":"","_monsterinsights_sitenote_category":0},"product_brand":[],"product_cat":[12777,12291],"product_tag":[],"class_list":{"0":"post-765124","1":"product","2":"type-product","3":"status-publish","5":"product_cat-deneme","6":"product_cat-edebiyat","7":"pa_cilt-ciltsiz","8":"pa_tur-kitap","9":"pa_yayinevi-masa-kitap","10":"pa_yazar-ali-mehmet-celal-sengor","12":"first","13":"instock","14":"sale","15":"shipping-taxable","16":"purchasable","17":"product-type-simple"},"_links":{"self":[{"href":"https:\/\/roveyayinevi.com.tr\/index.php\/wp-json\/wp\/v2\/product\/765124","targetHints":{"allow":["GET"]}}],"collection":[{"href":"https:\/\/roveyayinevi.com.tr\/index.php\/wp-json\/wp\/v2\/product"}],"about":[{"href":"https:\/\/roveyayinevi.com.tr\/index.php\/wp-json\/wp\/v2\/types\/product"}],"wp:attachment":[{"href":"https:\/\/roveyayinevi.com.tr\/index.php\/wp-json\/wp\/v2\/media?parent=765124"}],"wp:term":[{"taxonomy":"product_brand","embeddable":true,"href":"https:\/\/roveyayinevi.com.tr\/index.php\/wp-json\/wp\/v2\/product_brand?post=765124"},{"taxonomy":"product_cat","embeddable":true,"href":"https:\/\/roveyayinevi.com.tr\/index.php\/wp-json\/wp\/v2\/product_cat?post=765124"},{"taxonomy":"product_tag","embeddable":true,"href":"https:\/\/roveyayinevi.com.tr\/index.php\/wp-json\/wp\/v2\/product_tag?post=765124"}],"curies":[{"name":"wp","href":"https:\/\/api.w.org\/{rel}","templated":true}]}}