{"id":765121,"date":"2025-08-28T11:32:45","date_gmt":"2025-08-28T08:32:45","guid":{"rendered":"https:\/\/roveyayinevi.com.tr\/index.php\/urun\/huzun-pansiyonu\/"},"modified":"2026-04-15T03:30:54","modified_gmt":"2026-04-15T00:30:54","slug":"huzun-pansiyonu","status":"publish","type":"product","link":"https:\/\/roveyayinevi.com.tr\/index.php\/urun\/huzun-pansiyonu\/","title":{"rendered":"H\u00fcz\u00fcn Pansiyonu"},"content":{"rendered":"<p>Birbirini hi\u00e7 tan\u0131mayan,hatta yan yana bile gelmemi\u015f \u00e7e\u015fitli meslek ve ya\u015f grubundaki insanlar\u0131n yolu garip bir bi\u00e7imde H\u00fcz\u00fcn Pansiyon\u2019unda kesi\u015fir. Asl\u0131nda kaderlerinden ka\u00e7\u0131p buraya s\u0131\u011f\u0131nan insanlar i\u00e7in hayat daha da zorla\u015facakt\u0131r. Aralar\u0131ndaki dayan\u0131\u015fma ile zorluklar\u0131 a\u015fabilmenin yollar\u0131n\u0131 bulabilecekler mi? Bu sorunun cevab\u0131n\u0131 kitab\u0131 okuduktan sonra \u00f6\u011frenebileceksiniz. \u0130\u015fte ben bu roman\u0131mda sadece &#8220;H\u00fcz\u00fcn Pansiyonu&#8221; sakinlerinin \u00f6yk\u00fclerini anlatt\u0131m. Kahramanlar\u0131m\u0131z\u0131n \u00f6yk\u00fclerini okurken;baz\u0131lar\u0131 ad\u0131na \u00fcz\u00fclecek, baz\u0131lar\u0131 i\u00e7in sevinecek,baz\u0131lar\u0131na ise \u00e7ok \u00f6fkeleneceksiniz. Ama ne yapars\u0131n\u0131z insano\u011flu dedi\u011fimiz varl\u0131k fabrika \u00fcr\u00fcn\u00fc gibi bir \u00f6rnek de\u011fil ki! Hayat\u0131n ak\u0131\u015f\u0131 i\u00e7inde; iyilikler,k\u00f6t\u00fcl\u00fckler,mutluluklar, h\u00fcz\u00fcnler,ba\u015far\u0131lar ve ba\u015far\u0131s\u0131zl\u0131klar da ola\u011fan olarak g\u00f6r\u00fclmelidir.. <\/p>\n","protected":false},"excerpt":{"rendered":"<p>Birbirini hi\u00e7 tan\u0131mayan,hatta yan yana bile gelmemi\u015f \u00e7e\u015fitli meslek ve ya\u015f grubundaki insanlar\u0131n yolu garip bir bi\u00e7imde H\u00fcz\u00fcn Pansiyon\u2019unda kesi\u015fir. Asl\u0131nda kaderlerinden ka\u00e7\u0131p buraya s\u0131\u011f\u0131nan insanlar<span class=\"excerpt-hellip\"> [\u2026]<\/span><\/p>\n","protected":false},"featured_media":0,"template":"","meta":{"_monsterinsights_skip_tracking":false,"_monsterinsights_sitenote_active":false,"_monsterinsights_sitenote_note":"","_monsterinsights_sitenote_category":0},"product_brand":[],"product_cat":[12291,12711],"product_tag":[],"class_list":{"0":"post-765121","1":"product","2":"type-product","3":"status-publish","5":"product_cat-edebiyat","6":"product_cat-roman-oyku","7":"pa_cilt-ciltsiz","8":"pa_tur-kitap","9":"pa_yayinevi-platanus-publishing","10":"pa_yazar-burhan-ak","12":"first","13":"instock","14":"sale","15":"shipping-taxable","16":"purchasable","17":"product-type-simple"},"_links":{"self":[{"href":"https:\/\/roveyayinevi.com.tr\/index.php\/wp-json\/wp\/v2\/product\/765121","targetHints":{"allow":["GET"]}}],"collection":[{"href":"https:\/\/roveyayinevi.com.tr\/index.php\/wp-json\/wp\/v2\/product"}],"about":[{"href":"https:\/\/roveyayinevi.com.tr\/index.php\/wp-json\/wp\/v2\/types\/product"}],"wp:attachment":[{"href":"https:\/\/roveyayinevi.com.tr\/index.php\/wp-json\/wp\/v2\/media?parent=765121"}],"wp:term":[{"taxonomy":"product_brand","embeddable":true,"href":"https:\/\/roveyayinevi.com.tr\/index.php\/wp-json\/wp\/v2\/product_brand?post=765121"},{"taxonomy":"product_cat","embeddable":true,"href":"https:\/\/roveyayinevi.com.tr\/index.php\/wp-json\/wp\/v2\/product_cat?post=765121"},{"taxonomy":"product_tag","embeddable":true,"href":"https:\/\/roveyayinevi.com.tr\/index.php\/wp-json\/wp\/v2\/product_tag?post=765121"}],"curies":[{"name":"wp","href":"https:\/\/api.w.org\/{rel}","templated":true}]}}