{"id":765083,"date":"2025-08-28T11:31:33","date_gmt":"2025-08-28T08:31:33","guid":{"rendered":"https:\/\/roveyayinevi.com.tr\/index.php\/urun\/arilari-sulama-vakfi\/"},"modified":"2026-04-15T03:30:53","modified_gmt":"2026-04-15T00:30:53","slug":"arilari-sulama-vakfi","status":"publish","type":"product","link":"https:\/\/roveyayinevi.com.tr\/index.php\/urun\/arilari-sulama-vakfi\/","title":{"rendered":"Ar\u0131lar\u0131 Sulama Vakf\u0131"},"content":{"rendered":"<p>Bu kitapta birbirinden g\u00fczel, severek okuyaca\u011f\u0131n\u0131z on bir hik\u00e2ye var. Okurken konular\u0131n\u0131n ak\u0131c\u0131l\u0131\u011f\u0131na kap\u0131lacaks\u0131n\u0131z. Kendinizi hik\u00e2yelerin i\u00e7inde bulacak, heyecanlanacaks\u0131n\u0131z. Duygulanacak, sevinecek, h\u00fcz\u00fcnlenecek, d\u00fc\u015f\u00fcncelere dalacaks\u0131n\u0131z. Hik\u00e2yelerin konular\u0131 ilginizi o kadar \u00e7ekecek ki her birini arkada\u015flar\u0131n\u0131za, karde\u015flerinize, anne ve baban\u0131za anlatma ihtiyac\u0131 duyacaks\u0131n\u0131z. \u00c7ok mu merak etiniz? \u00d6yleyse buyurun okumaya\u2026 <\/p>\n","protected":false},"excerpt":{"rendered":"<p>Bu kitapta birbirinden g\u00fczel, severek okuyaca\u011f\u0131n\u0131z on bir hik\u00e2ye var. Okurken konular\u0131n\u0131n ak\u0131c\u0131l\u0131\u011f\u0131na kap\u0131lacaks\u0131n\u0131z. Kendinizi hik\u00e2yelerin i\u00e7inde bulacak, heyecanlanacaks\u0131n\u0131z. Duygulanacak, sevinecek, h\u00fcz\u00fcnlenecek, d\u00fc\u015f\u00fcncelere dalacaks\u0131n\u0131z. Hik\u00e2yelerin konular\u0131<span class=\"excerpt-hellip\"> [\u2026]<\/span><\/p>\n","protected":false},"featured_media":0,"template":"","meta":{"_monsterinsights_skip_tracking":false,"_monsterinsights_sitenote_active":false,"_monsterinsights_sitenote_note":"","_monsterinsights_sitenote_category":0},"product_brand":[],"product_cat":[12274,12284],"product_tag":[],"class_list":{"0":"post-765083","1":"product","2":"type-product","3":"status-publish","5":"product_cat-cocuk-ve-genclik-kitaplari","6":"product_cat-hikayeler","7":"pa_cilt-ciltsiz","8":"pa_tur-kitap","9":"pa_yayinevi-cinaralti-yayinlari","10":"pa_yazar-hasan-kallimci","12":"first","13":"instock","14":"sale","15":"shipping-taxable","16":"purchasable","17":"product-type-simple"},"_links":{"self":[{"href":"https:\/\/roveyayinevi.com.tr\/index.php\/wp-json\/wp\/v2\/product\/765083","targetHints":{"allow":["GET"]}}],"collection":[{"href":"https:\/\/roveyayinevi.com.tr\/index.php\/wp-json\/wp\/v2\/product"}],"about":[{"href":"https:\/\/roveyayinevi.com.tr\/index.php\/wp-json\/wp\/v2\/types\/product"}],"wp:attachment":[{"href":"https:\/\/roveyayinevi.com.tr\/index.php\/wp-json\/wp\/v2\/media?parent=765083"}],"wp:term":[{"taxonomy":"product_brand","embeddable":true,"href":"https:\/\/roveyayinevi.com.tr\/index.php\/wp-json\/wp\/v2\/product_brand?post=765083"},{"taxonomy":"product_cat","embeddable":true,"href":"https:\/\/roveyayinevi.com.tr\/index.php\/wp-json\/wp\/v2\/product_cat?post=765083"},{"taxonomy":"product_tag","embeddable":true,"href":"https:\/\/roveyayinevi.com.tr\/index.php\/wp-json\/wp\/v2\/product_tag?post=765083"}],"curies":[{"name":"wp","href":"https:\/\/api.w.org\/{rel}","templated":true}]}}