{"id":765078,"date":"2025-08-28T11:31:24","date_gmt":"2025-08-28T08:31:24","guid":{"rendered":"https:\/\/roveyayinevi.com.tr\/index.php\/urun\/hayat-guzeldi\/"},"modified":"2026-04-15T03:30:53","modified_gmt":"2026-04-15T00:30:53","slug":"hayat-guzeldi","status":"publish","type":"product","link":"https:\/\/roveyayinevi.com.tr\/index.php\/urun\/hayat-guzeldi\/","title":{"rendered":"Hayat G\u00fczeldi"},"content":{"rendered":"<p>Hayat bazen en b\u00fcy\u00fck de\u011fi\u015fimleri en beklenmedik anlarda getirir.  Kiminin hayalleri, kiminin ba\u015far\u0131s\u0131; mutlulu\u011fun anahtar\u0131 m\u0131yd\u0131? Yoksa ger\u00e7ekle, kurgu aras\u0131nda kaybolan hayatlar; yaln\u0131zl\u0131\u011f\u0131n prangas\u0131 m\u0131yd\u0131? Her \u015feye ra\u011fmen, hayat ger\u00e7ekten g\u00fczel miydi? Bir kalem, iki hayat, yar\u0131m kalm\u0131\u015f hik\u00e2yeler\u2026<\/p>\n","protected":false},"excerpt":{"rendered":"<p>Hayat bazen en b\u00fcy\u00fck de\u011fi\u015fimleri en beklenmedik anlarda getirir. Kiminin hayalleri, kiminin ba\u015far\u0131s\u0131; mutlulu\u011fun anahtar\u0131 m\u0131yd\u0131? Yoksa ger\u00e7ekle, kurgu aras\u0131nda kaybolan hayatlar; yaln\u0131zl\u0131\u011f\u0131n prangas\u0131 m\u0131yd\u0131? Her<span class=\"excerpt-hellip\"> [\u2026]<\/span><\/p>\n","protected":false},"featured_media":0,"template":"","meta":{"_monsterinsights_skip_tracking":false,"_monsterinsights_sitenote_active":false,"_monsterinsights_sitenote_note":"","_monsterinsights_sitenote_category":0},"product_brand":[],"product_cat":[12291,12711],"product_tag":[],"class_list":{"0":"post-765078","1":"product","2":"type-product","3":"status-publish","5":"product_cat-edebiyat","6":"product_cat-roman-oyku","7":"pa_cilt-ciltsiz","8":"pa_tur-kitap","9":"pa_yayinevi-feniks-yayinlari","10":"pa_yazar-sermin-altun","12":"first","13":"instock","14":"sale","15":"shipping-taxable","16":"purchasable","17":"product-type-simple"},"_links":{"self":[{"href":"https:\/\/roveyayinevi.com.tr\/index.php\/wp-json\/wp\/v2\/product\/765078","targetHints":{"allow":["GET"]}}],"collection":[{"href":"https:\/\/roveyayinevi.com.tr\/index.php\/wp-json\/wp\/v2\/product"}],"about":[{"href":"https:\/\/roveyayinevi.com.tr\/index.php\/wp-json\/wp\/v2\/types\/product"}],"wp:attachment":[{"href":"https:\/\/roveyayinevi.com.tr\/index.php\/wp-json\/wp\/v2\/media?parent=765078"}],"wp:term":[{"taxonomy":"product_brand","embeddable":true,"href":"https:\/\/roveyayinevi.com.tr\/index.php\/wp-json\/wp\/v2\/product_brand?post=765078"},{"taxonomy":"product_cat","embeddable":true,"href":"https:\/\/roveyayinevi.com.tr\/index.php\/wp-json\/wp\/v2\/product_cat?post=765078"},{"taxonomy":"product_tag","embeddable":true,"href":"https:\/\/roveyayinevi.com.tr\/index.php\/wp-json\/wp\/v2\/product_tag?post=765078"}],"curies":[{"name":"wp","href":"https:\/\/api.w.org\/{rel}","templated":true}]}}