{"id":765066,"date":"2025-08-28T11:31:02","date_gmt":"2025-08-28T08:31:02","guid":{"rendered":"https:\/\/roveyayinevi.com.tr\/index.php\/urun\/boo-ile-renkli-ruyalar-van-gogh-ve-gauguin-ciltli\/"},"modified":"2026-03-12T03:28:01","modified_gmt":"2026-03-12T00:28:01","slug":"boo-ile-renkli-ruyalar-van-gogh-ve-gauguin-ciltli","status":"publish","type":"product","link":"https:\/\/roveyayinevi.com.tr\/index.php\/urun\/boo-ile-renkli-ruyalar-van-gogh-ve-gauguin-ciltli\/","title":{"rendered":"BOO \u0130le Renkli R\u00fcyalar Van Gogh ve Gauguin (Ciltli)"},"content":{"rendered":"<p>G\u00fcnd\u00fcz g\u00f6ky\u00fcz\u00fcnde uyur Boo, Geceleri \u00e7ocuklar\u0131n r\u00fcyalar\u0131na girer o;Gezerler birlikte e\u011flenip g\u00fclerek,Her r\u00fcyada ba\u015fka bir maceraya at\u0131l\u0131p ke\u015ffederek,Van Gogh ve dostu Gauguin ne yap\u0131yor \u00f6yle? Boyuyorlar her \u015feyi istedikleri renge. \u0130zlenim diyorlar buna bir de. Haydi sen de atla bu gemiye Boo ile birlikte. G\u00f6t\u00fcrs\u00fcn seni ay\u00e7i\u00e7eklerine, denize ve y\u0131ld\u0131zl\u0131 g\u00f6ky\u00fcz\u00fcne. <\/p>\n","protected":false},"excerpt":{"rendered":"<p>G\u00fcnd\u00fcz g\u00f6ky\u00fcz\u00fcnde uyur Boo, Geceleri \u00e7ocuklar\u0131n r\u00fcyalar\u0131na girer o;Gezerler birlikte e\u011flenip g\u00fclerek,Her r\u00fcyada ba\u015fka bir maceraya at\u0131l\u0131p ke\u015ffederek,Van Gogh ve dostu Gauguin ne yap\u0131yor \u00f6yle? Boyuyorlar<span class=\"excerpt-hellip\"> [\u2026]<\/span><\/p>\n","protected":false},"featured_media":0,"template":"","meta":{"_monsterinsights_skip_tracking":false,"_monsterinsights_sitenote_active":false,"_monsterinsights_sitenote_note":"","_monsterinsights_sitenote_category":0},"product_brand":[],"product_cat":[12274,12284],"product_tag":[],"class_list":{"0":"post-765066","1":"product","2":"type-product","3":"status-publish","5":"product_cat-cocuk-ve-genclik-kitaplari","6":"product_cat-hikayeler","7":"pa_cilt-ciltli","8":"pa_tur-kitap","9":"pa_yayinevi-hayalperest-yayinlari","10":"pa_yazar-sirin-dagtekin-yenen","12":"first","13":"instock","14":"sale","15":"shipping-taxable","16":"purchasable","17":"product-type-simple"},"_links":{"self":[{"href":"https:\/\/roveyayinevi.com.tr\/index.php\/wp-json\/wp\/v2\/product\/765066","targetHints":{"allow":["GET"]}}],"collection":[{"href":"https:\/\/roveyayinevi.com.tr\/index.php\/wp-json\/wp\/v2\/product"}],"about":[{"href":"https:\/\/roveyayinevi.com.tr\/index.php\/wp-json\/wp\/v2\/types\/product"}],"wp:attachment":[{"href":"https:\/\/roveyayinevi.com.tr\/index.php\/wp-json\/wp\/v2\/media?parent=765066"}],"wp:term":[{"taxonomy":"product_brand","embeddable":true,"href":"https:\/\/roveyayinevi.com.tr\/index.php\/wp-json\/wp\/v2\/product_brand?post=765066"},{"taxonomy":"product_cat","embeddable":true,"href":"https:\/\/roveyayinevi.com.tr\/index.php\/wp-json\/wp\/v2\/product_cat?post=765066"},{"taxonomy":"product_tag","embeddable":true,"href":"https:\/\/roveyayinevi.com.tr\/index.php\/wp-json\/wp\/v2\/product_tag?post=765066"}],"curies":[{"name":"wp","href":"https:\/\/api.w.org\/{rel}","templated":true}]}}