{"id":765036,"date":"2025-08-28T11:30:06","date_gmt":"2025-08-28T08:30:06","guid":{"rendered":"https:\/\/roveyayinevi.com.tr\/index.php\/urun\/deadpool-kotu-kan\/"},"modified":"2026-04-15T03:30:52","modified_gmt":"2026-04-15T00:30:52","slug":"deadpool-kotu-kan","status":"publish","type":"product","link":"https:\/\/roveyayinevi.com.tr\/index.php\/urun\/deadpool-kotu-kan\/","title":{"rendered":"Deadpool: K\u00f6t\u00fc Kan"},"content":{"rendered":"<p>Deadpool, uzun bir s\u00fcredir insanlar\u0131 vurmakta, b\u0131\u00e7aklamakta ve \u00e7e\u015fitli y\u00f6ntemlerle sinir etmektedir. Kendine \u00e7ok say\u0131da d\u00fc\u015fman edinmi\u015ftir. Fakat hi\u00e7 beklemedi\u011fi anlarda birden ortaya \u00e7\u0131kan ve kendisini pestile \u00e7eviren ac\u0131mas\u0131z Thumper\u2019\u0131 nereden tan\u0131d\u0131\u011f\u0131n\u0131 tam olarak \u00e7\u0131karamaz. Deadpool\u2019un bu iri k\u0131y\u0131m surat \u00f6\u011f\u00fct\u00fcc\u00fc ile ne gibi bir mazisi var? Cable, Domino ve kapaktaki di\u011fer elemanlar\u0131n olay\u0131 ne? Kitapta onlar da m\u0131 ge\u00e7iyor? (Kopya verelim: evet!) Deadpool\u2019un yarat\u0131c\u0131lar\u0131ndan biri olan rob liefeld; chris sims ve chad bowers (X-Men \u201892) ile bir araya geliyor ve en b\u00fcy\u00fck eserinin (bozuntuya vermeyin) nas\u0131l hunharca h\u0131rpaland\u0131\u011f\u0131n\u0131 anlat\u0131yor! Hemen kitab\u0131 al\u0131p kasaya do\u011fru gidin&#8211;yoksa Deadpool sizi ba\u015fka bir yere g\u00f6nderir!<\/p>\n","protected":false},"excerpt":{"rendered":"<p>Deadpool, uzun bir s\u00fcredir insanlar\u0131 vurmakta, b\u0131\u00e7aklamakta ve \u00e7e\u015fitli y\u00f6ntemlerle sinir etmektedir. Kendine \u00e7ok say\u0131da d\u00fc\u015fman edinmi\u015ftir. Fakat hi\u00e7 beklemedi\u011fi anlarda birden ortaya \u00e7\u0131kan ve kendisini<span class=\"excerpt-hellip\"> [\u2026]<\/span><\/p>\n","protected":false},"featured_media":0,"template":"","meta":{"_monsterinsights_skip_tracking":false,"_monsterinsights_sitenote_active":false,"_monsterinsights_sitenote_note":"","_monsterinsights_sitenote_category":0},"product_brand":[],"product_cat":[12416,12291],"product_tag":[],"class_list":{"0":"post-765036","1":"product","2":"type-product","3":"status-publish","5":"product_cat-cizgi-roman","6":"product_cat-edebiyat","7":"pa_cilt-ciltsiz","8":"pa_tur-kitap","9":"pa_yayinevi-jbc-yayincilik","10":"pa_yazar-rob-liefeld-chris-sims-chad-bowers","12":"first","13":"instock","14":"sale","15":"shipping-taxable","16":"purchasable","17":"product-type-simple"},"_links":{"self":[{"href":"https:\/\/roveyayinevi.com.tr\/index.php\/wp-json\/wp\/v2\/product\/765036","targetHints":{"allow":["GET"]}}],"collection":[{"href":"https:\/\/roveyayinevi.com.tr\/index.php\/wp-json\/wp\/v2\/product"}],"about":[{"href":"https:\/\/roveyayinevi.com.tr\/index.php\/wp-json\/wp\/v2\/types\/product"}],"wp:attachment":[{"href":"https:\/\/roveyayinevi.com.tr\/index.php\/wp-json\/wp\/v2\/media?parent=765036"}],"wp:term":[{"taxonomy":"product_brand","embeddable":true,"href":"https:\/\/roveyayinevi.com.tr\/index.php\/wp-json\/wp\/v2\/product_brand?post=765036"},{"taxonomy":"product_cat","embeddable":true,"href":"https:\/\/roveyayinevi.com.tr\/index.php\/wp-json\/wp\/v2\/product_cat?post=765036"},{"taxonomy":"product_tag","embeddable":true,"href":"https:\/\/roveyayinevi.com.tr\/index.php\/wp-json\/wp\/v2\/product_tag?post=765036"}],"curies":[{"name":"wp","href":"https:\/\/api.w.org\/{rel}","templated":true}]}}