{"id":765035,"date":"2025-08-28T11:30:04","date_gmt":"2025-08-28T08:30:04","guid":{"rendered":"https:\/\/roveyayinevi.com.tr\/index.php\/urun\/joker-dunya\/"},"modified":"2026-04-15T03:30:52","modified_gmt":"2026-04-15T00:30:52","slug":"joker-dunya","status":"publish","type":"product","link":"https:\/\/roveyayinevi.com.tr\/index.php\/urun\/joker-dunya\/","title":{"rendered":"Joker: D\u00fcnya"},"content":{"rendered":"<p>Joker, kendisine ait e\u015fi benzeri g\u00f6r\u00fclmemi\u015f \u00e7\u0131lg\u0131n ve karga\u015fa dolu tarz\u0131yla D\u00fcnya turuna \u00e7\u0131k\u0131yor. DC Comics\u2019in en \u00e7ok satan ve ele\u015ftirmenlerden tam not alan Batman: D\u00fcnya antolojisinde oldu\u011fu gibi, 13 \u00fclkeyi temsil eden farkl\u0131 Joker hik\u00e2yeleri bu antolojide sizleri bekliyor. \u0130lk hik\u00e2ye Geoff Johns ve Jason Fabok ikilisiyle ba\u015flarken, devam\u0131nda T\u00fcrkiye, \u0130spanya, Almanya, \u0130talya, Brezilya, Meksika, \u00c7ekya, Japonya, Kore, Polonya, Arjantin ve Kamerun hik\u00e2yeleriyle Joker\u2019in, D\u00fcnya\u2019n\u0131n d\u00f6rt bir yan\u0131ndaki farkl\u0131 uluslar\u0131n \u00f6zg\u00fcn tarzlar\u0131na ve k\u00fclt\u00fcrel duyarl\u0131l\u0131klar\u0131na nas\u0131l uyum sa\u011flad\u0131\u011f\u0131na tan\u0131kl\u0131k ediyoruz. Joker: D\u00fcnya, DC\u2019nin en pop\u00fcler s\u00fcper k\u00f6t\u00fcs\u00fcn\u00fcn k\u00fcresel \u00f6l\u00e7ekte kaosa nas\u0131l ilham verdi\u011fini anlat\u0131yor. Joker: D\u00fcnya T\u00fcrkiye hik\u00e2yesi, \u00fcnl\u00fc oyuncu \/ yazar Metin Akd\u00fclger taraf\u0131ndan kaleme al\u0131n\u0131rken; kapak, i\u00e7 g\u00f6rseller ve t\u00fcm renklendirmeler ise son y\u0131llar\u0131n pop\u00fcler ill\u00fcstrat\u00f6r\u00fc Ethem Onur Bilgi\u00e7 taraf\u0131ndan haz\u0131rlanm\u0131\u015ft\u0131r.<\/p>\n","protected":false},"excerpt":{"rendered":"<p>Joker, kendisine ait e\u015fi benzeri g\u00f6r\u00fclmemi\u015f \u00e7\u0131lg\u0131n ve karga\u015fa dolu tarz\u0131yla D\u00fcnya turuna \u00e7\u0131k\u0131yor. DC Comics\u2019in en \u00e7ok satan ve ele\u015ftirmenlerden tam not alan Batman: D\u00fcnya<span class=\"excerpt-hellip\"> [\u2026]<\/span><\/p>\n","protected":false},"featured_media":0,"template":"","meta":{"_monsterinsights_skip_tracking":false,"_monsterinsights_sitenote_active":false,"_monsterinsights_sitenote_note":"","_monsterinsights_sitenote_category":0},"product_brand":[],"product_cat":[14060,12291],"product_tag":[],"class_list":{"0":"post-765035","1":"product","2":"type-product","3":"status-publish","5":"product_cat-antoloji","6":"product_cat-edebiyat","7":"pa_cilt-ciltsiz","8":"pa_tur-kitap","9":"pa_yayinevi-jbc-yayincilik","10":"pa_yazar-geoff-johns-metin-akdulger","12":"first","13":"instock","14":"sale","15":"shipping-taxable","16":"purchasable","17":"product-type-simple"},"_links":{"self":[{"href":"https:\/\/roveyayinevi.com.tr\/index.php\/wp-json\/wp\/v2\/product\/765035","targetHints":{"allow":["GET"]}}],"collection":[{"href":"https:\/\/roveyayinevi.com.tr\/index.php\/wp-json\/wp\/v2\/product"}],"about":[{"href":"https:\/\/roveyayinevi.com.tr\/index.php\/wp-json\/wp\/v2\/types\/product"}],"wp:attachment":[{"href":"https:\/\/roveyayinevi.com.tr\/index.php\/wp-json\/wp\/v2\/media?parent=765035"}],"wp:term":[{"taxonomy":"product_brand","embeddable":true,"href":"https:\/\/roveyayinevi.com.tr\/index.php\/wp-json\/wp\/v2\/product_brand?post=765035"},{"taxonomy":"product_cat","embeddable":true,"href":"https:\/\/roveyayinevi.com.tr\/index.php\/wp-json\/wp\/v2\/product_cat?post=765035"},{"taxonomy":"product_tag","embeddable":true,"href":"https:\/\/roveyayinevi.com.tr\/index.php\/wp-json\/wp\/v2\/product_tag?post=765035"}],"curies":[{"name":"wp","href":"https:\/\/api.w.org\/{rel}","templated":true}]}}