{"id":765031,"date":"2025-08-28T11:29:54","date_gmt":"2025-08-28T08:29:54","guid":{"rendered":"https:\/\/roveyayinevi.com.tr\/index.php\/urun\/ataturk-ve-unutulmaz-anilari\/"},"modified":"2026-04-15T03:30:52","modified_gmt":"2026-04-15T00:30:52","slug":"ataturk-ve-unutulmaz-anilari","status":"publish","type":"product","link":"https:\/\/roveyayinevi.com.tr\/index.php\/urun\/ataturk-ve-unutulmaz-anilari\/","title":{"rendered":"Atat\u00fcrk ve Unutulmaz An\u0131lar\u0131"},"content":{"rendered":"<p>Atat\u00fcrk b\u00fcy\u00fck bir asker, b\u00fcy\u00fck bir devlet adam\u0131 ve b\u00fcy\u00fck bir ayd\u0131nd\u0131r.  Ancak b\u00fct\u00fcn bunlardan daha da \u00f6nemlisi bir insand\u0131r. Elinizdeki kitap, o b\u00fcy\u00fck insan\u0131, farkl\u0131 y\u00f6nleri ile gelecek ku\u015faklara anlatma \u00e7abas\u0131 ile olu\u015fmu\u015ftur. \u00dclkenin en zengin Atat\u00fcrk foto\u011fraflar\u0131 ar\u015fivlerinden birine sahip Ahmet G\u00fcrel, Atat\u00fcrk\u2019\u00fcn an\u0131lar\u0131 i\u00e7in yapt\u0131\u011f\u0131 geni\u015f kapsaml\u0131 kaynak\u00e7al\u0131 \u00e7al\u0131\u015fmadan yararlanarak, se\u00e7ilmi\u015f 86 an\u0131y\u0131 Atat\u00fcrk ve Unutulmaz An\u0131lar\u0131 ba\u015fl\u0131\u011f\u0131yla T\u00fcrk gen\u00e7li\u011fine arma\u011fan etmi\u015ftir. Atat\u00fcrk\u2019\u00fcn an\u0131lar\u0131ndan T\u00fcrk gen\u00e7li\u011fi \u00e7ok \u00f6nemli kazan\u0131mlar elde edecek; onun gibi \u00e7al\u0131\u015fkan, d\u00fcr\u00fcst ve vatansever olacakt\u0131r. T\u00fcrk gen\u00e7leri, onun dedi\u011fi gibi \u201cyar\u0131n\u0131n gen\u00e7leri\u201d olacakt\u0131r. <\/p>\n","protected":false},"excerpt":{"rendered":"<p>Atat\u00fcrk b\u00fcy\u00fck bir asker, b\u00fcy\u00fck bir devlet adam\u0131 ve b\u00fcy\u00fck bir ayd\u0131nd\u0131r. Ancak b\u00fct\u00fcn bunlardan daha da \u00f6nemlisi bir insand\u0131r. Elinizdeki kitap, o b\u00fcy\u00fck insan\u0131, farkl\u0131<span class=\"excerpt-hellip\"> [\u2026]<\/span><\/p>\n","protected":false},"featured_media":0,"template":"","meta":{"_monsterinsights_skip_tracking":false,"_monsterinsights_sitenote_active":false,"_monsterinsights_sitenote_note":"","_monsterinsights_sitenote_category":0},"product_brand":[],"product_cat":[13701,12291],"product_tag":[],"class_list":{"0":"post-765031","1":"product","2":"type-product","3":"status-publish","5":"product_cat-ani-mektup-gunluk","6":"product_cat-edebiyat","7":"pa_cilt-ciltsiz","8":"pa_tur-kitap","9":"pa_yayinevi-cumhuriyet-kitaplari","10":"pa_yazar-ahmet-gurel","12":"first","13":"instock","14":"sale","15":"shipping-taxable","16":"purchasable","17":"product-type-simple"},"_links":{"self":[{"href":"https:\/\/roveyayinevi.com.tr\/index.php\/wp-json\/wp\/v2\/product\/765031","targetHints":{"allow":["GET"]}}],"collection":[{"href":"https:\/\/roveyayinevi.com.tr\/index.php\/wp-json\/wp\/v2\/product"}],"about":[{"href":"https:\/\/roveyayinevi.com.tr\/index.php\/wp-json\/wp\/v2\/types\/product"}],"wp:attachment":[{"href":"https:\/\/roveyayinevi.com.tr\/index.php\/wp-json\/wp\/v2\/media?parent=765031"}],"wp:term":[{"taxonomy":"product_brand","embeddable":true,"href":"https:\/\/roveyayinevi.com.tr\/index.php\/wp-json\/wp\/v2\/product_brand?post=765031"},{"taxonomy":"product_cat","embeddable":true,"href":"https:\/\/roveyayinevi.com.tr\/index.php\/wp-json\/wp\/v2\/product_cat?post=765031"},{"taxonomy":"product_tag","embeddable":true,"href":"https:\/\/roveyayinevi.com.tr\/index.php\/wp-json\/wp\/v2\/product_tag?post=765031"}],"curies":[{"name":"wp","href":"https:\/\/api.w.org\/{rel}","templated":true}]}}