{"id":765027,"date":"2025-08-28T11:29:08","date_gmt":"2025-08-28T08:29:08","guid":{"rendered":"https:\/\/roveyayinevi.com.tr\/index.php\/urun\/gercegin-guzel-huyu-rumi\/"},"modified":"2026-04-15T03:30:52","modified_gmt":"2026-04-15T00:30:52","slug":"gercegin-guzel-huyu-rumi","status":"publish","type":"product","link":"https:\/\/roveyayinevi.com.tr\/index.php\/urun\/gercegin-guzel-huyu-rumi\/","title":{"rendered":"Ger\u00e7e\u011fin G\u00fczel Huyu &amp; Rumi"},"content":{"rendered":"<p>\u201c\u0130nsan i\u00e7in daima kurtulu\u015f vard\u0131r ama bu insanl\u0131ktan \u00f6tededir. Ola\u011fan zaman ve mek\u00e2nlarda yitirdiklerimizi, ola\u011fan\u00fcst\u00fc zaman ve mek\u00e2nlarda bulabiliriz.\u201d Sad\u0131k Yals\u0131zu\u00e7anlar\u2019\u0131n usta kalemi bu kez Mevl\u00e2n\u00e2\u2019n\u0131n hem zaman hem de mek\u00e2nsal olarak yak\u0131n\u0131nda, bazen de uza\u011f\u0131nda lakin merkezinde hep \u201cKalplerin ve A\u015fk\u0131n Sultan\u0131\u201d varken, onun \u00e7evresinde sema ediyor. Kimi zaman bir neyzen, bir dervi\u015f olarak d\u00f6k\u00fcl\u00fcyor kelam; kimi zaman y\u00fczy\u0131llar sonra onun bilgeli\u011fiyle demlenen bir akademisyenden, Konya\u2019ya yolu d\u00fc\u015fen yas dolu gen\u00e7 bir kad\u0131ndan. Kimi zaman kalbinin \u00e7a\u011fr\u0131s\u0131na uyup kilometrelerce uzaktan gelen bir yabanc\u0131dan, kimi zaman onun yan\u0131nda y\u00f6resinde y\u0131llar\u0131n\u0131 vermi\u015f bir derg\u00e2h yolda\u015f\u0131ndan\u2026 Lakin d\u00f6rt ana selamdan ve her birinde yedi ayr\u0131 anlat\u0131dan olu\u015fan Ger\u00e7e\u011fin G\u00fczel Huyu, i\u00e7eri\u011findeki pek \u00e7ok tarih\u00ee karakterle, ilahi a\u015fk\u0131n pusulas\u0131nda tek bir merkeze y\u00fcz\u00fcn\u00fc \u00e7eviriyor, onun g\u00f6nl\u00fcne ak\u0131yor: Mevl\u00e2n\u00e2 Cel\u00e2ledd\u00een-i R\u00fbm\u00ee. \u201cO\u2019na en yak\u0131n oldu\u011fumuz an, bir bulut gibi kendimizi yitirdi\u011fimiz and\u0131. O \u015fiveyi i\u015fitti\u011fimiz yer\u2026 O\u2019nu duydu\u011fumuzda hareketleniyor, bir elimizi g\u00f6\u011fe y\u00fckseltiyor, di\u011ferini yere y\u00f6neltiyor; sa\u011fdan sola, kalbimize do\u011fru d\u00f6n\u00fcyorduk. Bilmeyenin semas\u0131, do\u011fall\u0131kt\u0131. Ba\u011fl\u0131lar\u0131n semas\u0131, ger\u00e7e\u011fe ula\u015fma \u00e7abas\u0131yd\u0131. Erenlerin semas\u0131, O\u2019nun g\u00fczelliklerini g\u00f6rmekti. Bilgelerin semas\u0131 sadece seyirdi. Ger\u00e7e\u011fin g\u00fczel huyunu tatm\u0131\u015f olanlar\u0131n semas\u0131 ise \u015feylerin i\u00e7y\u00fcz\u00fcn\u00fc g\u00f6rmekti. O\u2019nu dinliyor, O\u2019nunla d\u00f6n\u00fcyor, sadece O\u2019nu g\u00f6r\u00fcyordu.\u201d <\/p>\n","protected":false},"excerpt":{"rendered":"<p>\u201c\u0130nsan i\u00e7in daima kurtulu\u015f vard\u0131r ama bu insanl\u0131ktan \u00f6tededir. Ola\u011fan zaman ve mek\u00e2nlarda yitirdiklerimizi, ola\u011fan\u00fcst\u00fc zaman ve mek\u00e2nlarda bulabiliriz.\u201d Sad\u0131k Yals\u0131zu\u00e7anlar\u2019\u0131n usta kalemi bu kez Mevl\u00e2n\u00e2\u2019n\u0131n<span class=\"excerpt-hellip\"> [\u2026]<\/span><\/p>\n","protected":false},"featured_media":0,"template":"","meta":{"_monsterinsights_skip_tracking":false,"_monsterinsights_sitenote_active":false,"_monsterinsights_sitenote_note":"","_monsterinsights_sitenote_category":0},"product_brand":[],"product_cat":[12291,12711],"product_tag":[],"class_list":{"0":"post-765027","1":"product","2":"type-product","3":"status-publish","5":"product_cat-edebiyat","6":"product_cat-roman-oyku","7":"pa_cilt-ciltsiz","8":"pa_tur-kitap","9":"pa_yayinevi-profil-kitap","10":"pa_yazar-sadik-yalsizucanlar","12":"first","13":"instock","14":"sale","15":"shipping-taxable","16":"purchasable","17":"product-type-simple"},"_links":{"self":[{"href":"https:\/\/roveyayinevi.com.tr\/index.php\/wp-json\/wp\/v2\/product\/765027","targetHints":{"allow":["GET"]}}],"collection":[{"href":"https:\/\/roveyayinevi.com.tr\/index.php\/wp-json\/wp\/v2\/product"}],"about":[{"href":"https:\/\/roveyayinevi.com.tr\/index.php\/wp-json\/wp\/v2\/types\/product"}],"wp:attachment":[{"href":"https:\/\/roveyayinevi.com.tr\/index.php\/wp-json\/wp\/v2\/media?parent=765027"}],"wp:term":[{"taxonomy":"product_brand","embeddable":true,"href":"https:\/\/roveyayinevi.com.tr\/index.php\/wp-json\/wp\/v2\/product_brand?post=765027"},{"taxonomy":"product_cat","embeddable":true,"href":"https:\/\/roveyayinevi.com.tr\/index.php\/wp-json\/wp\/v2\/product_cat?post=765027"},{"taxonomy":"product_tag","embeddable":true,"href":"https:\/\/roveyayinevi.com.tr\/index.php\/wp-json\/wp\/v2\/product_tag?post=765027"}],"curies":[{"name":"wp","href":"https:\/\/api.w.org\/{rel}","templated":true}]}}