{"id":765024,"date":"2025-08-28T11:29:03","date_gmt":"2025-08-28T08:29:03","guid":{"rendered":"https:\/\/roveyayinevi.com.tr\/index.php\/urun\/ejderham-nereye-uctu\/"},"modified":"2026-04-15T03:30:52","modified_gmt":"2026-04-15T00:30:52","slug":"ejderham-nereye-uctu","status":"publish","type":"product","link":"https:\/\/roveyayinevi.com.tr\/index.php\/urun\/ejderham-nereye-uctu\/","title":{"rendered":"Ejderham Nereye U\u00e7tu?"},"content":{"rendered":"<p>Bu kitap, Antoine de Saint-Exup\u00e9ry\u2019nin K\u00fc\u00e7\u00fck Prens\u2019inde oldu\u011fu gibi, yaln\u0131zl\u0131\u011f\u0131n ve dostlu\u011fun derin anlamlar\u0131n\u0131 ke\u015ffetmenizi sa\u011fl\u0131yor. Yal\u0131n, ejderhas\u0131yla birlikte bulutlar\u0131n \u00f6tesine uzanan bir yolculu\u011fa \u00e7\u0131k\u0131yor. Ama bu yolculuk hi\u00e7 de s\u0131radan de\u011fil; Yal\u0131n ve ejderhas\u0131 beklenmedik dostluklar\u0131n kuruldu\u011fu ve hayal g\u00fcc\u00fcn\u00fcn s\u0131n\u0131rlar\u0131n\u0131 zorlayan bir macera ya\u015f\u0131yorlar. Her sayfas\u0131nda ba\u015fkalar\u0131na yard\u0131m etmenin ve ger\u00e7ek dostlu\u011fun ne kadar k\u0131ymetli oldu\u011funu g\u00f6receksin. Sadece okuman\u0131n de\u011fil, dost olman\u0131n ve d\u00fcnyay\u0131 biraz daha g\u00fczelle\u015ftirmenin g\u00fcc\u00fcn\u00fc ke\u015ffetmeye haz\u0131r ol.<\/p>\n","protected":false},"excerpt":{"rendered":"<p>Bu kitap, Antoine de Saint-Exup\u00e9ry\u2019nin K\u00fc\u00e7\u00fck Prens\u2019inde oldu\u011fu gibi, yaln\u0131zl\u0131\u011f\u0131n ve dostlu\u011fun derin anlamlar\u0131n\u0131 ke\u015ffetmenizi sa\u011fl\u0131yor. Yal\u0131n, ejderhas\u0131yla birlikte bulutlar\u0131n \u00f6tesine uzanan bir yolculu\u011fa \u00e7\u0131k\u0131yor. Ama<span class=\"excerpt-hellip\"> [\u2026]<\/span><\/p>\n","protected":false},"featured_media":0,"template":"","meta":{"_monsterinsights_skip_tracking":false,"_monsterinsights_sitenote_active":false,"_monsterinsights_sitenote_note":"","_monsterinsights_sitenote_category":0},"product_brand":[],"product_cat":[12274,12284],"product_tag":[],"class_list":{"0":"post-765024","1":"product","2":"type-product","3":"status-publish","5":"product_cat-cocuk-ve-genclik-kitaplari","6":"product_cat-hikayeler","7":"pa_cilt-ciltsiz","8":"pa_tur-kitap","9":"pa_yayinevi-timas-cocuk","10":"pa_yazar-ihsan-kartoglu","12":"first","13":"instock","14":"sale","15":"shipping-taxable","16":"purchasable","17":"product-type-simple"},"_links":{"self":[{"href":"https:\/\/roveyayinevi.com.tr\/index.php\/wp-json\/wp\/v2\/product\/765024","targetHints":{"allow":["GET"]}}],"collection":[{"href":"https:\/\/roveyayinevi.com.tr\/index.php\/wp-json\/wp\/v2\/product"}],"about":[{"href":"https:\/\/roveyayinevi.com.tr\/index.php\/wp-json\/wp\/v2\/types\/product"}],"wp:attachment":[{"href":"https:\/\/roveyayinevi.com.tr\/index.php\/wp-json\/wp\/v2\/media?parent=765024"}],"wp:term":[{"taxonomy":"product_brand","embeddable":true,"href":"https:\/\/roveyayinevi.com.tr\/index.php\/wp-json\/wp\/v2\/product_brand?post=765024"},{"taxonomy":"product_cat","embeddable":true,"href":"https:\/\/roveyayinevi.com.tr\/index.php\/wp-json\/wp\/v2\/product_cat?post=765024"},{"taxonomy":"product_tag","embeddable":true,"href":"https:\/\/roveyayinevi.com.tr\/index.php\/wp-json\/wp\/v2\/product_tag?post=765024"}],"curies":[{"name":"wp","href":"https:\/\/api.w.org\/{rel}","templated":true}]}}