{"id":765022,"date":"2025-08-28T11:28:59","date_gmt":"2025-08-28T08:28:59","guid":{"rendered":"https:\/\/roveyayinevi.com.tr\/index.php\/urun\/dunyayi-durduran-zamansiz-kahraman\/"},"modified":"2026-04-15T03:30:51","modified_gmt":"2026-04-15T00:30:51","slug":"dunyayi-durduran-zamansiz-kahraman","status":"publish","type":"product","link":"https:\/\/roveyayinevi.com.tr\/index.php\/urun\/dunyayi-durduran-zamansiz-kahraman\/","title":{"rendered":"D\u00fcnyay\u0131 Durduran &#8211; Zamans\u0131z Kahraman"},"content":{"rendered":"<p>Dursun D\u00fcnya! DDK bunu s\u00f6yleyerek istedi\u011fi zaman d\u00fcnyay\u0131 durdurabiliyor. Ne zaman bir sorun \u00e7\u0131ksa, DDK d\u00fcnyay\u0131 durdurup sorunlar\u0131n \u00fcstesinden geliyor.Kediler mi kayboldu? Veya mahalleyi saran bir bit salg\u0131n\u0131 m\u0131 var? Hooop, DDK sizin i\u00e7in orada! Hemen s\u00fcper kahraman kost\u00fcm\u00fcn\u00fc giyip d\u00fcnyay\u0131 durduruyor ve olaylaram\u00fcdahale ediyor!Ama bu her zaman kolay olmuyor. \u00d6zellikle k\u00fc\u00e7\u00fck karde\u015fi Yaman pe\u015finden ayr\u0131lmad\u0131\u011f\u0131nda\u2026 DDK, bu heyecan dolu macerada hem d\u00fcnyay\u0131 hem de k\u00fc\u00e7\u00fck karde\u015fini idare etmeye \u00e7al\u0131\u015f\u0131yor.Not: Sizin de ba\u015f\u0131n\u0131z dertteyse DDK\u2019ye ula\u015fmay\u0131 unutmay\u0131n!<\/p>\n","protected":false},"excerpt":{"rendered":"<p>Dursun D\u00fcnya! DDK bunu s\u00f6yleyerek istedi\u011fi zaman d\u00fcnyay\u0131 durdurabiliyor. Ne zaman bir sorun \u00e7\u0131ksa, DDK d\u00fcnyay\u0131 durdurup sorunlar\u0131n \u00fcstesinden geliyor.Kediler mi kayboldu? Veya mahalleyi saran bir<span class=\"excerpt-hellip\"> [\u2026]<\/span><\/p>\n","protected":false},"featured_media":0,"template":"","meta":{"_monsterinsights_skip_tracking":false,"_monsterinsights_sitenote_active":false,"_monsterinsights_sitenote_note":"","_monsterinsights_sitenote_category":0},"product_brand":[],"product_cat":[12274,12284],"product_tag":[],"class_list":{"0":"post-765022","1":"product","2":"type-product","3":"status-publish","5":"product_cat-cocuk-ve-genclik-kitaplari","6":"product_cat-hikayeler","7":"pa_cilt-ciltsiz","8":"pa_tur-kitap","9":"pa_yayinevi-timas-cocuk","10":"pa_yazar-selcen-yuksel-arvas","12":"first","13":"instock","14":"sale","15":"shipping-taxable","16":"purchasable","17":"product-type-simple"},"_links":{"self":[{"href":"https:\/\/roveyayinevi.com.tr\/index.php\/wp-json\/wp\/v2\/product\/765022","targetHints":{"allow":["GET"]}}],"collection":[{"href":"https:\/\/roveyayinevi.com.tr\/index.php\/wp-json\/wp\/v2\/product"}],"about":[{"href":"https:\/\/roveyayinevi.com.tr\/index.php\/wp-json\/wp\/v2\/types\/product"}],"wp:attachment":[{"href":"https:\/\/roveyayinevi.com.tr\/index.php\/wp-json\/wp\/v2\/media?parent=765022"}],"wp:term":[{"taxonomy":"product_brand","embeddable":true,"href":"https:\/\/roveyayinevi.com.tr\/index.php\/wp-json\/wp\/v2\/product_brand?post=765022"},{"taxonomy":"product_cat","embeddable":true,"href":"https:\/\/roveyayinevi.com.tr\/index.php\/wp-json\/wp\/v2\/product_cat?post=765022"},{"taxonomy":"product_tag","embeddable":true,"href":"https:\/\/roveyayinevi.com.tr\/index.php\/wp-json\/wp\/v2\/product_tag?post=765022"}],"curies":[{"name":"wp","href":"https:\/\/api.w.org\/{rel}","templated":true}]}}