{"id":765013,"date":"2025-08-28T11:28:44","date_gmt":"2025-08-28T08:28:44","guid":{"rendered":"https:\/\/roveyayinevi.com.tr\/index.php\/urun\/disney-witch-arkadasligin-kalbi\/"},"modified":"2026-04-15T03:30:51","modified_gmt":"2026-04-15T00:30:51","slug":"disney-witch-arkadasligin-kalbi","status":"publish","type":"product","link":"https:\/\/roveyayinevi.com.tr\/index.php\/urun\/disney-witch-arkadasligin-kalbi\/","title":{"rendered":"Disney Witch Arkada\u015fl\u0131\u011f\u0131n Kalbi"},"content":{"rendered":"<p>Be\u015f arkada\u015f\u0131n sihir ve dayan\u0131\u015fma dolu ola\u011fan\u00fcst\u00fc m\u00fccadelesi yepyeni \u00e7izimleriyle seninle! Heatherfield\u2019a yeni ta\u015f\u0131nan Will orada Irma, Taranee, Cornelia ve Hay Lin ile arkada\u015f oldu. Ancak tam Will yeni bir \u015fehre ve okuluna al\u0131\u015fmaya \u00e7al\u0131\u015f\u0131rken, Kandrakar\u2019\u0131n mistik K\u00e2hinleri ona \u00e7ok \u00f6nemli bir g\u00f6rev verdiler: D\u00fcnya\u2019y\u0131 k\u00f6t\u00fcl\u00fc\u011f\u00fcn g\u00fc\u00e7lerine kar\u015f\u0131 savunmak. Eskiden beri k\u00f6t\u00fc r\u00fcyalar g\u00f6r\u00fcen Elyon ise sonunda ger\u00e7ek kimli\u011fini ke\u015ffetti ve \u015fimdi D\u00fcnya ile Metamoor aras\u0131ndaki bariyeri kald\u0131rmak istiyor. Ancak bunun sonu\u00e7lar\u0131 her iki d\u00fcnya i\u00e7in de \u00e7ok k\u00f6t\u00fc olabilir!  Will arkada\u015flar\u0131yla birlikte bir yandan sihir konusunda ustala\u015fmay\u0131 \u00f6\u011frenirken bir yandan da sevdiklerini korumak i\u00e7in sava\u015fmak zorunda\u2026<\/p>\n","protected":false},"excerpt":{"rendered":"<p>Be\u015f arkada\u015f\u0131n sihir ve dayan\u0131\u015fma dolu ola\u011fan\u00fcst\u00fc m\u00fccadelesi yepyeni \u00e7izimleriyle seninle! Heatherfield\u2019a yeni ta\u015f\u0131nan Will orada Irma, Taranee, Cornelia ve Hay Lin ile arkada\u015f oldu. Ancak<span class=\"excerpt-hellip\"> [\u2026]<\/span><\/p>\n","protected":false},"featured_media":0,"template":"","meta":{"_monsterinsights_skip_tracking":false,"_monsterinsights_sitenote_active":false,"_monsterinsights_sitenote_note":"","_monsterinsights_sitenote_category":0},"product_brand":[],"product_cat":[12689,12274],"product_tag":[],"class_list":{"0":"post-765013","1":"product","2":"type-product","3":"status-publish","5":"product_cat-cizgi-roman-cocuk-ve-genclik-kitaplari","6":"product_cat-cocuk-ve-genclik-kitaplari","7":"pa_cilt-ciltsiz","8":"pa_tur-kitap","9":"pa_yayinevi-beta-byou","10":"pa_yazar-alessandro-ferrari","12":"first","13":"instock","14":"sale","15":"shipping-taxable","16":"purchasable","17":"product-type-simple"},"_links":{"self":[{"href":"https:\/\/roveyayinevi.com.tr\/index.php\/wp-json\/wp\/v2\/product\/765013","targetHints":{"allow":["GET"]}}],"collection":[{"href":"https:\/\/roveyayinevi.com.tr\/index.php\/wp-json\/wp\/v2\/product"}],"about":[{"href":"https:\/\/roveyayinevi.com.tr\/index.php\/wp-json\/wp\/v2\/types\/product"}],"wp:attachment":[{"href":"https:\/\/roveyayinevi.com.tr\/index.php\/wp-json\/wp\/v2\/media?parent=765013"}],"wp:term":[{"taxonomy":"product_brand","embeddable":true,"href":"https:\/\/roveyayinevi.com.tr\/index.php\/wp-json\/wp\/v2\/product_brand?post=765013"},{"taxonomy":"product_cat","embeddable":true,"href":"https:\/\/roveyayinevi.com.tr\/index.php\/wp-json\/wp\/v2\/product_cat?post=765013"},{"taxonomy":"product_tag","embeddable":true,"href":"https:\/\/roveyayinevi.com.tr\/index.php\/wp-json\/wp\/v2\/product_tag?post=765013"}],"curies":[{"name":"wp","href":"https:\/\/api.w.org\/{rel}","templated":true}]}}