{"id":765001,"date":"2025-08-28T11:28:23","date_gmt":"2025-08-28T08:28:23","guid":{"rendered":"https:\/\/roveyayinevi.com.tr\/index.php\/urun\/18-yuzyilda-osmanli-kiyafet-kulturu\/"},"modified":"2025-09-29T06:20:27","modified_gmt":"2025-09-29T03:20:27","slug":"18-yuzyilda-osmanli-kiyafet-kulturu","status":"publish","type":"product","link":"https:\/\/roveyayinevi.com.tr\/index.php\/urun\/18-yuzyilda-osmanli-kiyafet-kulturu\/","title":{"rendered":"18. Y\u00fczy\u0131l\u2019da Osmanl\u0131 K\u0131yafet K\u00fclt\u00fcr\u00fc"},"content":{"rendered":"<p>Baz\u0131 eserler e\u015fsizdir, taklit edilebilirler belki, fakat ayn\u0131 vas\u0131fta bir benzerini meydana getirmek imk\u00e2ns\u0131zd\u0131r. Flaman as\u0131ll\u0131 Frans\u0131z ressam Jean-Baptiste van Mour\u2019un 18. Y\u00fczy\u0131lda (1714) yay\u0131mlanan bu kitab\u0131 da, kendi alan\u0131nda bu s\u0131fat\u0131 hak edenlerden. Bir d\u00f6neme ayna tutmak gibi, herkese k\u0131smet olmayacak bir \u015fansa sahip olan van Mour, yapt\u0131\u011f\u0131 \u00e7al\u0131\u015fmalar ile bu \u015fans\u0131 sonuna kadar ve en iyi derecede kullanmay\u0131 ba\u015farm\u0131\u015f. \u00c7izdi\u011fi harika resimler, birer resim olmalar\u0131n\u0131n yan\u0131nda, Osmanl\u0131 \u0130mparatorlu\u011fu\u2019nun bir devrini as\u0131rlar sonras\u0131na aktarma g\u00f6revini de lay\u0131k\u0131yla yerine getirmi\u015f. Kitaptaki resimlerin alt\u0131nda yer verilen a\u00e7\u0131klamalar\u0131n da T\u00fcrk\u00e7e\u2019ye \u00e7evrildi\u011fi ve bu h\u00e2liyle tam bir kaynak kitap niteli\u011fine b\u00fcr\u00fcnen Jean-Baptiste van Mour\u2019un bu harika eseri, hem Osmanl\u0131 k\u0131yafetlerine, hem de Osmanl\u0131 \u0130mparatorlu\u011fu\u2019nun 18. Y\u00fczy\u0131l\u2019daki ya\u015fam k\u00fclt\u00fcr\u00fcne ilgi duyanlar i\u00e7in ger\u00e7ek bir m\u00fccevher. Kitab\u0131n kapa\u011f\u0131nda resmi bulunan Padi\u015fah III. Ahmet D\u00f6nemi\u2019nde Osmanl\u0131 \u0130mparatorlu\u011fu\u2019nun geni\u015f co\u011frafyas\u0131nda ya\u015fayan \u00e7e\u015fitli din ve milletten insanlar\u0131n resmedildi\u011fi 102 \u00e7al\u0131\u015fman\u0131n yer ald\u0131\u011f\u0131 bu kitap, hak etti\u011fi gibi, ku\u015fe k\u00e2\u011f\u0131da yap\u0131lm\u0131\u015f \u00f6zenli bir bask\u0131yla okuyucuya sunuluyor. Yay\u0131nevimizin okuyucular\u0131 ile birlikte \u00e7\u0131kt\u0131\u011f\u0131, \u201cdo\u011fru rota ile yeni ufuklara\u201d yolculu\u011fu, bu emsalsiz eser ile devam ediyor. <\/p>\n","protected":false},"excerpt":{"rendered":"<p>Baz\u0131 eserler e\u015fsizdir, taklit edilebilirler belki, fakat ayn\u0131 vas\u0131fta bir benzerini meydana getirmek imk\u00e2ns\u0131zd\u0131r. Flaman as\u0131ll\u0131 Frans\u0131z ressam Jean-Baptiste van Mour\u2019un 18. Y\u00fczy\u0131lda (1714) yay\u0131mlanan bu<span class=\"excerpt-hellip\"> [\u2026]<\/span><\/p>\n","protected":false},"featured_media":0,"template":"","meta":{"_monsterinsights_skip_tracking":false,"_monsterinsights_sitenote_active":false,"_monsterinsights_sitenote_note":"","_monsterinsights_sitenote_category":0},"product_brand":[],"product_cat":[20039,13488],"product_tag":[],"class_list":{"0":"post-765001","1":"product","2":"type-product","3":"status-publish","5":"product_cat-kultur-tarihi","6":"product_cat-toplum-ve-insan","7":"pa_cilt-ciltsiz","8":"pa_tur-kitap","9":"pa_yayinevi-kaptan-kitap","10":"pa_yazar-jean-baptiste-van-mour","12":"first","13":"instock","14":"sale","15":"shipping-taxable","16":"purchasable","17":"product-type-simple"},"_links":{"self":[{"href":"https:\/\/roveyayinevi.com.tr\/index.php\/wp-json\/wp\/v2\/product\/765001","targetHints":{"allow":["GET"]}}],"collection":[{"href":"https:\/\/roveyayinevi.com.tr\/index.php\/wp-json\/wp\/v2\/product"}],"about":[{"href":"https:\/\/roveyayinevi.com.tr\/index.php\/wp-json\/wp\/v2\/types\/product"}],"wp:attachment":[{"href":"https:\/\/roveyayinevi.com.tr\/index.php\/wp-json\/wp\/v2\/media?parent=765001"}],"wp:term":[{"taxonomy":"product_brand","embeddable":true,"href":"https:\/\/roveyayinevi.com.tr\/index.php\/wp-json\/wp\/v2\/product_brand?post=765001"},{"taxonomy":"product_cat","embeddable":true,"href":"https:\/\/roveyayinevi.com.tr\/index.php\/wp-json\/wp\/v2\/product_cat?post=765001"},{"taxonomy":"product_tag","embeddable":true,"href":"https:\/\/roveyayinevi.com.tr\/index.php\/wp-json\/wp\/v2\/product_tag?post=765001"}],"curies":[{"name":"wp","href":"https:\/\/api.w.org\/{rel}","templated":true}]}}